000
CDUS43 KLSX 220745
CLIUIN


CLIMATE REPORT
NATIONAL WEATHER SERVICE ST LOUIS MO
245 AM CDT WED APR 22 2015


...................................

...THE QUINCY IL CLIMATE SUMMARY FOR APRIL 21 2015...

CLIMATE NORMAL PERIOD 1981 TO 2010
CLIMATE RECORD PERIOD 1901 TO 2015


WEATHER ITEM   OBSERVED TIME   RECORD YEAR NORMAL DEPARTURE LAST
                VALUE   (LST)  VALUE       VALUE  FROM      YEAR
                                                  NORMAL
..................................................................
TEMPERATURE (F)
 YESTERDAY
  MAXIMUM         64    429 PM  90    1902  65     -1       70
  MINIMUM         38    557 AM  26    1904  45     -7       55
  AVERAGE         51                        55     -4

PRECIPITATION (IN)
  YESTERDAY        T             2.86 1973   0.12  -0.12      T
  MONTH TO DATE    0.86                      2.49  -1.63     1.90
  SINCE MAR 1      1.81                      4.95  -3.14     2.58
  SINCE JAN 1      3.85                      8.35  -4.50     4.70

DEGREE DAYS
 HEATING
  YESTERDAY       14                        11      3
  MONTH TO DATE  161                       289   -128
  SINCE MAR 1    873                      1007   -134
  SINCE JUL 1   5539                      5349    190

 COOLING
  YESTERDAY        0                         1     -1
  MONTH TO DATE    6                         8     -2
  SINCE MAR 1      6                        10     -4
  SINCE JAN 1      6                        10     -4
..................................................................


WIND (MPH)
  HIGHEST WIND SPEED    28   HIGHEST WIND DIRECTION    NW (300)
  HIGHEST GUST SPEED    39   HIGHEST GUST DIRECTION    NW (300)
  AVERAGE WIND SPEED    13.6


SKY COVER
  AVERAGE SKY COVER 0.3



RELATIVE HUMIDITY (PERCENT)
 HIGHEST    76           600 AM
 LOWEST     16           300 PM
 AVERAGE    46

..........................................................


THE QUINCY IL CLIMATE NORMALS FOR TODAY
                         NORMAL    RECORD    YEAR
 MAXIMUM TEMPERATURE (F)   66        89      1925
 MINIMUM TEMPERATURE (F)   45        27      1986


SUNRISE AND SUNSET
APRIL 22 2015.........SUNRISE   617 AM CDT   SUNSET   750 PM CDT
APRIL 23 2015.........SUNRISE   616 AM CDT   SUNSET   751 PM CDT


-  INDICATES NEGATIVE NUMBERS.
R  INDICATES RECORD WAS SET OR TIED.
MM INDICATES DATA IS MISSING.
T  INDICATES TRACE AMOUNT.




$$
