000
CDUS43 KLSX 302131
CLIUIN


CLIMATE REPORT
NATIONAL WEATHER SERVICE ST LOUIS MO
430 PM CDT THU APR 30 2015


...................................

...THE QUINCY IL CLIMATE SUMMARY FOR APRIL 30 2015...
VALID TODAY AS OF 0400 PM LOCAL TIME.

CLIMATE NORMAL PERIOD 1981 TO 2010
CLIMATE RECORD PERIOD 1901 TO 2015


WEATHER ITEM   OBSERVED TIME   RECORD YEAR NORMAL DEPARTURE LAST
                VALUE   (LST)  VALUE       VALUE  FROM      YEAR
                                                  NORMAL
..................................................................
TEMPERATURE (F)
 TODAY
  MAXIMUM         67    324 PM  90    1936  68     -1       53
  MINIMUM         43    515 AM  30    1908  48     -5       41
  AVERAGE         55                        58     -3       47

PRECIPITATION (IN)
  TODAY            0.00          1.92 1942   0.13  -0.13     0.02
  MONTH TO DATE    1.70                      3.69  -1.99     3.45
  SINCE MAR 1      2.65                      6.15  -3.50     4.13
  SINCE JAN 1      4.69                      9.55  -4.86     6.25

DEGREE DAYS
 HEATING
  TODAY           10                         8      2
  MONTH TO DATE  276                       370    -94
  SINCE MAR 1    988                      1088   -100
  SINCE JUL 1   5654                      5430    224

 COOLING
  TODAY            0                         1     -1
  MONTH TO DATE    6                        16    -10
  SINCE MAR 1      6                        18    -12
  SINCE JAN 1      6                        18    -12
..................................................................


WIND (MPH)
  HIGHEST WIND SPEED    22   HIGHEST WIND DIRECTION     N (10)
  HIGHEST GUST SPEED    27   HIGHEST GUST DIRECTION     N (10)
  AVERAGE WIND SPEED     9.7


SKY COVER
  AVERAGE SKY COVER 0.0



RELATIVE HUMIDITY (PERCENT)
 HIGHEST    83           400 AM
 LOWEST     29           100 PM
 AVERAGE    56

..........................................................


THE QUINCY IL CLIMATE NORMALS FOR TOMORROW
                         NORMAL    RECORD    YEAR
 MAXIMUM TEMPERATURE (F)   68        88      1901
 MINIMUM TEMPERATURE (F)   48        29      1907


SUNRISE AND SUNSET
APRIL 30 2015.........SUNRISE   606 AM CDT   SUNSET   758 PM CDT
MAY  1 2015...........SUNRISE   605 AM CDT   SUNSET   759 PM CDT


-  INDICATES NEGATIVE NUMBERS.
R  INDICATES RECORD WAS SET OR TIED.
MM INDICATES DATA IS MISSING.
T  INDICATES TRACE AMOUNT.




$$
