000
CDUS43 KLSX 182151
CLIUIN


CLIMATE REPORT
NATIONAL WEATHER SERVICE ST LOUIS MO
450 PM CDT SAT APR 18 2015


...................................

...THE QUINCY IL CLIMATE SUMMARY FOR APRIL 18 2015...
VALID TODAY AS OF 0400 PM LOCAL TIME.

CLIMATE NORMAL PERIOD 1981 TO 2010
CLIMATE RECORD PERIOD 1901 TO 2015


WEATHER ITEM   OBSERVED TIME   RECORD YEAR NORMAL DEPARTURE LAST
                VALUE   (LST)  VALUE       VALUE  FROM      YEAR
                                                  NORMAL
..................................................................
TEMPERATURE (F)
 TODAY
  MAXIMUM         79    257 PM  88    1948  64     15       67
                                      1925
  MINIMUM         58    521 AM  24    1983  44     14       36
  AVERAGE         69                        54     15       52

PRECIPITATION (IN)
  TODAY            0.00          2.73 1970   0.13  -0.13     0.00
  MONTH TO DATE    0.62                      2.11  -1.49     1.90
  SINCE MAR 1      1.57                      4.57  -3.00     2.58
  SINCE JAN 1      3.61                      7.97  -4.36     4.70

DEGREE DAYS
 HEATING
  TODAY            0                        12    -12
  MONTH TO DATE  126                       256   -130
  SINCE MAR 1    838                       974   -136
  SINCE JUL 1   5504                      5316    188

 COOLING
  TODAY            4                         1      3
  MONTH TO DATE    6                         5      1
  SINCE MAR 1      6                         7     -1
  SINCE JAN 1      6                         7     -1
..................................................................


WIND (MPH)
  HIGHEST WIND SPEED    21   HIGHEST WIND DIRECTION    SE (120)
  HIGHEST GUST SPEED    25   HIGHEST GUST DIRECTION    SE (130)
  AVERAGE WIND SPEED     9.5


SKY COVER
  AVERAGE SKY COVER 0.0



RELATIVE HUMIDITY (PERCENT)
 HIGHEST    80           400 AM
 LOWEST     42           100 PM
 AVERAGE    61

..........................................................


THE QUINCY IL CLIMATE NORMALS FOR TOMORROW
                         NORMAL    RECORD    YEAR
 MAXIMUM TEMPERATURE (F)   65        85      1925
 MINIMUM TEMPERATURE (F)   44        26      1983


SUNRISE AND SUNSET
APRIL 18 2015.........SUNRISE   623 AM CDT   SUNSET   746 PM CDT
APRIL 19 2015.........SUNRISE   621 AM CDT   SUNSET   747 PM CDT


-  INDICATES NEGATIVE NUMBERS.
R  INDICATES RECORD WAS SET OR TIED.
MM INDICATES DATA IS MISSING.
T  INDICATES TRACE AMOUNT.




$$
