000
CDUS43 KLSX 272141
CLIUIN


CLIMATE REPORT
NATIONAL WEATHER SERVICE ST LOUIS MO
439 PM CDT MON APR 27 2015


...................................

...THE QUINCY IL CLIMATE SUMMARY FOR APRIL 27 2015...
VALID TODAY AS OF 0400 PM LOCAL TIME.

CLIMATE NORMAL PERIOD 1981 TO 2010
CLIMATE RECORD PERIOD 1901 TO 2015


WEATHER ITEM   OBSERVED TIME   RECORD YEAR NORMAL DEPARTURE LAST
                VALUE   (LST)  VALUE       VALUE  FROM      YEAR
                                                  NORMAL
..................................................................
TEMPERATURE (F)
 TODAY
  MAXIMUM         65    237 PM  90    1914  67     -2       79
  MINIMUM         37    511 AM  32    1967  47    -10       51
  AVERAGE         51                        57     -6       65

PRECIPITATION (IN)
  TODAY            0.00          2.05 1917   0.13  -0.13     0.65
  MONTH TO DATE    1.70                      3.30  -1.60     2.95
  SINCE MAR 1      2.65                      5.76  -3.11     3.63
  SINCE JAN 1      4.69                      9.16  -4.47     5.75

DEGREE DAYS
 HEATING
  TODAY           14                         9      5
  MONTH TO DATE  252                       346    -94
  SINCE MAR 1    964                      1064   -100
  SINCE JUL 1   5630                      5406    224

 COOLING
  TODAY            0                         1     -1
  MONTH TO DATE    6                        14     -8
  SINCE MAR 1      6                        16    -10
  SINCE JAN 1      6                        16    -10
..................................................................


WIND (MPH)
  HIGHEST WIND SPEED    18   HIGHEST WIND DIRECTION    NE (40)
  HIGHEST GUST SPEED    23   HIGHEST GUST DIRECTION    NE (40)
  AVERAGE WIND SPEED     7.0


SKY COVER
  AVERAGE SKY COVER 0.0



RELATIVE HUMIDITY (PERCENT)
 HIGHEST    82           400 AM
 LOWEST     37           200 PM
 AVERAGE    60

..........................................................


THE QUINCY IL CLIMATE NORMALS FOR TOMORROW
                         NORMAL    RECORD    YEAR
 MAXIMUM TEMPERATURE (F)   68        88      1970
 MINIMUM TEMPERATURE (F)   47        34      1928


SUNRISE AND SUNSET
APRIL 27 2015.........SUNRISE   610 AM CDT   SUNSET   755 PM CDT
APRIL 28 2015.........SUNRISE   609 AM CDT   SUNSET   756 PM CDT


-  INDICATES NEGATIVE NUMBERS.
R  INDICATES RECORD WAS SET OR TIED.
MM INDICATES DATA IS MISSING.
T  INDICATES TRACE AMOUNT.




$$
