000
CDUS43 KLSX 170745
CLIUIN


CLIMATE REPORT
NATIONAL WEATHER SERVICE ST LOUIS MO
245 AM CDT FRI APR 17 2015


...................................

...THE QUINCY IL CLIMATE SUMMARY FOR APRIL 16 2015...

CLIMATE NORMAL PERIOD 1981 TO 2010
CLIMATE RECORD PERIOD 1901 TO 2015


WEATHER ITEM   OBSERVED TIME   RECORD YEAR NORMAL DEPARTURE LAST
                VALUE   (LST)  VALUE       VALUE  FROM      YEAR
                                                  NORMAL
..................................................................
TEMPERATURE (F)
 YESTERDAY
  MAXIMUM         75    353 PM  87    2002  64     11       58
                                      1963
  MINIMUM         50    512 AM  26    1905  43      7       35
                                      1904
  AVERAGE         63                        54      9

PRECIPITATION (IN)
  YESTERDAY        0.00          1.56 1921   0.13  -0.13     0.00
  MONTH TO DATE    0.62                      1.86  -1.24     1.90
  SINCE MAR 1      1.57                      4.32  -2.75     2.58
  SINCE JAN 1      3.61                      7.72  -4.11     4.70

DEGREE DAYS
 HEATING
  YESTERDAY        2                        12    -10
  MONTH TO DATE  126                       232   -106
  SINCE MAR 1    838                       950   -112
  SINCE JUL 1   5504                      5292    212

 COOLING
  YESTERDAY        0                         1     -1
  MONTH TO DATE    1                         3     -2
  SINCE MAR 1      1                         5     -4
  SINCE JAN 1      1                         5     -4
..................................................................


WIND (MPH)
  HIGHEST WIND SPEED     8   HIGHEST WIND DIRECTION    SW (230)
  HIGHEST GUST SPEED    10   HIGHEST GUST DIRECTION    NE (50)
  AVERAGE WIND SPEED     2.3


SKY COVER
  AVERAGE SKY COVER 0.6



RELATIVE HUMIDITY (PERCENT)
 HIGHEST    83           600 AM
 LOWEST     46           200 PM
 AVERAGE    65

..........................................................


THE QUINCY IL CLIMATE NORMALS FOR TODAY
                         NORMAL    RECORD    YEAR
 MAXIMUM TEMPERATURE (F)   64        87      1914
 MINIMUM TEMPERATURE (F)   44        22      1907


SUNRISE AND SUNSET
APRIL 17 2015.........SUNRISE   624 AM CDT   SUNSET   745 PM CDT
APRIL 18 2015.........SUNRISE   623 AM CDT   SUNSET   746 PM CDT


-  INDICATES NEGATIVE NUMBERS.
R  INDICATES RECORD WAS SET OR TIED.
MM INDICATES DATA IS MISSING.
T  INDICATES TRACE AMOUNT.




$$
