000
CDUS43 KLSX 050727
CLIUIN


CLIMATE REPORT
NATIONAL WEATHER SERVICE ST LOUIS MO
225 AM CDT TUE MAY 5 2015


...................................

...THE QUINCY IL CLIMATE SUMMARY FOR MAY 4 2015...

CLIMATE NORMAL PERIOD 1981 TO 2010
CLIMATE RECORD PERIOD 1901 TO 2015


WEATHER ITEM   OBSERVED TIME   RECORD YEAR NORMAL DEPARTURE LAST
                VALUE   (LST)  VALUE       VALUE  FROM      YEAR
                                                  NORMAL
..................................................................
TEMPERATURE (F)
 YESTERDAY
  MAXIMUM         81    323 PM  89    1959  69     12       72
  MINIMUM         64    610 AM  26    1907  49     15       46
  AVERAGE         73                        59     14

PRECIPITATION (IN)
  YESTERDAY        0.01          1.26 1991   0.14  -0.13     0.00
  MONTH TO DATE    0.06                      0.53  -0.47      T
  SINCE MAR 1      2.71                      6.68  -3.97     4.13
  SINCE JAN 1      4.75                     10.08  -5.33     6.25

DEGREE DAYS
 HEATING
  YESTERDAY        0                         7     -7
  MONTH TO DATE   10                        29    -19
  SINCE MAR 1    998                      1117   -119
  SINCE JUL 1   5664                      5459    205

 COOLING
  YESTERDAY        8                         1      7
  MONTH TO DATE   14                         4     10
  SINCE MAR 1     20                        22     -2
  SINCE JAN 1     20                        22     -2
..................................................................


WIND (MPH)
  HIGHEST WIND SPEED    20   HIGHEST WIND DIRECTION    SW (220)
  HIGHEST GUST SPEED    25   HIGHEST GUST DIRECTION    SW (220)
  AVERAGE WIND SPEED     8.5


SKY COVER
  AVERAGE SKY COVER 0.4



RELATIVE HUMIDITY (PERCENT)
 HIGHEST    87          1100 PM
 LOWEST     49           200 PM
 AVERAGE    68

..........................................................


THE QUINCY IL CLIMATE NORMALS FOR TODAY
                         NORMAL    RECORD    YEAR
 MAXIMUM TEMPERATURE (F)   70        92      1943
 MINIMUM TEMPERATURE (F)   50        33      1954


SUNRISE AND SUNSET
MAY  5 2015...........SUNRISE   600 AM CDT   SUNSET   803 PM CDT
MAY  6 2015...........SUNRISE   559 AM CDT   SUNSET   804 PM CDT


-  INDICATES NEGATIVE NUMBERS.
R  INDICATES RECORD WAS SET OR TIED.
MM INDICATES DATA IS MISSING.
T  INDICATES TRACE AMOUNT.




$$
