000
CXUS53 KLSX 011710
CLMUIN

CLIMATE REPORT
NATIONAL WEATHER SERVICE ST LOUIS MO
1125 AM CDT FRI MAY 1 2015

...................................

...THE QUINCY IL CLIMATE SUMMARY FOR THE MONTH OF APRIL 2015...

CLIMATE NORMAL PERIOD 1981 TO 2010
CLIMATE RECORD PERIOD 1901 TO 2015

WEATHER         OBSERVED          NORMAL  DEPART  LAST YEAR`S
                 VALUE   DATE(S)  VALUE   FROM    VALUE
                                          NORMAL
.............................................................
TEMPERATURE (F)
RECORD
 HIGH              92   04/25/1986
                        04/10/1930
 LOW               15   04/05/1929
HIGHEST            81   04/09                         82
LOWEST             25   04/04                         25
AVG. MAXIMUM     67.7              63.4     4.3     64.3
AVG. MINIMUM     43.9              43.0     0.9     42.1
MEAN             55.8              53.2     2.6     53.2
DAYS MAX >= 90      0               0.0     0.0        0
DAYS MAX <= 32      0               0.0     0.0        0
DAYS MIN <= 32      3               3.4    -0.4        4
DAYS MIN <= 0       0               0.0     0.0        0

PRECIPITATION (INCHES)
RECORD
 MAXIMUM         7.97   1944
 MINIMUM         0.79   1930
TOTALS           1.70              3.69   -1.99     3.45
DAILY AVG.       0.06              0.12   -0.06     0.12
DAYS >= .01        10              11.1    -1.1       11
DAYS >= .10         5               7.1    -2.1        6
DAYS >= .50         1               2.7    -1.7        2
DAYS >= 1.00        0               0.8    -0.8        1
GREATEST
 24 HR. TOTAL    0.84   04/24 TO 04/25

DEGREE_DAYS
HEATING TOTAL     276               370     -94      351
 SINCE 7/1       5654              5430     224     6123
COOLING TOTAL       6                16     -10        4
 SINCE 1/1          6                18     -12        4
..............................................................

WIND (MPH)
HIGHEST WIND SPEED/DIRECTION    35/280    DATE  04/09
HIGHEST GUST SPEED/DIRECTION    46/250    DATE  04/09

SKY COVER
POSSIBLE SUNSHINE (PERCENT)   MM
AVERAGE SKY COVER           0.40
NUMBER OF DAYS FAIR           16
NUMBER OF DAYS PC             10
NUMBER OF DAYS CLOUDY          4


WEATHER CONDITIONS. NUMBER OF DAYS WITH
THUNDERSTORM              6     MIXED PRECIP               0
HEAVY RAIN                4     RAIN                       4
LIGHT RAIN               12     FREEZING RAIN              0
LT FREEZING RAIN          0     HEAVY SNOW                 0
SNOW                      0     LIGHT SNOW                 0
SLEET                     0     FOG                       12
FOG W/VIS <= 1/4 MILE     2     HAZE                       8

-  INDICATES NEGATIVE NUMBERS.
R  INDICATES RECORD WAS SET OR TIED.
MM INDICATES DATA IS MISSING.
T  INDICATES TRACE AMOUNT.

..............................................................

...MONTHLY...

13TH DRIEST


$$
