000
CXUS55 KABR 251400
CF6ABR
PRELIMINARY LOCAL CLIMATOLOGICAL DATA (WS FORM: F-6)

                                          STATION:   ABERDEEN SD
                                          MONTH:     APRIL
                                          YEAR:      2015
                                          LATITUDE:   45 27 N
                                          LONGITUDE:  98 26 W

  TEMPERATURE IN F:       :PCPN:    SNOW:  WIND      :SUNSHINE: SKY     :PK WND
================================================================================
1   2   3   4   5  6A  6B    7    8   9   10  11  12  13   14  15   16   17  18
                                     12Z  AVG MX 2MIN
DY MAX MIN AVG DEP HDD CDD  WTR  SNW DPTH SPD SPD DIR MIN PSBL S-S WX    SPD DR
================================================================================

 1  72  46  59  22   6   0 0.00  0.0    0 17.1 32 320   M    M   0        42 310
 2  55  27  41   3  24   0 0.00  0.0    0 19.5 36 290   M    M   3 8      46 290
 3  55  16  36  -2  29   0 0.00  0.0    0  8.4 23 290   M    M   2 8      31 290
 4  63  19  41   2  24   0 0.00  0.0    0  7.2 22  60   M    M   1        27  70
 5  56  28  42   3  23   0 0.00  0.0    0 16.5 28  80   M    M   1        33  80
 6  48  34  41   1  24   0 0.00  0.0    0 18.4 26  50   M    M   9 1      34  50
 7  40  34  37  -3  28   0 0.00  0.0    0  7.3 16  80   M    M  10 1      20  80
 8  47  36  42   1  23   0 0.00  0.0    0  9.7 21  30   M    M  10 18     25  30
 9  62  37  50   9  15   0 0.00  0.0    0 18.4 32 340   M    M   6        43 340
10  61  28  45   3  20   0 0.00  0.0    0  8.5 17 330   M    M   0        21 330
11  81  26  54  12  11   0 0.00  0.0    0 18.4 35 200   M    M   0        41 200
12  71  35  53  10  12   0 0.00  0.0    0 17.3 31 320   M    M   1        39 310
13  66  32  49   6  16   0 0.00  0.0    0 13.5 29 300   M    M   0 8      38 300
14  81  26  54  10  11   0 0.00  0.0    0 16.0 35 180   M    M   0        45 190
15  76  48  62  18   3   0 0.00  0.0    0 20.5 36 160   M    M   3        44 160
16  74  44  59  14   6   0 0.00  0.0    0  7.7 21  10   M    M   4        26 350
17  76  35  56  11   9   0 0.00  0.0    0  6.2 16 330   M    M   0 8      19  20
18  75  40  58  12   7   0 0.14  0.0    0  8.9 18 210   M    M   7 1      23 200
19  58  43  51   5  14   0 0.21  0.0    0 20.7 33 340   M    M   9 1      41 340
20  53  26  40  -7  25   0    T  0.0    0 19.7 37 340   M    M   5        45 350
21  49  26  38  -9  27   0 0.00  0.0    0 17.2 31 350   M    M   5        42 360
22  56  15  36 -12  29   0 0.00  0.0    0  8.2 21 340   M    M   0        25 360
23  65  17  41  -7  24   0 0.00  0.0    0 10.1 22 100   M    M   3 3      28 110
24  71  42  57   9   8   0 0.16  0.0    0 11.6 24  70   M    M   5 3      28  70
================================================================================
SM 1511  760       418   0  0.51     0.0 327.0          M       84
================================================================================
AV 63.0 31.7                              13.6 FASTST   M    M   4    MAX(MPH)
                                 MISC ---->  # 37 340               # 46  290
================================================================================
NOTES:
# LAST OF SEVERAL OCCURRENCES

COLUMN 17 PEAK WIND IN M.P.H.

PRELIMINARY LOCAL CLIMATOLOGICAL DATA (WS FORM: F-6) , PAGE 2

                                          STATION:  ABERDEEN SD
                                          MONTH:    APRIL
                                          YEAR:     2015
                                          LATITUDE:   45 27 N
                                          LONGITUDE:  98 26 W

[TEMPERATURE DATA]      [PRECIPITATION DATA]       SYMBOLS USED IN COLUMN 16

AVERAGE MONTHLY: 47.3   TOTAL FOR MONTH:   0.51    1 = FOG OR MIST
DPTR FM NORMAL:   4.4   DPTR FM NORMAL:   -0.83    2 = FOG REDUCING VISIBILITY
HIGHEST:    81 ON 14,11 GRTST 24HR  0.35 ON 18-19      TO 1/4 MILE OR LESS
LOWEST:     15 ON 22                               3 = THUNDER
                        SNOW, ICE PELLETS, HAIL    4 = ICE PELLETS
                        TOTAL MONTH:   0.0 INCH    5 = HAIL
                        GRTST 24HR     0.0         6 = FREEZING RAIN OR DRIZZLE
                        GRTST DEPTH:   0           7 = DUSTSTORM OR SANDSTORM:
                                                       VSBY 1/2 MILE OR LESS
                                                   8 = SMOKE OR HAZE
[NO. OF DAYS WITH]      [WEATHER - DAYS WITH]      9 = BLOWING SNOW
                                                   X = TORNADO
MAX 32 OR BELOW:   0    0.01 INCH OR MORE:   3
MAX 90 OR ABOVE:   0    0.10 INCH OR MORE:   3
MIN 32 OR BELOW:  12    0.50 INCH OR MORE:   0
MIN  0 OR BELOW:   0    1.00 INCH OR MORE:   0

[HDD (BASE 65) ]
TOTAL THIS MO.   418    CLEAR  (SCALE 0-3)  14
DPTR FM NORMAL  -112    PTCLDY (SCALE 4-7)   6
TOTAL FM JUL 1  7611    CLOUDY (SCALE 8-10)  4
DPTR FM NORMAL  -470

[CDD (BASE 65) ]
TOTAL THIS MO.     0
DPTR FM NORMAL     0    [PRESSURE DATA]
TOTAL FM JAN 1     0    HIGHEST SLP M ON M
DPTR FM NORMAL     0    LOWEST  SLP 29.40 ON  1

[REMARKS]
