000
CXAK56 PAJK 020121
CF6AJN
PRELIMINARY LOCAL CLIMATOLOGICAL DATA (WS FORM: F-6)

                                          STATION:   JUNEAU
                                          MONTH:     MARCH
                                          YEAR:      2015
                                          LATITUDE:   58 22 N
                                          LONGITUDE: 134 35 W

  TEMPERATURE IN F:       :PCPN:    SNOW:  WIND      :SUNSHINE: SKY     :PK WND
================================================================================
1   2   3   4   5  6A  6B    7    8   9   10  11  12  13   14  15   16   17  18
                                     12Z  AVG MX 2MIN
DY MAX MIN AVG DEP HDD CDD  WTR  SNW DPTH SPD SPD DIR MIN PSBL S-S WX    SPD DR
================================================================================

 1  45  26  36   5  29   0 0.01    T    0  4.4 12 240   M    M   5 1      14  50
 2  43  22  33   1  32   0 0.00  0.0    0  2.1 10 250   M    M   6        12 240
 3  44  29  37   5  28   0    T  0.0    0  6.7 17 120   M    M  10        20 100
 4  39  38  39   7  26   0 0.06  0.0    0 13.7 21 120   M    M  10        25 120
 5  39  34  37   5  28   0 0.70    T    0  3.7 16 100   M    M   9 1      20  80
 6  44  35  40   8  25   0 0.03  0.0    0  7.5 14 110   M    M  10 1      16 120
 7  43  38  41   9  24   0 0.21  0.0    0 10.5 20 120   M    M  10 1      24 120
 8  44  34  39   7  26   0 0.31    T    0  7.0 21 260   M    M  10 1      24 270
 9  38  33  36   4  29   0 0.04  0.2    T  9.2 21 240   M    M   6 1      26 210
10  34  23  29  -4  36   0 0.05  0.4    T  6.4 16 280   M    M   8 1      19 290
11  28  20  24  -9  41   0 0.50  7.3    0  5.0 10 260   M    M   8 1      12 290
12  44  25  35   2  30   0 0.59  0.4    6 12.5 32 120   M    M  10 146    43 110
13  47  29  38   5  27   0 0.40  0.1    0  9.8 29 120   M    M  10 14     39 220
14  36  24  30  -3  35   0 0.09  1.5    0  5.0 18 280   M    M   8 1      19 270
15  39  28  34   1  31   0    T    T    1  6.7 16 110   M    M   8        19 100
16  43  25  34   0  31   0 0.00  0.0    0  2.0  9 240   M    M   6        11 230
17  42  28  35   1  30   0    T  0.0    0  3.0 15 100   M    M   9        19 110
18  43  36  40   6  25   0 0.03  0.0    0  3.6 12 240   M    M  10        14 120
19  48  29  39   5  26   0 0.06  0.0    0  3.5 14 100   M    M   6 1      16 100
20  49  29  39   5  26   0 0.10  0.0    0  8.1 22 120   M    M   8 1      33  80
21  43  36  40   5  25   0 0.42  0.0    0 14.5 31 120   M    M  10 1      38 120
22  46  29  38   3  27   0 0.02  0.0    0  2.3 12 240   M    M   6 12     14 210
23  48  27  38   3  27   0 0.00  0.0    0  2.2 10 250   M    M   1 12     14 210
24  47  27  37   2  28   0 0.00  0.0    0  2.5 10 250   M    M   2        18 210
25  50  26  38   2  27   0    T  0.0    0  4.8 22  70   M    M   7        28  70
26  47  38  43   7  22   0 0.27  0.0    0 11.3 23 120   M    M  10 1      29 110
27  44  38  41   5  24   0 0.27  0.0    0  6.0 15 110   M    M   9 1      18  90
28  47  33  40   4  25   0 0.04  0.0    0  8.1 21  80   M    M   9        27  80
29  45  41  43   7  22   0 0.10  0.0    0 13.5 23 120   M    M  10 1      28 120
30  52  35  44   7  21   0 0.02  0.0    0  7.6 22 120   M    M   9        29 120
31  44  38  41   4  24   0 0.20  0.0    0 14.1 28 130   M    M  10 1      34 130
================================================================================
SM 1345  953       857   0  4.52     9.9 217.3          M      250
================================================================================
AV 43.4 30.7                               7.0 FASTST   M    M   8    MAX(MPH)
                                 MISC ---->  # 32 120               # 43  110
================================================================================
NOTES:
# LAST OF SEVERAL OCCURRENCES

COLUMN 17 PEAK WIND IN M.P.H.

PRELIMINARY LOCAL CLIMATOLOGICAL DATA (WS FORM: F-6) , PAGE 2

                                          STATION:  JUNEAU
                                          MONTH:    MARCH
                                          YEAR:     2015
                                          LATITUDE:   58 22 N
                                          LONGITUDE: 134 35 W

[TEMPERATURE DATA]      [PRECIPITATION DATA]       SYMBOLS USED IN COLUMN 16

AVERAGE MONTHLY: 37.1   TOTAL FOR MONTH:   4.52    1 = FOG OR MIST
DPTR FM NORMAL:   3.3   DPTR FM NORMAL:    0.74    2 = FOG REDUCING VISIBILITY
HIGHEST:    52 ON 30    GRTST 24HR  0.70 ON  5- 5      TO 1/4 MILE OR LESS
LOWEST:     20 ON 11                               3 = THUNDER
                        SNOW, ICE PELLETS, HAIL    4 = ICE PELLETS
                        TOTAL MONTH:   9.9 INCHES  5 = HAIL
                        GRTST 24HR   7.3 ON   M    6 = FREEZING RAIN OR DRIZZLE
                        GRTST DEPTH:   6 ON 12     7 = DUSTSTORM OR SANDSTORM:
                                                       VSBY 1/2 MILE OR LESS
                                                   8 = SMOKE OR HAZE
[NO. OF DAYS WITH]      [WEATHER - DAYS WITH]      9 = BLOWING SNOW
                                                   X = TORNADO
MAX 32 OR BELOW:   1    0.01 INCH OR MORE:  23
MAX 90 OR ABOVE:   0    0.10 INCH OR MORE:  12
MIN 32 OR BELOW:  17    0.50 INCH OR MORE:   3
MIN  0 OR BELOW:   0    1.00 INCH OR MORE:   0

[HDD (BASE 65) ]
TOTAL THIS MO.   857    CLEAR  (SCALE 0-3)   2
DPTR FM NORMAL  -110    PTCLDY (SCALE 4-7)  10
TOTAL FM JUL 1  6078    CLOUDY (SCALE 8-10) 19
DPTR FM NORMAL  -726

[CDD (BASE 65) ]
TOTAL THIS MO.     0
DPTR FM NORMAL     0    [PRESSURE DATA]
TOTAL FM JAN 1     0    HIGHEST SLP 30.50 ON  2
DPTR FM NORMAL     0    LOWEST  SLP 29.28 ON 13

[REMARKS]
#FINAL-03-15#
