000
CXUS55 KBOU 271312
CF6AKO
PRELIMINARY LOCAL CLIMATOLOGICAL DATA (WS FORM: F-6)

                                          STATION:   AKRON CO
                                          MONTH:     APRIL
                                          YEAR:      2015
                                          LATITUDE:   40 10 N
                                          LONGITUDE: 103 13 W

  TEMPERATURE IN F:       :PCPN:    SNOW:  WIND      :SUNSHINE: SKY     :PK WND
================================================================================
1   2   3   4   5  6A  6B    7    8   9   10  11  12  13   14  15   16   17  18
                                     12Z  AVG MX 2MIN
DY MAX MIN AVG DEP HDD CDD  WTR  SNW DPTH SPD SPD DIR MIN PSBL S-S WX    SPD DR
================================================================================

 1  76  36  56  13   9   0 0.09    M    M 13.1 35  10   M    M   3 1      44  10
 2  44  29  37  -6  28   0 0.06    M    M 10.6 26  30   M    M   8 12     34  30
 3  46  25  36  -7  29   0    T    M    M  6.1 10 190   M    M   4 1      20 280
 4  62  31  47   3  18   0 0.00    M    M 11.1 21 190   M    M   0        27 180
 5  74  34  54  10  11   0 0.00    M    M 12.4 24 180   M    M   0        32 190
 6  70  39  55  11  10   0 0.00    M    M 14.1 28 120   M    M   1 12     34 120
 7  62  40  51   7  14   0    T    M    M 12.3 26 110   M    M   6 12     33 110
 8  60  38  49   4  16   0 0.22    M    M 16.5 31  30   M    M   8 12     37 110
 9  44  32  38  -7  27   0 0.11    M    M 16.8 35 340   M    M   7 1      40 340
10  64  34  49   4  16   0 0.00    M    M 10.8 18 190   M    M   2        25 140
11  73  36  55  10  10   0 0.00    M    M 10.9 21 190   M    M   0        28 190
12  71  37  54   8  11   0 0.00    M    M 15.3 35  10   M    M   1        41 290
13  66  31  49   3  16   0 0.00    M    M 13.8 23 160   M    M   0        30 160
14  72  41  57  11   8   0 0.00    M    M 24.1 33 150   M    M   0        44 150
15  75  37  56   9   9   0 0.00    M    M 24.3 41 340   M    M   2        49 350
16  47  35  41  -6  24   0 0.12    M    M 14.8 30 350   M    M  10 12     37 360
17  56  41  49   2  16   0 0.25    M    M 12.7 26 350   M    M   8 123    32 360
18  50  35  43  -5  22   0 0.01    M    M 11.2 24 340   M    M   9 123    31 340
19  50  29  40  -8  25   0 0.04    M    M 22.7 37  10   M    M   6        47  10
20  57  29  43  -5  22   0 0.00    M    M 10.4 25 310   M    M   6        36 300
21  68  32  50   1  15   0 0.00    M    M 11.9 26 330   M    M   2        33 330
22  67  34  51   2  14   0    T    M    M 16.2 26 180   M    M   1 3      33 180
23  74  42  58   9   7   0 0.00    M    M  9.6 26 190   M    M   2 3      33 200
24  70  40  55   5  10   0 0.01    M    M  8.3 20 320   M    M   5 123    23 320
25  71  38  55   5  10   0 0.16    M    M 12.3 28 330   M    M   5 13     36 320
26  45  40  43  -7  22   0 0.12    M    M 14.4 25  80   M    M   9 123    35  80
================================================================================
SM 1614  915       419   0  1.19    M    356.7          M      105
================================================================================
AV 62.1 35.2                              13.7 FASTST   M    M   4    MAX(MPH)
                                 MISC ---->  # 41 340               # 49  350
================================================================================
NOTES:
# LAST OF SEVERAL OCCURRENCES

COLUMN 17 PEAK WIND IN M.P.H.

PRELIMINARY LOCAL CLIMATOLOGICAL DATA (WS FORM: F-6) , PAGE 2

                                          STATION:  AKRON CO
                                          MONTH:    APRIL
                                          YEAR:     2015
                                          LATITUDE:   40 10 N
                                          LONGITUDE: 103 13 W

[TEMPERATURE DATA]      [PRECIPITATION DATA]       SYMBOLS USED IN COLUMN 16

AVERAGE MONTHLY: 48.6   TOTAL FOR MONTH:   1.19    1 = FOG OR MIST
DPTR FM NORMAL:   2.3   DPTR FM NORMAL:   -0.17    2 = FOG REDUCING VISIBILITY
HIGHEST:    76 ON  1    GRTST 24HR  0.33 ON  8- 9      TO 1/4 MILE OR LESS
LOWEST:     25 ON  3                               3 = THUNDER
                        SNOW, ICE PELLETS, HAIL    4 = ICE PELLETS
                        TOTAL MONTH:    M          5 = HAIL
                        GRTST 24HR    M  ON   M    6 = FREEZING RAIN OR DRIZZLE
                        GRTST DEPTH:  M  ON   M    7 = DUSTSTORM OR SANDSTORM:
                                                       VSBY 1/2 MILE OR LESS
                                                   8 = SMOKE OR HAZE
[NO. OF DAYS WITH]      [WEATHER - DAYS WITH]      9 = BLOWING SNOW
                                                   X = TORNADO
MAX 32 OR BELOW:   0    0.01 INCH OR MORE:  11
MAX 90 OR ABOVE:   0    0.10 INCH OR MORE:   6
MIN 32 OR BELOW:   8    0.50 INCH OR MORE:   0
MIN  0 OR BELOW:   0    1.00 INCH OR MORE:   0

[HDD (BASE 65) ]
TOTAL THIS MO.   419    CLEAR  (SCALE 0-3)  13
DPTR FM NORMAL   -66    PTCLDY (SCALE 4-7)  10
TOTAL FM JUL 1  5529    CLOUDY (SCALE 8-10)  3
DPTR FM NORMAL  -407

[CDD (BASE 65) ]
TOTAL THIS MO.     0
DPTR FM NORMAL     0    [PRESSURE DATA]
TOTAL FM JAN 1     0    HIGHEST SLP M ON M
DPTR FM NORMAL     0    LOWEST  SLP 29.35 ON  8

[REMARKS]
