000
CXUS53 KAPX 190631
CF6APX
PRELIMINARY LOCAL CLIMATOLOGICAL DATA (WS FORM: F-6)

                                          STATION:   GAYLORD  WFO
                                          MONTH:     APRIL
                                          YEAR:      2015
                                          LATITUDE:   45  4 N
                                          LONGITUDE:  84 43 W

  TEMPERATURE IN F:       :PCPN:    SNOW:  WIND      :SUNSHINE: SKY     :PK WND
================================================================================
1   2   3   4   5  6A  6B    7    8   9   10  11  12  13   14  15   16   17  18
                                     12Z  AVG MX 2MIN
DY MAX MIN AVG DEP HDD CDD  WTR  SNW DPTH SPD SPD DIR MIN PSBL S-S WX    SPD DR
================================================================================

 1  54  29  42   8  23   0 0.00  0.0    T   M   M   M   M    M   M         M  M
 2  57  42  50  15  15   0 0.23  0.0    0   M   M   M   M    M   M         M  M
 3  44  19  32  -4  33   0 0.00  0.0    0   M   M   M   M    M   M         M  M
 4  35  15  25 -11  40   0    T    T    0   M   M   M   M    M   M         M  M
 5  43  23  33  -3  32   0    T    T    0   M   M   M   M    M   M         M  M
 6  36  28  32  -5  33   0 0.09  2.0    2   M   M   M   M    M   M         M  M
 7  48  29  39   2  26   0    T    T    0   M   M   M   M    M   M         M  M
 8  36  31  34  -4  31   0 0.04    T    0   M   M   M   M    M   M         M  M
 9  40  31  36  -2  29   0 0.50  0.0    0   M   M   M   M    M   M 123     M  M
10  50  31  41   2  24   0 0.29  0.1    0   M   M   M   M    M   M 1       M  M
11  53  30  42   3  23   0    T    T    T   M   M   M   M    M   M         M  M
12  69  40  55  15  10   0 0.00  0.0    0   M   M   M   M    M   M         M  M
13  56  44  50  10  15   0 0.25  0.0    0   M   M   M   M    M   M         M  M
14  59  35  47   6  18   0 0.00  0.0    0   M   M   M   M    M   M         M  M
15  64  36  50   9  15   0 0.00  0.0    0   M   M   M   M    M   M         M  M
16  67  34  51   9  14   0 0.00  0.0    0   M   M   M   M    M   M         M  M
17  68  41  55  13  10   0 0.00  0.0    0   M   M   M   M    M   M         M  M
18  62  41  52  10  13   0 0.00  0.0    0   M   M   M   M    M   M         M  M
================================================================================
SM  941  579       404   0  1.40     2.1     M          M        M
================================================================================
AV 52.3 32.2                                 M FASTST   M    M   4    MAX(MPH)
                                 MISC ---->     M   M                  M    M
================================================================================
NOTES:
# LAST OF SEVERAL OCCURRENCES

COLUMN 17 PEAK WIND IN M.P.H.

PRELIMINARY LOCAL CLIMATOLOGICAL DATA (WS FORM: F-6) , PAGE 2

                                          STATION:  GAYLORD  WFO
                                          MONTH:    APRIL
                                          YEAR:     2015
                                          LATITUDE:   45  4 N
                                          LONGITUDE:  84 43 W

[TEMPERATURE DATA]      [PRECIPITATION DATA]       SYMBOLS USED IN COLUMN 16

AVERAGE MONTHLY: 42.2   TOTAL FOR MONTH:   1.40    1 = FOG OR MIST
DPTR FM NORMAL:   3.7   DPTR FM NORMAL:   -0.29    2 = FOG REDUCING VISIBILITY
HIGHEST:    69 ON 12    GRTST 24HR  0.50 ON  9- 9      TO 1/4 MILE OR LESS
LOWEST:     15 ON  4                               3 = THUNDER
                        SNOW, ICE PELLETS, HAIL    4 = ICE PELLETS
                        TOTAL MONTH:   2.1 INCHES  5 = HAIL
                        GRTST 24HR   2.0 ON  6- 6  6 = FREEZING RAIN OR DRIZZLE
                        GRTST DEPTH:   2 ON  6     7 = DUSTSTORM OR SANDSTORM:
                                                       VSBY 1/2 MILE OR LESS
                                                   8 = SMOKE OR HAZE
[NO. OF DAYS WITH]      [WEATHER - DAYS WITH]      9 = BLOWING SNOW
                                                   X = TORNADO
MAX 32 OR BELOW:   0    0.01 INCH OR MORE:   6
MAX 90 OR ABOVE:   0    0.10 INCH OR MORE:   4
MIN 32 OR BELOW:  10    0.50 INCH OR MORE:   1
MIN  0 OR BELOW:   0    1.00 INCH OR MORE:   0

[HDD (BASE 65) ]
TOTAL THIS MO.   404    CLEAR  (SCALE 0-3)   0
DPTR FM NORMAL   -74    PTCLDY (SCALE 4-7)   0
TOTAL FM JUL 1  8052    CLOUDY (SCALE 8-10)  0
DPTR FM NORMAL   375

[CDD (BASE 65) ]
TOTAL THIS MO.     0
DPTR FM NORMAL     0    [PRESSURE DATA]
TOTAL FM JAN 1     0    HIGHEST SLP M ON M
DPTR FM NORMAL     0    LOWEST  SLP M ON M

[REMARKS]
