000
CXUS53 KGRR 271017
CF6AZO
PRELIMINARY LOCAL CLIMATOLOGICAL DATA (WS FORM: F-6)

                                          STATION:   KALAMAZOO MI
                                          MONTH:     APRIL
                                          YEAR:      2015
                                          LATITUDE:   42 13 N
                                          LONGITUDE:  85 33 W

  TEMPERATURE IN F:       :PCPN:    SNOW:  WIND      :SUNSHINE: SKY     :PK WND
================================================================================
1   2   3   4   5  6A  6B    7    8   9   10  11  12  13   14  15   16   17  18
                                     12Z  AVG MX 2MIN
DY MAX MIN AVG DEP HDD CDD  WTR  SNW DPTH SPD SPD DIR MIN PSBL S-S WX    SPD DR
================================================================================

 1  67  28  48   5  17   0 0.00    M    M  7.7 15 180   M    M   0 1      19 180
 2   M   M   M   M   M   M 0.10    M    M 10.4 15 230   M    M   5 13     20 280
 3  53  31  42  -2  23   0 0.00    M    M 10.3 28 340   M    M   M 1      37 330
 4  54  23  39  -5  26   0 0.00    M    M  9.7 28 250   M    M   2        37 240
 5  66  37  52   7  13   0    T    M    M 10.8 26 260   M    M   5        37 250
 6  64  40  52   7  13   0 0.00    M    M  5.9 13 200   M    M   6        16 190
 7  51  40  46   0  19   0    T    M    M  9.8 16 110   M    M   8 18     24  70
 8  49  40  45  -1  20   0 0.02    M    M  7.0 16 110   M    M  10 18     22 100
 9  69  43  56  10   9   0 0.64    M    M  9.4 25 190   M    M   8 123    32 180
10  70  39  55   8  10   0 0.03    M    M 17.3 32 250   M    M   8 18     46 250
11  61  34  48   1  17   0 0.00    M    M  7.4 21 310   M    M   1 1      28 280
12  66  36  51   3  14   0    T    M    M  8.1 20 180   M    M   2        23 200
13  64  45  55   7  10   0 0.14    M    M 10.6 24 300   M    M   6 138    31 310
14  69  37  53   5  12   0 0.00    M    M  3.7 16 300   M    M   0        19 310
15  69  45  57   8   8   0 0.00    M    M  8.5 18  90   M    M   0        25 100
16  62  46  54   5  11   0 0.08    M    M  5.8 14 200   M    M   8        16 200
17  77  38  58   8   7   0 0.00    M    M  4.2 14 300   M    M   1 1      25 320
18  78  48  63  13   2   0 0.00    M    M  7.2 16  60   M    M   1        23  70
19  74  49  62  12   3   0 0.74    M    M  9.2 18 110   M    M   4 1      25 110
20  59  43  51   0  14   0 0.10    M    M 15.4 30 240   M    M  10 18     39 230
21  50  39  45  -6  20   0    T    M    M 15.1 30 240   M    M   8        40 240
22  40  33  37 -15  28   0    T    M    M 12.3 24 270   M    M   8        30 300
23  46  30  38 -14  27   0 0.00    M    M  9.3 23 330   M    M   6        29 300
24  61  30  46  -6  19   0 0.18  0.0    M  5.0 12  60   M    M   2 1      17  60
25  51  42  47  -5  18   0    T    M    M  7.0 15  90   M    M   9        22 100
26  60  31  46  -7  19   0 0.00    M    M  8.6 18 320   M    M   1        24 340
================================================================================
SM 1530  947       379   0  2.03     0.0 235.7          M      119
================================================================================
AV 61.2 37.9                               9.1 FASTST   M    M   5    MAX(MPH)
                                 MISC ---->  # 32 250               # 46  250
================================================================================
NOTES:
# LAST OF SEVERAL OCCURRENCES

COLUMN 17 PEAK WIND IN M.P.H.

PRELIMINARY LOCAL CLIMATOLOGICAL DATA (WS FORM: F-6) , PAGE 2

                                          STATION:  KALAMAZOO MI
                                          MONTH:    APRIL
                                          YEAR:     2015
                                          LATITUDE:   42 13 N
                                          LONGITUDE:  85 33 W

[TEMPERATURE DATA]      [PRECIPITATION DATA]       SYMBOLS USED IN COLUMN 16

AVERAGE MONTHLY: 49.5   TOTAL FOR MONTH:   2.03    1 = FOG OR MIST
DPTR FM NORMAL:   1.4   DPTR FM NORMAL:   -0.50    2 = FOG REDUCING VISIBILITY
HIGHEST:    78 ON 18    GRTST 24HR  0.83 ON 19-20      TO 1/4 MILE OR LESS
LOWEST:     23 ON  4                               3 = THUNDER
                        SNOW, ICE PELLETS, HAIL    4 = ICE PELLETS
                        TOTAL MONTH:   0.0 INCH    5 = HAIL
                        GRTST 24HR     0.0         6 = FREEZING RAIN OR DRIZZLE
                        GRTST DEPTH:  M  ON   M    7 = DUSTSTORM OR SANDSTORM:
                                                       VSBY 1/2 MILE OR LESS
                                                   8 = SMOKE OR HAZE
[NO. OF DAYS WITH]      [WEATHER - DAYS WITH]      9 = BLOWING SNOW
                                                   X = TORNADO
MAX 32 OR BELOW:   0    0.01 INCH OR MORE:   9
MAX 90 OR ABOVE:   0    0.10 INCH OR MORE:   6
MIN 32 OR BELOW:   6    0.50 INCH OR MORE:   2
MIN  0 OR BELOW:   0    1.00 INCH OR MORE:   0

[HDD (BASE 65) ]
TOTAL THIS MO.   379    CLEAR  (SCALE 0-3)  10
DPTR FM NORMAL   -60    PTCLDY (SCALE 4-7)  10
TOTAL FM JUL 1  6634    CLOUDY (SCALE 8-10)  5
DPTR FM NORMAL   538

[CDD (BASE 65) ]
TOTAL THIS MO.     0
DPTR FM NORMAL     0    [PRESSURE DATA]
TOTAL FM JAN 1     0    HIGHEST SLP M ON M
DPTR FM NORMAL     0    LOWEST  SLP 29.15 ON 20

[REMARKS]
