000
CXUS55 KLIX 201000
CF6BTR
PRELIMINARY LOCAL CLIMATOLOGICAL DATA (WS FORM: F-6)

                                          STATION:   BATON ROUGE  ASOS
                                          MONTH:     APRIL
                                          YEAR:      2015
                                          LATITUDE:   30 31 N
                                          LONGITUDE:  91  9 W

  TEMPERATURE IN F:       :PCPN:    SNOW:  WIND      :SUNSHINE: SKY     :PK WND
================================================================================
1   2   3   4   5  6A  6B    7    8   9   10  11  12  13   14  15   16   17  18
                                     12Z  AVG MX 2MIN
DY MAX MIN AVG DEP HDD CDD  WTR  SNW DPTH SPD SPD DIR MIN PSBL S-S WX    SPD DR
================================================================================

 1  83  58  71   6   0   6    T  0.0    0  7.7 18 180   M    M   2 12     23 170
 2  87  69  78  13   0  13    T  0.0    0 12.1 24 200   M    M   2        33 190
 3  86  66  76  11   0  11 0.00  0.0    0 11.0 21 190   M    M   3 1      27 210
 4  74  54  64  -1   1   0 0.04  0.0    0  6.7 16  40   M    M   5 1      23 360
 5  72  52  62  -4   3   0 1.31  0.0    0  9.5 18  90   M    M   5 13     23 350
 6  84  62  73   7   0   8    T  0.0    0  7.2 17 170   M    M   7 1238   21 170
 7  86  66  76  10   0  11 0.00  0.0    0  5.4 13 180   M    M   5 128    16 190
 8  87  68  78  12   0  13 0.00  0.0    0  8.1 17 200   M    M   6 18     22 170
 9  85  70  78  12   0  13 0.00  0.0    0  9.3 20 210   M    M   5 1      26 190
10  82  64  73   6   0   8 1.08  0.0    0  5.5 39 290   M    M   8 138    52 270
11  80  62  71   4   0   6 0.03  0.0    0  5.8 13 130   M    M   7 1      19 130
12  74  69  72   5   0   7 0.43  0.0    0  6.0 12 120   M    M  10 1      23  50
13  82  68  75   8   0  10 0.49  0.0    0  9.3 20 180   M    M   6 13     24 160
14  72  65  69   1   0   4 0.69  0.0    0  4.9 14 120   M    M   7 13     21 240
15  83  63  73   5   0   8 0.05  0.0    0  3.3  9 160   M    M   6 128    14 250
16  75  67  71   3   0   6 0.24  0.0    0  4.9 15 110   M    M   6 13     20 100
17  84  66  75   7   0  10 0.08  0.0    0  3.7 12 120   M    M   4 1      14 150
18  80  69  75   6   0  10 0.58  0.0    0  8.0 17 110   M    M   8 1      23 100
19  84  67  76   7   0  11 0.00  0.0    0  9.0 17 190   M    M   2        30 190
================================================================================
SM 1540 1225         4 155  5.02     0.0 137.4          M      104
================================================================================
AV 81.1 64.5                               7.2 FASTST   M    M   5    MAX(MPH)
                                 MISC ---->  # 39 290               # 52  270
================================================================================
NOTES:
# LAST OF SEVERAL OCCURRENCES

COLUMN 17 PEAK WIND IN M.P.H.

PRELIMINARY LOCAL CLIMATOLOGICAL DATA (WS FORM: F-6) , PAGE 2

                                          STATION:  BATON ROUGE  ASOS
                                          MONTH:    APRIL
                                          YEAR:     2015
                                          LATITUDE:   30 31 N
                                          LONGITUDE:  91  9 W

[TEMPERATURE DATA]      [PRECIPITATION DATA]       SYMBOLS USED IN COLUMN 16

AVERAGE MONTHLY: 72.8   TOTAL FOR MONTH:   5.02    1 = FOG OR MIST
DPTR FM NORMAL:   6.0   DPTR FM NORMAL:    2.10    2 = FOG REDUCING VISIBILITY
HIGHEST:    87 ON  8, 2 GRTST 24HR  1.31 ON  5- 5      TO 1/4 MILE OR LESS
LOWEST:     52 ON  5                               3 = THUNDER
                        SNOW, ICE PELLETS, HAIL    4 = ICE PELLETS
                        TOTAL MONTH:   0.0 INCH    5 = HAIL
                        GRTST 24HR     0.0         6 = FREEZING RAIN OR DRIZZLE
                        GRTST DEPTH:   0           7 = DUSTSTORM OR SANDSTORM:
                                                       VSBY 1/2 MILE OR LESS
                                                   8 = SMOKE OR HAZE
[NO. OF DAYS WITH]      [WEATHER - DAYS WITH]      9 = BLOWING SNOW
                                                   X = TORNADO
MAX 32 OR BELOW:   0    0.01 INCH OR MORE:  11
MAX 90 OR ABOVE:   0    0.10 INCH OR MORE:   7
MIN 32 OR BELOW:   0    0.50 INCH OR MORE:   4
MIN  0 OR BELOW:   0    1.00 INCH OR MORE:   2

[HDD (BASE 65) ]
TOTAL THIS MO.     4    CLEAR  (SCALE 0-3)   4
DPTR FM NORMAL   -39    PTCLDY (SCALE 4-7)  14
TOTAL FM JUL 1  1639    CLOUDY (SCALE 8-10)  1
DPTR FM NORMAL    94

[CDD (BASE 65) ]
TOTAL THIS MO.   155
DPTR FM NORMAL    80    [PRESSURE DATA]
TOTAL FM JAN 1   262    HIGHEST SLP M ON M
DPTR FM NORMAL    98    LOWEST  SLP 29.72 ON 19

[REMARKS]
