000
CXUS51 KLWX 200620
CF6CHO
PRELIMINARY LOCAL CLIMATOLOGICAL DATA (WS FORM: F-6)

                                          STATION:   CHARLOTTESVILLE VA
                                          MONTH:     APRIL
                                          YEAR:      2015
                                          LATITUDE:   38  7 N
                                          LONGITUDE:  78 27 W

  TEMPERATURE IN F:       :PCPN:    SNOW:  WIND      :SUNSHINE: SKY     :PK WND
================================================================================
1   2   3   4   5  6A  6B    7    8   9   10  11  12  13   14  15   16   17  18
                                     12Z  AVG MX 2MIN
DY MAX MIN AVG DEP HDD CDD  WTR  SNW DPTH SPD SPD DIR MIN PSBL S-S WX    SPD DR
================================================================================

 1  64  36  50  -1  15   0 0.00    M    M  5.9 16  30   M    M   0        19  30
 2  73  36  55   3  10   0 0.00    M    M 15.7 29 190   M    M   0        41 200
 3  75  58  67  15   0   2 0.24    M    M 10.2 22 200   M    M   5 1      29 200
 4  61  45  53   1  12   0 0.01    M    M  8.7 23 310   M    M   2        34 300
 5  66  32  49  -3  16   0 0.00    M    M  8.0 22 180   M    M   0        29 170
 6  76  40  58   5   7   0 0.00    M    M 10.7 22 190   M    M   0        30 200
 7  73  59  66  13   0   1    T    M    M  8.8 17 180   M    M   8        23 190
 8  64  48  56   3   9   0 0.21    M    M  6.9 17  50   M    M  10 138    22  50
 9  55  46  51  -3  14   0 0.09    M    M  4.5 13 300   M    M  10 1238   18 300
10  76  47  62   8   3   0    T    M    M  5.8 20 190   M    M   7 1      24 200
11  69  50  60   6   5   0 0.00    M    M  5.4 15 340   M    M   0        24 250
12  70  36  53  -1  12   0 0.00    M    M  6.0 17 200   M    M   0        20 160
13  78  50  64   9   1   0 0.00    M    M 10.9 24 180   M    M   2        31 170
14  67  49  58   3   7   0 1.01    M    M  7.6 20  30   M    M   9 1      27  30
15  64  50  57   2   8   0 0.00    M    M  3.2 18  60   M    M   3        23  60
16  66  41  54  -2  11   0 0.02    M    M  2.9 12 130   M    M   5        16 160
17  79  54  67  11   0   2 0.59    M    M  2.9 14 360   M    M   5 13     19 360
18  79  54  67  11   0   2 0.00    M    M  2.7 12 110   M    M   2 12     14 120
19  69  51  60   4   5   0 1.34    M    M  8.2 17  30   M    M   5 1      22  40
================================================================================
SM 1324  882       135   7  3.51    M    135.0          M       73
================================================================================
AV 69.7 46.4                               7.1 FASTST   M    M   4    MAX(MPH)
                                 MISC ---->  # 29 190               # 41  200
================================================================================
NOTES:
# LAST OF SEVERAL OCCURRENCES

COLUMN 17 PEAK WIND IN M.P.H.

PRELIMINARY LOCAL CLIMATOLOGICAL DATA (WS FORM: F-6) , PAGE 2

                                          STATION:  CHARLOTTESVILLE VA
                                          MONTH:    APRIL
                                          YEAR:     2015
                                          LATITUDE:   38  7 N
                                          LONGITUDE:  78 27 W

[TEMPERATURE DATA]      [PRECIPITATION DATA]       SYMBOLS USED IN COLUMN 16

AVERAGE MONTHLY: 58.1   TOTAL FOR MONTH:   3.51    1 = FOG OR MIST
DPTR FM NORMAL:   4.2   DPTR FM NORMAL:    1.37    2 = FOG REDUCING VISIBILITY
HIGHEST:    79 ON 18,17 GRTST 24HR  1.34 ON 19-19      TO 1/4 MILE OR LESS
LOWEST:     32 ON  5                               3 = THUNDER
                        SNOW, ICE PELLETS, HAIL    4 = ICE PELLETS
                        TOTAL MONTH:    M          5 = HAIL
                        GRTST 24HR    M  ON   M    6 = FREEZING RAIN OR DRIZZLE
                        GRTST DEPTH:  M  ON   M    7 = DUSTSTORM OR SANDSTORM:
                                                       VSBY 1/2 MILE OR LESS
                                                   8 = SMOKE OR HAZE
[NO. OF DAYS WITH]      [WEATHER - DAYS WITH]      9 = BLOWING SNOW
                                                   X = TORNADO
MAX 32 OR BELOW:   0    0.01 INCH OR MORE:   8
MAX 90 OR ABOVE:   0    0.10 INCH OR MORE:   5
MIN 32 OR BELOW:   1    0.50 INCH OR MORE:   3
MIN  0 OR BELOW:   0    1.00 INCH OR MORE:   2

[HDD (BASE 65) ]
TOTAL THIS MO.   135    CLEAR  (SCALE 0-3)  10
DPTR FM NORMAL   -86    PTCLDY (SCALE 4-7)   6
TOTAL FM JUL 1  4257    CLOUDY (SCALE 8-10)  3
DPTR FM NORMAL    32

[CDD (BASE 65) ]
TOTAL THIS MO.     7
DPTR FM NORMAL    -4    [PRESSURE DATA]
TOTAL FM JAN 1     7    HIGHEST SLP M ON M
DPTR FM NORMAL    -6    LOWEST  SLP 29.60 ON  3

[REMARKS]
