000
CXUS53 KDTX 250800
CF6FNT
PRELIMINARY LOCAL CLIMATOLOGICAL DATA (WS FORM: F-6)

                                          STATION:   FLINT MI
                                          MONTH:     APRIL
                                          YEAR:      2015
                                          LATITUDE:   42 58 N
                                          LONGITUDE:  83 44 W

  TEMPERATURE IN F:       :PCPN:    SNOW:  WIND      :SUNSHINE: SKY     :PK WND
================================================================================
1   2   3   4   5  6A  6B    7    8   9   10  11  12  13   14  15   16   17  18
                                     12Z  AVG MX 2MIN
DY MAX MIN AVG DEP HDD CDD  WTR  SNW DPTH SPD SPD DIR MIN PSBL S-S WX    SPD DR
================================================================================

 1  62  28  45   4  20   0 0.00  0.0    0  4.6 15 150   M    M   1 18     19 170
 2  63  45  54  13  11   0 0.08  0.0    0 11.8 24 200   M    M   5 1      33 210
 3  54  30  42   0  23   0 0.05  0.0    0  8.4 22 330   M    M   6 12     30 320
 4  52  23  38  -4  27   0 0.00  0.0    0 13.0 32 280   M    M   4        42 280
 5  56  36  46   4  19   0 0.05    T    0  6.9 15  20   M    M   9 18     19  10
 6  65  31  48   5  17   0 0.00  0.0    0  7.9 18  60   M    M   4 18     22  50
 7  55  38  47   4  18   0    T  0.0    0 12.3 22  80   M    M   9        26  70
 8  44  38  41  -3  24   0 0.59  0.0    0  9.3 20 100   M    M  10 138    24 110
 9  67  40  54  10  11   0 0.36  0.0    0  8.6 16 130   M    M   9 138    21 190
10  67  39  53   9  12   0 0.04  0.0    0 19.5 35 270   M    M   8        45 280
11  62  34  48   3  17   0 0.00  0.0    0  8.4 20 280   M    M   3        27 280
12  68  32  50   5  15   0 0.00  0.0    0  7.5 18 190   M    M   1        24 180
13  68  49  59  13   6   0    T  0.0    0 13.1 31 280   M    M   6        38 280
14  69  34  52   6  13   0 0.00  0.0    0  3.2 14 320   M    M   0        17 300
15  66  39  53   7  12   0 0.00  0.0    0 10.5 18  60   M    M   0        24 100
16  64  39  52   5  13   0 0.02  0.0    0  6.4 15 160   M    M   6        23 110
17  78  45  62  15   3   0 0.00  0.0    0  6.2 16 280   M    M   3 18     21 330
18  70  44  57   9   8   0 0.00  0.0    0 10.3 21  70   M    M   0        26  50
19  69  41  55   7  10   0 0.08  0.0    0 13.8 24 120   M    M   4 1      34 110
20  63  43  53   5  12   0 0.22  0.0    0 17.3 29 260   M    M  10 18     41 260
21  49  37  43  -6  22   0 0.01  0.0    0 15.0 30 250   M    M   9        40 250
22  41  34  38 -11  27   0    T  0.3    0 15.0 29 280   M    M   9 8      34 280
23  41  25  33 -16  32   0    T    T    0 13.1 22 300   M    M   8        28 290
24  57  24  41  -9  24   0 0.00  0.0    0  5.8 16  80   M    M   0        27 290
================================================================================
SM 1450  868       396   0  1.50     0.3 247.9          M      124
================================================================================
AV 60.4 36.2                              10.3 FASTST   M    M   5    MAX(MPH)
                                 MISC ---->  # 35 270               # 45  280
================================================================================
NOTES:
# LAST OF SEVERAL OCCURRENCES

COLUMN 17 PEAK WIND IN M.P.H.

PRELIMINARY LOCAL CLIMATOLOGICAL DATA (WS FORM: F-6) , PAGE 2

                                          STATION:  FLINT MI
                                          MONTH:    APRIL
                                          YEAR:     2015
                                          LATITUDE:   42 58 N
                                          LONGITUDE:  83 44 W

[TEMPERATURE DATA]      [PRECIPITATION DATA]       SYMBOLS USED IN COLUMN 16

AVERAGE MONTHLY: 48.3   TOTAL FOR MONTH:   1.50    1 = FOG OR MIST
DPTR FM NORMAL:   2.9   DPTR FM NORMAL:   -0.81    2 = FOG REDUCING VISIBILITY
HIGHEST:    78 ON 17    GRTST 24HR  0.73 ON  8- 9      TO 1/4 MILE OR LESS
LOWEST:     23 ON  4                               3 = THUNDER
                        SNOW, ICE PELLETS, HAIL    4 = ICE PELLETS
                        TOTAL MONTH:   0.3 INCH    5 = HAIL
                        GRTST 24HR   0.3 ON   M    6 = FREEZING RAIN OR DRIZZLE
                        GRTST DEPTH:   0           7 = DUSTSTORM OR SANDSTORM:
                                                       VSBY 1/2 MILE OR LESS
                                                   8 = SMOKE OR HAZE
[NO. OF DAYS WITH]      [WEATHER - DAYS WITH]      9 = BLOWING SNOW
                                                   X = TORNADO
MAX 32 OR BELOW:   0    0.01 INCH OR MORE:  10
MAX 90 OR ABOVE:   0    0.10 INCH OR MORE:   3
MIN 32 OR BELOW:   7    0.50 INCH OR MORE:   1
MIN  0 OR BELOW:   0    1.00 INCH OR MORE:   0

[HDD (BASE 65) ]
TOTAL THIS MO.   396    CLEAR  (SCALE 0-3)   8
DPTR FM NORMAL   -80    PTCLDY (SCALE 4-7)   8
TOTAL FM JUL 1  6694    CLOUDY (SCALE 8-10)  8
DPTR FM NORMAL   173

[CDD (BASE 65) ]
TOTAL THIS MO.     0
DPTR FM NORMAL     0    [PRESSURE DATA]
TOTAL FM JAN 1     0    HIGHEST SLP M ON M
DPTR FM NORMAL     0    LOWEST  SLP 29.16 ON 20

[REMARKS]
