000
CXUS56 KFGZ 250900
CF6GCN
PRELIMINARY LOCAL CLIMATOLOGICAL DATA (WS FORM: F-6)

                                          STATION:   GRAND CANYON AZ AIRPORT
                                          MONTH:     APRIL
                                          YEAR:      2015
                                          LATITUDE:   35 57 N
                                          LONGITUDE: 112  9 W

  TEMPERATURE IN F:       :PCPN:    SNOW:  WIND      :SUNSHINE: SKY     :PK WND
================================================================================
1   2   3   4   5  6A  6B    7    8   9   10  11  12  13   14  15   16   17  18
                                     12Z  AVG MX 2MIN
DY MAX MIN AVG DEP HDD CDD  WTR  SNW DPTH SPD SPD DIR MIN PSBL S-S WX    SPD DR
================================================================================

 1  67  32  50  10  15   0 0.00    M    M  8.2 20 240   M    M   0        27 230
 2  59  27  43   3  22   0 0.00    M    M 10.9 26 230   M    M   0 8      36 230
 3  56  21  39  -1  26   0 0.00    M    M  8.0 21  60   M    M   0        27  60
 4  66  18  42   2  23   0 0.00    M    M  7.5 24 220   M    M   0        30 210
 5  65  17  41   1  24   0 0.00    M    M 12.4 30 220   M    M   0        41 230
 6  62  33  48   8  17   0 0.00    M    M 15.4 33 220   M    M   0        45 220
 7  60  31  46   5  19   0 0.00    M    M 16.2 35 230   M    M   0        44 220
 8  51  18  35  -6  30   0 0.00    M    M 10.5 28 230   M    M   1        38 260
 9  57  11  34  -7  31   0 0.00    M    M  6.1 20  40   M    M   0        26  20
10  62  16  39  -2  26   0 0.00    M    M  3.6 17 230   M    M   0        22 230
11  66  24  45   4  20   0 0.00    M    M  4.2 21 220   M    M   1        29 230
12  68  21  45   4  20   0 0.00    M    M  4.1 15 330   M    M   0        22 340
13  72  22  47   5  18   0 0.00    M    M  3.2 16 250   M    M   0        21 240
14  67  23  45   3  20   0 0.00    M    M 14.7 37 220   M    M   1        49 220
15  45  17  31 -11  34   0 0.00    M    M  7.2 20 280   M    M   0        28 270
16  45   9  27 -15  38   0    M    M    M  5.6 18  60   M    M   4 1      24  50
17  53  21  37  -5  28   0 0.00    M    M  3.8 15 360   M    M   5 12     22  20
18  65  21  43   0  22   0 0.00    M    M  4.1 17 330   M    M   0        30 320
19  67  27  47   4  18   0 0.00    M    M  4.1 15 300   M    M   4        22 290
20  69  22  46   3  19   0    T    M    M  5.5 29  20   M    M   2        39  20
21  67  22  45   2  20   0 0.00    M    M  3.4 32 220   M    M   4        45 240
22  64  20  42  -2  23   0 0.00    M    M  6.2 23 220   M    M   1        32 220
23  61  25  43  -1  22   0 0.00    M    M  7.9 25 210   M    M   3        35 210
24  56  22  39  -5  26   0 0.03    M    M 10.0 26 210   M    M   6 2      36 210
================================================================================
SM 1470  520       561   0  0.03    M    182.8          M       32
================================================================================
AV 61.2 21.7                               7.6 FASTST   M    M   1    MAX(MPH)
                                 MISC ---->  # 37 220               # 49  220
================================================================================
NOTES:
# LAST OF SEVERAL OCCURRENCES

COLUMN 17 PEAK WIND IN M.P.H.

PRELIMINARY LOCAL CLIMATOLOGICAL DATA (WS FORM: F-6) , PAGE 2

                                          STATION:  GRAND CANYON AZ AIRPORT
                                          MONTH:    APRIL
                                          YEAR:     2015
                                          LATITUDE:   35 57 N
                                          LONGITUDE: 112  9 W

[TEMPERATURE DATA]      [PRECIPITATION DATA]       SYMBOLS USED IN COLUMN 16

AVERAGE MONTHLY: 41.5   TOTAL FOR MONTH:   0.03    1 = FOG OR MIST
DPTR FM NORMAL:  -0.2   DPTR FM NORMAL:   -0.76    2 = FOG REDUCING VISIBILITY
HIGHEST:    72 ON 13    GRTST 24HR  0.03 ON 24-24      TO 1/4 MILE OR LESS
LOWEST:      9 ON 16                               3 = THUNDER
                        SNOW, ICE PELLETS, HAIL    4 = ICE PELLETS
                        TOTAL MONTH:    M          5 = HAIL
                        GRTST 24HR    M  ON   M    6 = FREEZING RAIN OR DRIZZLE
                        GRTST DEPTH:  M  ON   M    7 = DUSTSTORM OR SANDSTORM:
                                                       VSBY 1/2 MILE OR LESS
                                                   8 = SMOKE OR HAZE
[NO. OF DAYS WITH]      [WEATHER - DAYS WITH]      9 = BLOWING SNOW
                                                   X = TORNADO
MAX 32 OR BELOW:   0    0.01 INCH OR MORE:   1
MAX 90 OR ABOVE:   0    0.10 INCH OR MORE:   0
MIN 32 OR BELOW:  23    0.50 INCH OR MORE:   0
MIN  0 OR BELOW:   0    1.00 INCH OR MORE:   0

[HDD (BASE 65) ]
TOTAL THIS MO.   561    CLEAR  (SCALE 0-3)  19
DPTR FM NORMAL     0    PTCLDY (SCALE 4-7)   5
TOTAL FM JUL 1  5325    CLOUDY (SCALE 8-10)  0
DPTR FM NORMAL -1124

[CDD (BASE 65) ]
TOTAL THIS MO.     0
DPTR FM NORMAL     0    [PRESSURE DATA]
TOTAL FM JAN 1     0    HIGHEST SLP M ON M
DPTR FM NORMAL     0    LOWEST  SLP 29.71 ON  6

[REMARKS]
