000
CXUS51 KGYX 171000
CF6GYX
PRELIMINARY LOCAL CLIMATOLOGICAL DATA (WS FORM: F-6)

                                          STATION:   GRAY ME
                                          MONTH:     APRIL
                                          YEAR:      2015
                                          LATITUDE:   43 53 N
                                          LONGITUDE:  70 15 W

  TEMPERATURE IN F:       :PCPN:    SNOW:  WIND      :SUNSHINE: SKY     :PK WND
================================================================================
1   2   3   4   5  6A  6B    7    8   9   10  11  12  13   14  15   16   17  18
                                     12Z  AVG MX 2MIN
DY MAX MIN AVG DEP HDD CDD  WTR  SNW DPTH SPD SPD DIR MIN PSBL S-S WX    SPD DR
================================================================================

 1  39  23  31  -7  34   0 0.00  0.0   11   M   M   M   M    M   M         M  M
 2  41  24  33  -6  32   0 0.00  0.0   11   M   M   M   M    M   M         M  M
 3  65  34  50  11  15   0 0.00  0.0   11   M   M   M   M    M   M         M  M
 4  46  25  36  -3  29   0 0.08  0.0    8   M   M   M   M    M   M         M  M
 5  44  24  34  -6  31   0    T  0.1    8   M   M   M   M    M   M         M  M
 6  36  24  30 -10  35   0    T    T    8   M   M   M   M    M   M         M  M
 7  47  31  39  -2  26   0 0.01  0.1    8   M   M   M   M    M   M         M  M
 8  43  26  35  -6  30   0 0.09  1.1    6   M   M   M   M    M   M         M  M
 9  34  27  31 -11  34   0 0.22  1.7    8   M   M   M   M    M   M         M  M
10  43  30  37  -5  28   0 0.36  0.0    7   M   M   M   M    M   M         M  M
11  49  37  43   1  22   0 0.00  0.0    4   M   M   M   M    M   M         M  M
12  66  34  50   7  15   0 0.00  0.0    2   M   M   M   M    M   M         M  M
13  69  41  55  12  10   0 0.00  0.0    T   M   M   M   M    M   M         M  M
14  65  45  55  11  10   0 0.01  0.0    T   M   M   M   M    M   M         M  M
15  61  39  50   6  15   0 0.00  0.0    T   M   M   M   M    M   M         M  M
16  57  35  46   2  19   0 0.00  0.0    0   M   M   M   M    M   M         M  M
================================================================================
SM  805  499       385   0  0.77     3.0     M          M        M
================================================================================
AV 50.3 31.2                                 M FASTST   M    M   5    MAX(MPH)
                                 MISC ---->     M   M                  M    M
================================================================================
NOTES:
# LAST OF SEVERAL OCCURRENCES

COLUMN 17 PEAK WIND IN M.P.H.

PRELIMINARY LOCAL CLIMATOLOGICAL DATA (WS FORM: F-6) , PAGE 2

                                          STATION:  GRAY ME
                                          MONTH:    APRIL
                                          YEAR:     2015
                                          LATITUDE:   43 53 N
                                          LONGITUDE:  70 15 W

[TEMPERATURE DATA]      [PRECIPITATION DATA]       SYMBOLS USED IN COLUMN 16

AVERAGE MONTHLY: 40.8   TOTAL FOR MONTH:   0.77    1 = FOG OR MIST
DPTR FM NORMAL:  -0.6   DPTR FM NORMAL:   -1.62    2 = FOG REDUCING VISIBILITY
HIGHEST:    69 ON 13    GRTST 24HR  0.36 ON 10-10      TO 1/4 MILE OR LESS
LOWEST:     23 ON  1                               3 = THUNDER
                        SNOW, ICE PELLETS, HAIL    4 = ICE PELLETS
                        TOTAL MONTH:   3.0 INCHES  5 = HAIL
                        GRTST 24HR   1.7 ON   M    6 = FREEZING RAIN OR DRIZZLE
                        GRTST DEPTH:  11 ON  3, 2  7 = DUSTSTORM OR SANDSTORM:
                                                       VSBY 1/2 MILE OR LESS
                                                   8 = SMOKE OR HAZE
[NO. OF DAYS WITH]      [WEATHER - DAYS WITH]      9 = BLOWING SNOW
                                                   X = TORNADO
MAX 32 OR BELOW:   0    0.01 INCH OR MORE:   6
MAX 90 OR ABOVE:   0    0.10 INCH OR MORE:   2
MIN 32 OR BELOW:   9    0.50 INCH OR MORE:   0
MIN  0 OR BELOW:   0    1.00 INCH OR MORE:   0

[HDD (BASE 65) ]
TOTAL THIS MO.   385    CLEAR  (SCALE 0-3)   0
DPTR FM NORMAL     7    PTCLDY (SCALE 4-7)   0
TOTAL FM JUL 1  6996    CLOUDY (SCALE 8-10)  0
DPTR FM NORMAL   467

[CDD (BASE 65) ]
TOTAL THIS MO.     0
DPTR FM NORMAL     0    [PRESSURE DATA]
TOTAL FM JAN 1     0    HIGHEST SLP M ON M
DPTR FM NORMAL     0    LOWEST  SLP M ON M

[REMARKS]
