000
CXUS52 KGSP 250817
CF6HKY
PRELIMINARY LOCAL CLIMATOLOGICAL DATA (WS FORM: F-6)

                                          STATION:   HICKORY NC
                                          MONTH:     APRIL
                                          YEAR:      2015
                                          LATITUDE:   35 45 N
                                          LONGITUDE:  81 23 W

  TEMPERATURE IN F:       :PCPN:    SNOW:  WIND      :SUNSHINE: SKY     :PK WND
================================================================================
1   2   3   4   5  6A  6B    7    8   9   10  11  12  13   14  15   16   17  18
                                     12Z  AVG MX 2MIN
DY MAX MIN AVG DEP HDD CDD  WTR  SNW DPTH SPD SPD DIR MIN PSBL S-S WX    SPD DR
================================================================================

 1  73  51  62   8   3   0 0.00    M    M  3.7 10  50   M    M   0        15 270
 2  59  45  52  -3  13   0 0.05    M    M  4.2 14 200   M    M   7 1      19 220
 3  78  54  66  11   0   1 0.03    M    M 12.3 22 200   M    M   4 1      32 200
 4  65  39  52  -3  13   0    T    M    M  9.9 21 320   M    M   2        31 310
 5  64  30  47  -9  18   0 0.00    M    M  3.7 12 230   M    M   0        16 200
 6  70  46  58   2   7   0 0.02    M    M  4.2 15 220   M    M   6        21 250
 7  64  57  61   5   4   0 0.08    M    M  3.0 12 200   M    M   8 12     13 190
 8  83  55  69  13   0   4    T    M    M  2.3 13 300   M    M   5 12     17 330
 9  86  59  73  16   0   8 0.00    M    M  7.2 23 200   M    M   1        32 190
10  81  67  74  17   0   9    T    M    M 10.1 20 210   M    M   4        27 230
11  78  55  67  10   0   2 0.00    M    M  5.3 12 310   M    M   0        17 320
12  72  45  59   1   6   0 0.00    M    M  3.7 14  50   M    M   1        17  50
13  67  56  62   4   3   0 0.27    M    M  2.3  8  90   M    M   9 1      11  90
14  77  61  69  11   0   4 0.59    M    M  4.8 16  60   M    M   8 13     21  50
15  61  48  55  -3  10   0 1.47    M    M  8.7 18  60   M    M  10 1      24  70
16  52  46  49 -10  16   0 0.24    M    M  5.2 12  60   M    M  10 1      17  50
17  71  52  62   3   3   0 0.04    M    M  1.6  5 210   M    M   6 1       M  M
18  78  60  69  10   0   4    T    M    M  2.6 14  60   M    M  10 12     19  60
19  66  61  64   5   1   0 1.98    M    M  6.0 14 190   M    M  10 1      21 190
20  74  58  66   6   0   1 0.02    M    M 11.2 25 200   M    M   4 13     36 200
21  69  48  59  -1   6   0 0.00    M    M  6.2 18 290   M    M   0        25 300
22  76  42  59  -1   6   0 0.00    M    M  8.2 23 240   M    M   3        33 230
23  69  48  59  -1   6   0 0.00    M    M  9.0 24 270   M    M   0        33 280
24  69  40  55  -6  10   0 0.00    M    M  4.5 12 320   M    M   0        15 350
================================================================================
SM 1702 1223       125  33  4.79    M    139.9          M      108
================================================================================
AV 70.9 51.0                               5.8 FASTST   M    M   5    MAX(MPH)
                                 MISC ---->  # 25 200               # 36  200
================================================================================
NOTES:
# LAST OF SEVERAL OCCURRENCES

COLUMN 17 PEAK WIND IN M.P.H.

PRELIMINARY LOCAL CLIMATOLOGICAL DATA (WS FORM: F-6) , PAGE 2

                                          STATION:  HICKORY NC
                                          MONTH:    APRIL
                                          YEAR:     2015
                                          LATITUDE:   35 45 N
                                          LONGITUDE:  81 23 W

[TEMPERATURE DATA]      [PRECIPITATION DATA]       SYMBOLS USED IN COLUMN 16

AVERAGE MONTHLY: 60.9   TOTAL FOR MONTH:   4.79    1 = FOG OR MIST
DPTR FM NORMAL:   3.3   DPTR FM NORMAL:    1.76    2 = FOG REDUCING VISIBILITY
HIGHEST:    86 ON  9    GRTST 24HR  1.98 ON 19-19      TO 1/4 MILE OR LESS
LOWEST:     30 ON  5                               3 = THUNDER
                        SNOW, ICE PELLETS, HAIL    4 = ICE PELLETS
                        TOTAL MONTH:    M          5 = HAIL
                        GRTST 24HR    M  ON   M    6 = FREEZING RAIN OR DRIZZLE
                        GRTST DEPTH:  M  ON   M    7 = DUSTSTORM OR SANDSTORM:
                                                       VSBY 1/2 MILE OR LESS
                                                   8 = SMOKE OR HAZE
[NO. OF DAYS WITH]      [WEATHER - DAYS WITH]      9 = BLOWING SNOW
                                                   X = TORNADO
MAX 32 OR BELOW:   0    0.01 INCH OR MORE:  11
MAX 90 OR ABOVE:   0    0.10 INCH OR MORE:   5
MIN 32 OR BELOW:   1    0.50 INCH OR MORE:   3
MIN  0 OR BELOW:   0    1.00 INCH OR MORE:   2

[HDD (BASE 65) ]
TOTAL THIS MO.   125    CLEAR  (SCALE 0-3)  10
DPTR FM NORMAL   -69    PTCLDY (SCALE 4-7)   7
TOTAL FM JUL 1  3560    CLOUDY (SCALE 8-10)  7
DPTR FM NORMAL    39

[CDD (BASE 65) ]
TOTAL THIS MO.    33
DPTR FM NORMAL    13    [PRESSURE DATA]
TOTAL FM JAN 1    34    HIGHEST SLP M ON M
DPTR FM NORMAL    11    LOWEST  SLP 29.61 ON 20

[REMARKS]
