000
CXUS54 KLZK 241330
CF6HRO
PRELIMINARY LOCAL CLIMATOLOGICAL DATA (WS FORM: F-6)

                                          STATION:   Harrison
                                          MONTH:     APRIL
                                          YEAR:      2015
                                          LATITUDE:   36 15 N
                                          LONGITUDE:  93  9 W

  TEMPERATURE IN F:       :PCPN:    SNOW:  WIND      :SUNSHINE: SKY     :PK WND
================================================================================
1   2   3   4   5  6A  6B    7    8   9   10  11  12  13   14  15   16   17  18
                                     12Z  AVG MX 2MIN
DY MAX MIN AVG DEP HDD CDD  WTR  SNW DPTH SPD SPD DIR MIN PSBL S-S WX    SPD DR
================================================================================

 1  69  53  61   7   4   0 0.66  0.0    0  8.3 17 140   M    M   7 13     22 190
 2  74  57  66  12   0   1 0.00  0.0    0  9.8 24 320   M    M   5 3      41 300
 3  70  41  56   2   9   0 0.01  0.0    0 11.3 22 340   M    M   6 13     32 320
 4  60  31  46  -9  19   0 0.00  0.0    0  5.1 12 150   M    M   0        16 140
 5  51  39  45 -10  20   0 0.14  0.0    0 10.6 17 150   M    M   7 1      21 150
 6  68  49  59   4   6   0    T  0.0    0 11.1 18 160   M    M   8 1      23 150
 7  82  64  73  17   0   8 0.00  0.0    0  8.1 17 210   M    M   4        26 240
 8  82  63  73  17   0   8 0.01  0.0    0 10.5 21 170   M    M   4        29 180
 9  81  48  65   9   0   0 0.04  0.0    0 13.5 24 180   M    M   3 3      31 200
10  68  40  54  -2  11   0 0.00  0.0    0  6.5 17 320   M    M   0        24 290
11  73  44  59   2   6   0 0.00  0.0    0  7.4 21 140   M    M   1        25 130
12  78  47  63   6   2   0 0.00  0.0    0  9.9 22 150   M    M   2        26 150
13  69  53  61   4   4   0 0.50  0.0    0  6.8 21  30   M    M   9 1      28  10
14  63  51  57  -1   8   0 0.01  0.0    0  6.5 18  80   M    M  10        23  90
15  60  51  56  -2   9   0 0.41  0.0    0  4.7  8 130   M    M  10 1      11 110
16  75  54  65   7   0   0 0.00  0.0    0  3.7 12 140   M    M   7 12     15 140
17  75  54  65   7   0   0    T  0.0    0  5.5 16 150   M    M   3 12     20 160
18  72  54  63   4   2   0 0.08  0.0    0  5.3 13 330   M    M   6 123    16 320
19  75  51  63   4   2   0 0.20  0.0    0  8.7 21 310   M    M   5 123    33 260
20  61  45  53  -6  12   0 0.00  0.0    0 11.3 22 280   M    M   2        33 320
21  71  41  56  -4   9   0 0.00  0.0    0  8.3 22 260   M    M   2        30 260
22  62  43  53  -7  12   0 0.20  0.0    0  5.2 23 340   M    M   4 13     34 330
23  61  40  51  -9  14   0 0.00  0.0    0  9.0 16 130   M    M   5        22 150
================================================================================
SM 1600 1113       149  17  2.26     0.0 187.1          M      110
================================================================================
AV 69.6 48.4                               8.1 FASTST   M    M   5    MAX(MPH)
                                 MISC ---->  # 24 320               # 41  300
================================================================================
NOTES:
# LAST OF SEVERAL OCCURRENCES

COLUMN 17 PEAK WIND IN M.P.H.

PRELIMINARY LOCAL CLIMATOLOGICAL DATA (WS FORM: F-6) , PAGE 2

                                          STATION:  Harrison
                                          MONTH:    APRIL
                                          YEAR:     2015
                                          LATITUDE:   36 15 N
                                          LONGITUDE:  93  9 W

[TEMPERATURE DATA]      [PRECIPITATION DATA]       SYMBOLS USED IN COLUMN 16

AVERAGE MONTHLY: 59.0   TOTAL FOR MONTH:   2.26    1 = FOG OR MIST
DPTR FM NORMAL:   2.0   DPTR FM NORMAL:   -0.91    2 = FOG REDUCING VISIBILITY
HIGHEST:    82 ON  8, 7 GRTST 24HR  0.66 ON  1- 1      TO 1/4 MILE OR LESS
LOWEST:     31 ON  4                               3 = THUNDER
                        SNOW, ICE PELLETS, HAIL    4 = ICE PELLETS
                        TOTAL MONTH:   0.0 INCH    5 = HAIL
                        GRTST 24HR     0.0         6 = FREEZING RAIN OR DRIZZLE
                        GRTST DEPTH:   0           7 = DUSTSTORM OR SANDSTORM:
                                                       VSBY 1/2 MILE OR LESS
                                                   8 = SMOKE OR HAZE
[NO. OF DAYS WITH]      [WEATHER - DAYS WITH]      9 = BLOWING SNOW
                                                   X = TORNADO
MAX 32 OR BELOW:   0    0.01 INCH OR MORE:  11
MAX 90 OR ABOVE:   0    0.10 INCH OR MORE:   6
MIN 32 OR BELOW:   1    0.50 INCH OR MORE:   2
MIN  0 OR BELOW:   0    1.00 INCH OR MORE:   0

[HDD (BASE 65) ]
TOTAL THIS MO.   149    CLEAR  (SCALE 0-3)   7
DPTR FM NORMAL   -55    PTCLDY (SCALE 4-7)  12
TOTAL FM JUL 1  4050    CLOUDY (SCALE 8-10)  4
DPTR FM NORMAL   166

[CDD (BASE 65) ]
TOTAL THIS MO.    17
DPTR FM NORMAL    -6    [PRESSURE DATA]
TOTAL FM JAN 1    21    HIGHEST SLP M ON M
DPTR FM NORMAL    -8    LOWEST  SLP 29.55 ON 19

[REMARKS]
ALL SNOWFALL DATA IS FROM THE HARRISON COOPERATIVE OBSERVER SITE
