000
CXUS53 KGRB 010724
CF6MFI
PRELIMINARY LOCAL CLIMATOLOGICAL DATA (WS FORM: F-6)

                                          STATION:   MARSHFIELD WI
                                          MONTH:     MARCH
                                          YEAR:      2015
                                          LATITUDE:   44 37 N
                                          LONGITUDE:  90 11 W

  TEMPERATURE IN F:       :PCPN:    SNOW:  WIND      :SUNSHINE: SKY     :PK WND
================================================================================
1   2   3   4   5  6A  6B    7    8   9   10  11  12  13   14  15   16   17  18
                                     12Z  AVG MX 2MIN
DY MAX MIN AVG DEP HDD CDD  WTR  SNW DPTH SPD SPD DIR MIN PSBL S-S WX    SPD DR
================================================================================

 1  23   9  16  -8  49   0    T    T    6 10.1 16 270   M    M   7 18     21 270
 2  27   1  14 -10  51   0    T    T    6  7.5 17 320   M    M   2 1      22 320
 3  28  13  21  -3  44   0 0.05  0.8    6 11.8 23 300   M    M   8 18     30 300
 4  13  -8   3 -22  62   0 0.00  0.0    6 13.9 26 300   M    M   1        33 280
 5  11 -12   0 -25  65   0 0.00  0.0    6  7.0 13 280   M    M   0        16 290
 6  32  -6  13 -13  52   0 0.00  0.0    6  8.8 16 260   M    M   3        20 200
 7  40  13  27   1  38   0 0.00  0.0    5 11.3 21 310   M    M   4        27 310
 8  42  19  31   5  34   0 0.00  0.0    4  9.5 21 280   M    M   2        28 230
 9  51  28  40  13  25   0 0.00  0.0    2  9.2 23 220   M    M   6        29 220
10  61  30  46  19  19   0 0.00  0.0    T  7.7 15 250   M    M   0 18     19 240
11  54  29  42  14  23   0 0.00  0.0    0  4.3 12 320   M    M   0        14 300
12  56  31  44  16  21   0 0.00  0.0    0 11.1 21 180   M    M   0        25 190
13  66  39  53  24  12   0 0.00  0.0    0 10.9 17 240   M    M   0 18     23 300
14  54  33  44  15  21   0 0.00  0.0    0 12.3 24 320   M    M   2        29 330
15  62  30  46  16  19   0 0.00  0.0    0  9.9 25 230   M    M   0        37 220
16  60  36  48  18  17   0    T  0.0    0  9.1 21 350   M    M   4        27 350
17  42  27  35   4  30   0 0.00  0.0    0 13.0 25 320   M    M   0        34 320
18  46  26  36   5  29   0 0.00  0.0    0  5.5 12 290   M    M   1 8      14 290
19  51  32  42  10  23   0 0.00  0.0    0  7.9 20 220   M    M   9        25 180
20  53  32  43  11  22   0 0.01  0.0    0  9.0 17 290   M    M   7 1      22 270
21  40  28  34   1  31   0 0.00  0.0    0 11.5 22 320   M    M   5        26 320
22  40  29  35   2  30   0 0.00  0.0    0  6.8 14 160   M    M   8        18 150
23  38  26  32  -2  33   0    T    T    0  6.6 16 130   M    M   7 1      19 110
24  48  20  34   0  31   0    T    T    0 10.2 20 150   M    M   1 1      28 190
25  38  27  33  -2  32   0 0.20  3.0    3 12.7 30 270   M    M  10 1      43 270
26  34  17  26  -9  39   0 0.00  0.0    1 13.7 24 330   M    M   8        32 340
27  33  13  23 -13  42   0 0.00  0.0    T  4.4 15  40   M    M   1        18 310
28  42  15  29  -7  36   0 0.00  0.0    0  7.0 16 190   M    M   0        22 210
29  41  30  36  -1  29   0    M    M    M 14.9 32 320   M    M   6 16     46 310
30  53  33  43   6  22   0 0.01  0.0    0  7.5 16 290   M    M   5        22 290
31  60  31  46   8  19   0 0.00  0.0    0  7.7 26 320   M    M   4 12     34 330
================================================================================
SM 1339  671      1000   0  0.27     3.8 292.8          M      111
================================================================================
AV 43.2 21.6                               9.4 FASTST   M    M   4    MAX(MPH)
                                 MISC ---->  # 32 320               # 46  310
================================================================================
NOTES:
# LAST OF SEVERAL OCCURRENCES

COLUMN 17 PEAK WIND IN M.P.H.

PRELIMINARY LOCAL CLIMATOLOGICAL DATA (WS FORM: F-6) , PAGE 2

                                          STATION:  MARSHFIELD WI
                                          MONTH:    MARCH
                                          YEAR:     2015
                                          LATITUDE:   44 37 N
                                          LONGITUDE:  90 11 W

[TEMPERATURE DATA]      [PRECIPITATION DATA]       SYMBOLS USED IN COLUMN 16

AVERAGE MONTHLY: 32.4   TOTAL FOR MONTH:   0.27    1 = FOG OR MIST
DPTR FM NORMAL:   2.1   DPTR FM NORMAL:   -0.75    2 = FOG REDUCING VISIBILITY
HIGHEST:    66 ON 13    GRTST 24HR  0.20 ON 25-25      TO 1/4 MILE OR LESS
LOWEST:    -12 ON  5                               3 = THUNDER
                        SNOW, ICE PELLETS, HAIL    4 = ICE PELLETS
                        TOTAL MONTH:   3.8 INCHES  5 = HAIL
                        GRTST 24HR   3.0 ON 25-25  6 = FREEZING RAIN OR DRIZZLE
                        GRTST DEPTH:   6 ON  6, 5  7 = DUSTSTORM OR SANDSTORM:
                                                       VSBY 1/2 MILE OR LESS
                                                   8 = SMOKE OR HAZE
[NO. OF DAYS WITH]      [WEATHER - DAYS WITH]      9 = BLOWING SNOW
                                                   X = TORNADO
MAX 32 OR BELOW:   6    0.01 INCH OR MORE:   4
MAX 90 OR ABOVE:   0    0.10 INCH OR MORE:   1
MIN 32 OR BELOW:  27    0.50 INCH OR MORE:   0
MIN  0 OR BELOW:   3    1.00 INCH OR MORE:   0

[HDD (BASE 65) ]
TOTAL THIS MO.  1000    CLEAR  (SCALE 0-3)  16
DPTR FM NORMAL   -75    PTCLDY (SCALE 4-7)  12
TOTAL FM JUL 1  7438    CLOUDY (SCALE 8-10)  3
DPTR FM NORMAL   244

[CDD (BASE 65) ]
TOTAL THIS MO.     0
DPTR FM NORMAL     0    [PRESSURE DATA]
TOTAL FM JAN 1     0    HIGHEST SLP M ON M
DPTR FM NORMAL     0    LOWEST  SLP 29.57 ON M

[REMARKS]
#FINAL-03-15#
