000
CXUS54 KTSA 280840
CF6MKO
PRELIMINARY LOCAL CLIMATOLOGICAL DATA (WS FORM: F-6)

                                          STATION:   MUSKOGEE OKLAHOMA
                                          MONTH:     APRIL
                                          YEAR:      2015
                                          LATITUDE:   35 40 N
                                          LONGITUDE:  95 22 W

  TEMPERATURE IN F:       :PCPN:    SNOW:  WIND      :SUNSHINE: SKY     :PK WND
================================================================================
1   2   3   4   5  6A  6B    7    8   9   10  11  12  13   14  15   16   17  18
                                     12Z  AVG MX 2MIN
DY MAX MIN AVG DEP HDD CDD  WTR  SNW DPTH SPD SPD DIR MIN PSBL S-S WX    SPD DR
================================================================================

 1  78  64  71  15   0   6    T  0.0    0 10.8 23 160   M    M   2        32 150
 2  85  67  76  19   0  11 0.00  0.0    0 13.9 22 200   M    M   5        31 200
 3  74  46  60   3   5   0    T    M    0 18.4 35 360   M    M   4        43 360
 4  66  36  51  -6  14   0 0.00  0.0    0  5.7 14 140   M    M   0        18 150
 5  55  45  50  -8  15   0 0.33    M    0 10.3 24 140   M    M   8 1      29 150
 6  78  53  66   8   0   1    T  0.0    0 11.5 24 170   M    M   7 1      32 190
 7  85  67  76  18   0  11 0.00  0.0    0 13.3 25 190   M    M   6        31 200
 8  83  68  76  18   0  11    T  0.0    0 15.0 28 180   M    M   2        35 180
 9  83  51  67   8   0   2    T  0.0    0 16.9 28 330   M    M   4 3      35 210
10  73  40  57  -2   8   0 0.00  0.0    0  6.6 17 350   M    M   0        22 360
11  75  48  62   3   3   0 0.00  0.0    0  6.6 15 150   M    M   3        20 170
12  77  56  67   8   0   2 0.00  0.0    0 10.9 20 170   M    M   5        28 150
13  66  54  60   0   5   0 1.96  0.0    0  9.9 26  40   M    M   9 13     32  30
14  61  54  58  -2   7   0 0.08  0.0    0  7.3 17  30   M    M  10 1      21  20
15  68  55  62   2   3   0 0.13  0.0    0  3.4  8 140   M    M   9 1      10 150
16  80  53  67   7   0   2 0.00  0.0    0  6.6 14 170   M    M   4 12     20 120
17  79  61  70   9   0   5 0.00  0.0    0  6.0 16 250   M    M   2        20 250
18  76  58  67   6   0   2 0.41  0.0    0  8.2 20 290   M    M   5 13     25 290
19  71  53  62   1   3   0 0.14  0.0    0  9.1 30 300   M    M   5 13     37 300
20  66  44  55  -6  10   0 0.00  0.0    0 11.5 24 310   M    M   1        30 320
21  74  45  60  -2   5   0 0.01    M    0  9.2 21 200   M    M   4        27 200
22  66  49  58  -4   7   0 0.15    M    0  7.1 18 360   M    M   4 13     22 360
23  65  54  60  -2   5   0 0.00  0.0    0 12.6 23 120   M    M   8        30 130
24  68  57  63   1   2   0 0.03  0.0    0 12.9 23 140   M    M   7        31 140
25  86  59  73  10   0   8 0.00  0.0    0 10.5 18 260   M    M   1        24 270
26  80  53  67   4   0   2    T  0.0    0 10.6 18  50   M    M   0 3      24  40
27  65  52  59  -4   6   0 0.23  0.0    0 12.5 31 110   M    M   8 13     41 110
================================================================================
SM 1983 1442        98  63  3.47     0.0 277.3          M      123
================================================================================
AV 73.4 53.4                              10.3 FASTST   M    M   5    MAX(MPH)
                                 MISC ---->  # 35 360               # 43  360
================================================================================
NOTES:
# LAST OF SEVERAL OCCURRENCES

COLUMN 17 PEAK WIND IN M.P.H.

PRELIMINARY LOCAL CLIMATOLOGICAL DATA (WS FORM: F-6) , PAGE 2

                                          STATION:  MUSKOGEE OKLAHOMA
                                          MONTH:    APRIL
                                          YEAR:     2015
                                          LATITUDE:   35 40 N
                                          LONGITUDE:  95 22 W

[TEMPERATURE DATA]      [PRECIPITATION DATA]       SYMBOLS USED IN COLUMN 16

AVERAGE MONTHLY: 63.4   TOTAL FOR MONTH:   3.47    1 = FOG OR MIST
DPTR FM NORMAL:   3.6   DPTR FM NORMAL:   -0.02    2 = FOG REDUCING VISIBILITY
HIGHEST:    86 ON 25    GRTST 24HR  1.96 ON 13-13      TO 1/4 MILE OR LESS
LOWEST:     36 ON  4                               3 = THUNDER
                        SNOW, ICE PELLETS, HAIL    4 = ICE PELLETS
                        TOTAL MONTH:   0.0 INCH    5 = HAIL
                        GRTST 24HR     0.0         6 = FREEZING RAIN OR DRIZZLE
                        GRTST DEPTH:   0           7 = DUSTSTORM OR SANDSTORM:
                                                       VSBY 1/2 MILE OR LESS
                                                   8 = SMOKE OR HAZE
[NO. OF DAYS WITH]      [WEATHER - DAYS WITH]      9 = BLOWING SNOW
                                                   X = TORNADO
MAX 32 OR BELOW:   0    0.01 INCH OR MORE:  10
MAX 90 OR ABOVE:   0    0.10 INCH OR MORE:   7
MIN 32 OR BELOW:   0    0.50 INCH OR MORE:   1
MIN  0 OR BELOW:   0    1.00 INCH OR MORE:   1

[HDD (BASE 65) ]
TOTAL THIS MO.    98    CLEAR  (SCALE 0-3)   9
DPTR FM NORMAL   -75    PTCLDY (SCALE 4-7)  12
TOTAL FM JUL 1  3524    CLOUDY (SCALE 8-10)  6
DPTR FM NORMAL    70

[CDD (BASE 65) ]
TOTAL THIS MO.    63
DPTR FM NORMAL    27    [PRESSURE DATA]
TOTAL FM JAN 1    76    HIGHEST SLP M ON M
DPTR FM NORMAL    30    LOWEST  SLP 29.50 ON 25

[REMARKS]
