000
CXUS53 KMPX 191000
CF6MKT
PRELIMINARY LOCAL CLIMATOLOGICAL DATA (WS FORM: F-6)

                                          STATION:   MANKATO MN
                                          MONTH:     APRIL
                                          YEAR:      2015
                                          LATITUDE:   44 13 N
                                          LONGITUDE:  93 55 W

  TEMPERATURE IN F:       :PCPN:    SNOW:  WIND      :SUNSHINE: SKY     :PK WND
================================================================================
1   2   3   4   5  6A  6B    7    8   9   10  11  12  13   14  15   16   17  18
                                     12Z  AVG MX 2MIN
DY MAX MIN AVG DEP HDD CDD  WTR  SNW DPTH SPD SPD DIR MIN PSBL S-S WX    SPD DR
================================================================================

 1  82  46  64  25   1   0    M    M    M 19.9 32 210   M    M   2 3      45 190
 2  64  37  51  11  14   0    M    M    M 16.1 29 270   M    M   0        38 270
 3  43  27  35  -5  30   0    M    M    M 15.6 23 320   M    M   3        29 320
 4  57  30  44   3  21   0    M    M    M  8.6 16  60   M    M   4        22  80
 5  55  37  46   5  19   0    M    M    M 16.1 24  70   M    M   3        30  70
 6  52  37  45   3  20   0    M    M    M 17.7 25  60   M    M   7        32  60
 7  41  37  39  -3  26   0    M    M    M 13.9 21  90   M    M  10        33 110
 8  45  37  41  -2  24   0    M    M    M 10.1 15 110   M    M  10         M  M
 9  43  34  39  -4  26   0    M    M    M 13.6 22 350   M    M   8        30 360
10  54  34  44   0  21   0    M    M    M 12.3 25 310   M    M   6        32 310
11  70  34  52   8  13   0    M    M    M 12.9 27 180   M    M   0        30 180
12  75  50  63  18   2   0    M    M    M 18.4 30 190   M    M   5 3      41 190
13  64  43  54   9  11   0    M    M    M 13.3 25 290   M    M   1        31 290
14  72  36  54   8  11   0    M    M    M  8.4 14 200   M    M   0        21 190
15  68  43  56  10   9   0    M    M    M 15.0 24 130   M    M   2        32 130
16  72  52  62  15   3   0    M    M    M  8.3 16 130   M    M   9         M  M
17  75  48  62  15   3   0    M    M    M  5.1  9 340   M    M   0         M  M
18  75  46  61  13   4   0    M    M    M  6.8 22 110   M    M   4        27 110
================================================================================
SM 1107  708       258   0    M     M    232.1          M       74
================================================================================
AV 61.5 39.3                              12.9 FASTST   M    M   4    MAX(MPH)
                                 MISC ---->    32   M                 45    M
================================================================================
NOTES:
# LAST OF SEVERAL OCCURRENCES

COLUMN 17 PEAK WIND IN M.P.H.

PRELIMINARY LOCAL CLIMATOLOGICAL DATA (WS FORM: F-6) , PAGE 2

                                          STATION:  MANKATO MN
                                          MONTH:    APRIL
                                          YEAR:     2015
                                          LATITUDE:   44 13 N
                                          LONGITUDE:  93 55 W

[TEMPERATURE DATA]      [PRECIPITATION DATA]       SYMBOLS USED IN COLUMN 16

AVERAGE MONTHLY: 50.4   TOTAL FOR MONTH:      M    1 = FOG OR MIST
DPTR FM NORMAL:   6.9   DPTR FM NORMAL:       M    2 = FOG REDUCING VISIBILITY
HIGHEST:    82 ON  1    GRTST 24HR    M  ON   M        TO 1/4 MILE OR LESS
LOWEST:     27 ON  3                               3 = THUNDER
                        SNOW, ICE PELLETS, HAIL    4 = ICE PELLETS
                        TOTAL MONTH:    M          5 = HAIL
                        GRTST 24HR    M  ON   M    6 = FREEZING RAIN OR DRIZZLE
                        GRTST DEPTH:  M  ON   M    7 = DUSTSTORM OR SANDSTORM:
                                                       VSBY 1/2 MILE OR LESS
                                                   8 = SMOKE OR HAZE
[NO. OF DAYS WITH]      [WEATHER - DAYS WITH]      9 = BLOWING SNOW
                                                   X = TORNADO
MAX 32 OR BELOW:   0    0.01 INCH OR MORE:   0
MAX 90 OR ABOVE:   0    0.10 INCH OR MORE:   0
MIN 32 OR BELOW:   2    0.50 INCH OR MORE:   0
MIN  0 OR BELOW:   0    1.00 INCH OR MORE:   0

[HDD (BASE 65) ]
TOTAL THIS MO.   258    CLEAR  (SCALE 0-3)   8
DPTR FM NORMAL  -131    PTCLDY (SCALE 4-7)   6
TOTAL FM JUL 1  7086    CLOUDY (SCALE 8-10)  4
DPTR FM NORMAL  -257

[CDD (BASE 65) ]
TOTAL THIS MO.     0
DPTR FM NORMAL     0    [PRESSURE DATA]
TOTAL FM JAN 1     0    HIGHEST SLP M ON M
DPTR FM NORMAL     0    LOWEST  SLP M ON M

[REMARKS]
