000
CXUS51 KBTV 240700
CF6MSS
PRELIMINARY LOCAL CLIMATOLOGICAL DATA (WS FORM: F-6)

                                          STATION:   MASSENA NY
                                          MONTH:     APRIL
                                          YEAR:      2015
                                          LATITUDE:   44 55 N
                                          LONGITUDE:  74 51 W

  TEMPERATURE IN F:       :PCPN:    SNOW:  WIND      :SUNSHINE: SKY     :PK WND
================================================================================
1   2   3   4   5  6A  6B    7    8   9   10  11  12  13   14  15   16   17  18
                                     12Z  AVG MX 2MIN
DY MAX MIN AVG DEP HDD CDD  WTR  SNW DPTH SPD SPD DIR MIN PSBL S-S WX    SPD DR
================================================================================

 1  37  16  27  -9  38   0 0.00  0.0    0  6.6 15 280   M    M   0        22 290
 2  63  27  45   8  20   0 0.06    M    0 10.0 31 220   M    M   5 1      38 240
 3  59  42  51  14  14   0 0.12    M    0  9.8 22 240   M    M   6 18     27 230
 4  42  21  32  -6  33   0 0.16    M    0 10.5 22 270   M    M   5 1      30 290
 5  37  26  32  -6  33   0    T    M    0 10.2 23 290   M    M   5 1      37 270
 6  37  27  32  -7  33   0 0.24    M    0  1.6 10 230   M    M   9 18     13 210
 7  42  22  32  -7  33   0 0.00  0.0    0  4.6 15  30   M    M   4 12     19  30
 8  40  21  31  -9  34   0 0.01    M    0 12.5 23  50   M    M   5 1      28  40
 9  47  32  40   0  25   0 0.09    M    0  7.9 14 140   M    M   9 1      17  60
10  58  38  48   7  17   0 0.40    M    0 14.8 37 220   M    M   9 13     47 210
11  50  36  43   2  22   0    T    M    0 16.5 26 230   M    M   6        35 230
12  65  35  50   8  15   0 0.00  0.0    0 10.7 20 240   M    M   0        24 220
13  78  28  53  11  12   0 0.22    M    0 10.0 38 220   M    M   2 1      53 210
14  63  38  51   8  14   0    T    M    0 12.0 23 250   M    M   2        31 260
15  56  27  42  -1  23   0 0.00  0.0    0  5.7 16 330   M    M   0        23 290
16  65  25  45   1  20   0 0.00  0.0    0  3.1 30 220   M    M   1        36 230
17  66  44  55  11  10   0    T    M    0 11.2 23 210   M    M   6 1      30 210
18  63  40  52   7  13   0    T    M    0  9.8 26 280   M    M   5 1      33 310
19  56  26  41  -4  24   0 0.00  0.0    0  9.1 22  50   M    M   0        27  60
20  60  42  51   5  14   0 0.90    M    0 10.2 24 150   M    M   6 1      33 140
21  56  38  47   1  18   0 0.11    M    0 13.2 30 220   M    M   7 1      50 220
22  51  32  42  -5  23   0 0.16    M    0  9.8 23 210   M    M   7 1      31 210
23  43  35  39  -8  26   0 0.01    M    0 13.0 23 210   M    M   8        29 280
================================================================================
SM 1234  718       514   0  2.48     0.0 222.8          M      107
================================================================================
AV 53.7 31.2                               9.7 FASTST   M    M   5    MAX(MPH)
                                 MISC ---->  # 38 220               # 53  210
================================================================================
NOTES:
# LAST OF SEVERAL OCCURRENCES

COLUMN 17 PEAK WIND IN M.P.H.

PRELIMINARY LOCAL CLIMATOLOGICAL DATA (WS FORM: F-6) , PAGE 2

                                          STATION:  MASSENA NY
                                          MONTH:    APRIL
                                          YEAR:     2015
                                          LATITUDE:   44 55 N
                                          LONGITUDE:  74 51 W

[TEMPERATURE DATA]      [PRECIPITATION DATA]       SYMBOLS USED IN COLUMN 16

AVERAGE MONTHLY: 42.4   TOTAL FOR MONTH:   2.48    1 = FOG OR MIST
DPTR FM NORMAL:   0.7   DPTR FM NORMAL:    0.33    2 = FOG REDUCING VISIBILITY
HIGHEST:    78 ON 13    GRTST 24HR  1.00 ON 20-21      TO 1/4 MILE OR LESS
LOWEST:     16 ON  1                               3 = THUNDER
                        SNOW, ICE PELLETS, HAIL    4 = ICE PELLETS
                        TOTAL MONTH:   0.0 INCH    5 = HAIL
                        GRTST 24HR     0.0         6 = FREEZING RAIN OR DRIZZLE
                        GRTST DEPTH:   0           7 = DUSTSTORM OR SANDSTORM:
                                                       VSBY 1/2 MILE OR LESS
                                                   8 = SMOKE OR HAZE
[NO. OF DAYS WITH]      [WEATHER - DAYS WITH]      9 = BLOWING SNOW
                                                   X = TORNADO
MAX 32 OR BELOW:   0    0.01 INCH OR MORE:  12
MAX 90 OR ABOVE:   0    0.10 INCH OR MORE:   8
MIN 32 OR BELOW:  13    0.50 INCH OR MORE:   1
MIN  0 OR BELOW:   0    1.00 INCH OR MORE:   0

[HDD (BASE 65) ]
TOTAL THIS MO.   514    CLEAR  (SCALE 0-3)   7
DPTR FM NORMAL   -21    PTCLDY (SCALE 4-7)  12
TOTAL FM JUL 1  7975    CLOUDY (SCALE 8-10)  4
DPTR FM NORMAL   309

[CDD (BASE 65) ]
TOTAL THIS MO.     0
DPTR FM NORMAL     0    [PRESSURE DATA]
TOTAL FM JAN 1     0    HIGHEST SLP M ON M
DPTR FM NORMAL     0    LOWEST  SLP 29.50 ON  4

[REMARKS]
