000
CXUS52 KKEY 190552
CF6MTH
PRELIMINARY LOCAL CLIMATOLOGICAL DATA (WS FORM: F-6)

                                          STATION:   MARATHON
                                          MONTH:     APRIL
                                          YEAR:      2015
                                          LATITUDE:   24 43 N
                                          LONGITUDE:  81  5 W

  TEMPERATURE IN F:       :PCPN:    SNOW:  WIND      :SUNSHINE: SKY     :PK WND
================================================================================
1   2   3   4   5  6A  6B    7    8   9   10  11  12  13   14  15   16   17  18
                                     12Z  AVG MX 2MIN
DY MAX MIN AVG DEP HDD CDD  WTR  SNW DPTH SPD SPD DIR MIN PSBL S-S WX    SPD DR
================================================================================

 1  82  65  74  -2   0   9 0.00  0.0    0  5.7 13  40   M    M   1        15  40
 2  83  73  78   2   0  13 0.00  0.0    0  8.6 15  80   M    M   2        21 110
 3  84  74  79   3   0  14 0.00  0.0    0  8.4 15  80   M    M   1        22 100
 4  85  72  79   3   0  14 0.00  0.0    0  5.2 10  90   M    M   3        14  90
 5  85  69  77   1   0  12 0.00  0.0    0  6.6 13  80   M    M   1        19  90
 6  86  76  81   5   0  16 0.00  0.0    0  9.4 15  80   M    M   2 8      22 100
 7  86  75  81   4   0  16 0.02  0.0    0  9.6 15  70   M    M   2 1      20  70
 8  86  76  81   4   0  16 0.00  0.0    0 10.8 16  70   M    M   3        23  70
 9  86  77  82   5   0  17 0.00  0.0    0  9.9 16  80   M    M   2        21 100
10  87  78  83   6   0  18    T  0.0    0  8.6 15 120   M    M   1        25 110
11  87  77  82   5   0  17    T  0.0    0  8.2 12 120   M    M   2        18 140
12  88  79  84   7   0  19 0.00  0.0    0  8.6 14 120   M    M   1        22 110
13  87  79  83   6   0  18 0.01  0.0    0  9.4 14 130   M    M   1 8      22 130
14  87  78  83   6   0  18 0.00  0.0    0  8.8 14 100   M    M   2        20 110
15  88  79  84   7   0  19 0.00  0.0    0  7.9 13 120   M    M   2        20 110
16  88  79  84   7   0  19 0.00  0.0    0  8.2 13 140   M    M   1        20 140
17  88  79  84   6   0  19 0.00  0.0    0  6.8 12 160   M    M   1        18 160
18  89  79  84   6   0  19 0.00  0.0    0  5.8 10 150   M    M   2        14 150
================================================================================
SM 1552 1364         0 293  0.03     0.0 146.5          M       30
================================================================================
AV 86.2 75.8                               8.1 FASTST   M    M   2    MAX(MPH)
                                 MISC ---->  # 16  70               # 25  110
================================================================================
NOTES:
# LAST OF SEVERAL OCCURRENCES

COLUMN 17 PEAK WIND IN M.P.H.

PRELIMINARY LOCAL CLIMATOLOGICAL DATA (WS FORM: F-6) , PAGE 2

                                          STATION:  MARATHON
                                          MONTH:    APRIL
                                          YEAR:     2015
                                          LATITUDE:   24 43 N
                                          LONGITUDE:  81  5 W

[TEMPERATURE DATA]      [PRECIPITATION DATA]       SYMBOLS USED IN COLUMN 16

AVERAGE MONTHLY: 81.0   TOTAL FOR MONTH:   0.03    1 = FOG OR MIST
DPTR FM NORMAL:   4.2   DPTR FM NORMAL:   -1.28    2 = FOG REDUCING VISIBILITY
HIGHEST:    89 ON 18    GRTST 24HR  0.02 ON  7- 7      TO 1/4 MILE OR LESS
LOWEST:     65 ON  1                               3 = THUNDER
                        SNOW, ICE PELLETS, HAIL    4 = ICE PELLETS
                        TOTAL MONTH:   0.0 INCH    5 = HAIL
                        GRTST 24HR     0.0         6 = FREEZING RAIN OR DRIZZLE
                        GRTST DEPTH:   0           7 = DUSTSTORM OR SANDSTORM:
                                                       VSBY 1/2 MILE OR LESS
                                                   8 = SMOKE OR HAZE
[NO. OF DAYS WITH]      [WEATHER - DAYS WITH]      9 = BLOWING SNOW
                                                   X = TORNADO
MAX 32 OR BELOW:   0    0.01 INCH OR MORE:   2
MAX 90 OR ABOVE:   0    0.10 INCH OR MORE:   0
MIN 32 OR BELOW:   0    0.50 INCH OR MORE:   0
MIN  0 OR BELOW:   0    1.00 INCH OR MORE:   0

[HDD (BASE 65) ]
TOTAL THIS MO.     0    CLEAR  (SCALE 0-3)  18
DPTR FM NORMAL     0    PTCLDY (SCALE 4-7)   0
TOTAL FM JUL 1    50    CLOUDY (SCALE 8-10)  0
DPTR FM NORMAL   -31

[CDD (BASE 65) ]
TOTAL THIS MO.   293
DPTR FM NORMAL    82    [PRESSURE DATA]
TOTAL FM JAN 1  1084    HIGHEST SLP M ON M
DPTR FM NORMAL   208    LOWEST  SLP 29.92 ON 18

[REMARKS]
