000
CXUS53 KARX 210930
CF6OVS
PRELIMINARY LOCAL CLIMATOLOGICAL DATA (WS FORM: F-6)

                                          STATION:   BOSCOBEL_(ASOS) WI
                                          MONTH:     APRIL
                                          YEAR:      2015
                                          LATITUDE:   43  9 N
                                          LONGITUDE:  90 41 W

  TEMPERATURE IN F:       :PCPN:    SNOW:  WIND      :SUNSHINE: SKY     :PK WND
================================================================================
1   2   3   4   5  6A  6B    7    8   9   10  11  12  13   14  15   16   17  18
                                     12Z  AVG MX 2MIN
DY MAX MIN AVG DEP HDD CDD  WTR  SNW DPTH SPD SPD DIR MIN PSBL S-S WX    SPD DR
================================================================================

 1  82  29  56  14   9   0 0.00  0.0    0  9.3 24 200   M    M   0 1      37 200
 2  68  52  60  18   5   0 0.04  0.0    0  8.2 22 330   M    M   3        31 330
 3  53  26  40  -2  25   0 0.00  0.0    0  8.1 18 310   M    M   3 8      24 330
 4  60  26  43   0  22   0 0.00  0.0    0  6.5 20 280   M    M   4 8      27 250
 5  69  32  51   8  14   0 0.00  0.0    0  3.8 17  70   M    M   3 8      24  80
 6  65  31  48   4  17   0 0.01  0.0    0  8.1 16  70   M    M   3        23  70
 7  51  39  45   1  20   0 0.42  0.0    0 10.2 20  70   M    M  10 138    31  60
 8  48  40  44  -1  21   0 0.27  0.0    0  5.9 13  50   M    M   9 138    20  40
 9  57  38  48   3  17   0 1.69  0.0    0  7.2 24 320   M    M   8 13     36 320
10  52  37  45  -1  20   0    T  0.0    0  8.8 21 290   M    M   5 18     30 320
11  66  30  48   2  17   0 0.00  0.0    0  5.4 15 210   M    M   0 18     21 230
12  72  44  58  11   7   0 0.00  0.0    0  8.0 26 200   M    M   2        40 200
13  68  38  53   6  12   0 0.12    M    0  9.2 23 270   M    M   2 1      34 260
14  70  30  50   2  15   0 0.00  0.0    0  1.4  9 180   M    M   0 18     13 220
15  73  34  54   6  11   0 0.00    M    0  7.1 18 100   M    M   0 8      29 110
16  77  35  56   8   9   0 0.00  0.0    0  2.4 12 230   M    M   2 8      15 260
17  81  43  62  13   3   0 0.00  0.0    0  2.3 12 250   M    M   2 18     16 300
18  76  44  60  11   5   0    T  0.0    0  6.9 17  70   M    M   2 1      25  80
19  78  51  65  15   0   0 0.15  0.0    0  4.3 13 200   M    M   5 1      19 170
20  54  42  48  -2  17   0 0.66    M    0 13.2 23 280   M    M  10 1      32 260
================================================================================
SM 1320  741       266   0  3.36     0.0 136.3          M       73
================================================================================
AV 66.0 37.0                               6.8 FASTST   M    M   4    MAX(MPH)
                                 MISC ---->  # 26 200               # 40  200
================================================================================
NOTES:
# LAST OF SEVERAL OCCURRENCES

COLUMN 17 PEAK WIND IN M.P.H.

PRELIMINARY LOCAL CLIMATOLOGICAL DATA (WS FORM: F-6) , PAGE 2

                                          STATION:  BOSCOBEL_(ASOS) WI
                                          MONTH:    APRIL
                                          YEAR:     2015
                                          LATITUDE:   43  9 N
                                          LONGITUDE:  90 41 W

[TEMPERATURE DATA]      [PRECIPITATION DATA]       SYMBOLS USED IN COLUMN 16

AVERAGE MONTHLY: 51.5   TOTAL FOR MONTH:   3.36    1 = FOG OR MIST
DPTR FM NORMAL:   5.6   DPTR FM NORMAL:    1.37    2 = FOG REDUCING VISIBILITY
HIGHEST:    82 ON  1    GRTST 24HR  1.91 ON  8- 9      TO 1/4 MILE OR LESS
LOWEST:     26 ON  4, 3                            3 = THUNDER
                        SNOW, ICE PELLETS, HAIL    4 = ICE PELLETS
                        TOTAL MONTH:   0.0 INCH    5 = HAIL
                        GRTST 24HR     0.0         6 = FREEZING RAIN OR DRIZZLE
                        GRTST DEPTH:   0           7 = DUSTSTORM OR SANDSTORM:
                                                       VSBY 1/2 MILE OR LESS
                                                   8 = SMOKE OR HAZE
[NO. OF DAYS WITH]      [WEATHER - DAYS WITH]      9 = BLOWING SNOW
                                                   X = TORNADO
MAX 32 OR BELOW:   0    0.01 INCH OR MORE:   8
MAX 90 OR ABOVE:   0    0.10 INCH OR MORE:   6
MIN 32 OR BELOW:   7    0.50 INCH OR MORE:   2
MIN  0 OR BELOW:   0    1.00 INCH OR MORE:   1

[HDD (BASE 65) ]
TOTAL THIS MO.   266    CLEAR  (SCALE 0-3)  10
DPTR FM NORMAL  -116    PTCLDY (SCALE 4-7)   6
TOTAL FM JUL 1  6863    CLOUDY (SCALE 8-10)  4
DPTR FM NORMAL   186

[CDD (BASE 65) ]
TOTAL THIS MO.     0
DPTR FM NORMAL     0    [PRESSURE DATA]
TOTAL FM JAN 1     0    HIGHEST SLP M ON M
DPTR FM NORMAL    -1    LOWEST  SLP 29.29 ON 20

[REMARKS]
