000
CXUS54 KEPZ 011200
CF6SRR
PRELIMINARY LOCAL CLIMATOLOGICAL DATA (WS FORM: F-6)

                                          STATION:   RUIDOSO        AWOS
                                          MONTH:     MARCH
                                          YEAR:      2015
                                          LATITUDE:   33 28 N
                                          LONGITUDE: 105 32 W

  TEMPERATURE IN F:       :PCPN:    SNOW:  WIND      :SUNSHINE: SKY     :PK WND
================================================================================
1   2   3   4   5  6A  6B    7    8   9   10  11  12  13   14  15   16   17  18
                                     12Z  AVG MX 2MIN
DY MAX MIN AVG DEP HDD CDD  WTR  SNW DPTH SPD SPD DIR MIN PSBL S-S WX    SPD DR
================================================================================

 1  59  32  46   M  19   0 0.00  0.0    0 11.8 27 200   M    M   2 2      30 200
 2  57  28  43   M  22   0 0.00  0.0    0 17.2 35 220   M    M   5 128    55 220
 3  50  39  45   M  20   0 0.01    M    0 17.3 31 220   M    M   2        46 220
 4  48  16  32   M  33   0 0.00  0.0    0  9.1 21 290   M    M   6 12     29 290
 5  46  14  30   M  35   0 0.00  0.0    0  5.4 10 240   M    M   4 12     16 340
 6  55  25  40   M  25   0 0.00  0.0    0  6.0 14 120   M    M   0        21 120
 7  54  25  40   M  25   0 0.00  0.0    0  5.8 13 140   M    M   0         M  M
 8  55  34  45   M  20   0 0.01    M    M  5.6 17 240   M    M   5         M  M
 9  52  32  42   M  23   0    M    M    M  6.2 10 220   M    M   2         M  M
10  55  32  44   M  21   0 0.00  0.0    0  5.8 18 160   M    M   1        22 160
11  59  36  48   M  17   0 0.00  0.0    0  6.7 14 130   M    M   0        20 140
12  57  36  47   M  18   0 0.00  0.0    0  4.7  8 120   M    M   1         M  M
13  55  37  46   M  19   0 0.00  0.0    0  9.0 17  60   M    M   4        27  60
14  50  36  43   M  22   0 0.00  0.0    0  8.8 15  80   M    M   4        22  80
15  57  32  45   M  20   0 0.00  0.0    0  5.5 13 140   M    M   0        17 150
16  64  36  50   M  15   0 0.00  0.0    0  6.6 13 120   M    M   1        18 110
17  48  36  42   M  23   0    M  0.0    0  7.2 17 140   M    M   9 12     21 150
18  57  36  47   M  18   0    M    M    M  8.5 18 300   M    M   6 12     27 300
19  57  39  48   M  17   0    M    M    M  6.6 13 270   M    M   5 123     M  M
20  48  36  42   M  23   0 0.00  0.0    0  7.4 13 120   M    M   8 12     16 130
21  57  36  47   M  18   0    M    M    M  5.8 13 320   M    M   1        18 320
22  64  39  52   M  13   0 0.00  0.0    0  9.1 14 290   M    M   0         M  M
23  68  41  55   M  10   0 0.00  0.0    0 10.5 23 240   M    M   0        29 240
24  68  46  57   M   8   0 0.00  0.0    0 10.8 22 270   M    M   0        27 270
25  63  32  48   M  17   0 0.00  0.0    0 11.5 17 290   M    M   1        30  20
26  57  25  41   M  24   0 0.00  0.0    0  6.2 12 320   M    M   0        23 330
27  66  37  52   M  13   0 0.00  0.0    0  9.5 17 340   M    M   0        24 310
28  73  48  61   M   4   0 0.00  0.0    0 11.1 21 320   M    M   0        28 320
29  73  46  60   M   5   0 0.00  0.0    0 11.4 18 130   M    M   0        24 130
30  72  45  59   M   6   0 0.00  0.0    0 10.3 22 280   M    M   2        33 280
31  68  48  58   M   7   0 0.00  0.0    0  9.5 16 230   M    M   3        21 330
================================================================================
SM 1812 1080       560   0  0.02     0.0 266.9          M       72
================================================================================
AV 58.5 34.8                               8.6 FASTST   M    M   2    MAX(MPH)
                                 MISC ---->  # 35 220                 55    M
================================================================================
NOTES:
# LAST OF SEVERAL OCCURRENCES

COLUMN 17 PEAK WIND IN M.P.H.

PRELIMINARY LOCAL CLIMATOLOGICAL DATA (WS FORM: F-6) , PAGE 2

                                          STATION:  RUIDOSO        AWOS
                                          MONTH:    MARCH
                                          YEAR:     2015
                                          LATITUDE:   33 28 N
                                          LONGITUDE: 105 32 W

[TEMPERATURE DATA]      [PRECIPITATION DATA]       SYMBOLS USED IN COLUMN 16

AVERAGE MONTHLY: 46.6   TOTAL FOR MONTH:   0.02    1 = FOG OR MIST
DPTR FM NORMAL:     M   DPTR FM NORMAL:       M    2 = FOG REDUCING VISIBILITY
HIGHEST:    73 ON 29,28 GRTST 24HR  0.01 ON  8- 8      TO 1/4 MILE OR LESS
LOWEST:     14 ON  5                               3 = THUNDER
                        SNOW, ICE PELLETS, HAIL    4 = ICE PELLETS
                        TOTAL MONTH:   0.0 INCH    5 = HAIL
                        GRTST 24HR     0.0         6 = FREEZING RAIN OR DRIZZLE
                        GRTST DEPTH:   0           7 = DUSTSTORM OR SANDSTORM:
                                                       VSBY 1/2 MILE OR LESS
                                                   8 = SMOKE OR HAZE
[NO. OF DAYS WITH]      [WEATHER - DAYS WITH]      9 = BLOWING SNOW
                                                   X = TORNADO
MAX 32 OR BELOW:   0    0.01 INCH OR MORE:   2
MAX 90 OR ABOVE:   0    0.10 INCH OR MORE:   0
MIN 32 OR BELOW:  11    0.50 INCH OR MORE:   0
MIN  0 OR BELOW:   0    1.00 INCH OR MORE:   0

[HDD (BASE 65) ]
TOTAL THIS MO.   560    CLEAR  (SCALE 0-3)  21
DPTR FM NORMAL     M    PTCLDY (SCALE 4-7)   9
TOTAL FM JUL 1  4083    CLOUDY (SCALE 8-10)  1
DPTR FM NORMAL     M

[CDD (BASE 65) ]
TOTAL THIS MO.     0
DPTR FM NORMAL     M    [PRESSURE DATA]
TOTAL FM JAN 1     0    HIGHEST SLP M ON M
DPTR FM NORMAL     M    LOWEST  SLP M ON M

[REMARKS]
#FINAL-03-15#
