000
CXUS54 KFWD 260730
CF6TRL
PRELIMINARY LOCAL CLIMATOLOGICAL DATA (WS FORM: F-6)

                                          STATION:   TERRELL
                                          MONTH:     APRIL
                                          YEAR:      2015
                                          LATITUDE:   32 42 N
                                          LONGITUDE:  96 16 W

  TEMPERATURE IN F:       :PCPN:    SNOW:  WIND      :SUNSHINE: SKY     :PK WND
================================================================================
1   2   3   4   5  6A  6B    7    8   9   10  11  12  13   14  15   16   17  18
                                     12Z  AVG MX 2MIN
DY MAX MIN AVG DEP HDD CDD  WTR  SNW DPTH SPD SPD DIR MIN PSBL S-S WX    SPD DR
================================================================================

 1  81  67  74  13   0   9    T  0.0    0 12.3 24 160   M    M   5 138    29 180
 2  83  68  76  15   0  11    T  0.0    0 14.9 24 200   M    M   5 18     32 210
 3  76  57  67   6   0   2 0.00  0.0    0 13.9 23 300   M    M   3 8      33 340
 4  70  49  60  -2   5   0 0.00  0.0    0  7.9 18  40   M    M   1        22  40
 5  60  51  56  -6   9   0 1.11  0.0    0  7.5 14 110   M    M   9 13     18 130
 6  84  59  72  10   0   7    T  0.0    0 13.2 22 170   M    M   7 18     28 170
 7  83  70  77  15   0  12    T  0.0    0 12.5 22 180   M    M   6 18     31 200
 8  79  68  74  11   0   9    T  0.0    0 12.0 24 170   M    M   4 18     33 160
 9  82  65  74  11   0   9 0.39  0.0    0  9.4 25 180   M    M   5 138    35 170
10  72  53  63   0   2   0 0.00  0.0    0  7.6 17  10   M    M   0        23  10
11  76  52  64   0   1   0 0.00  0.0    0  5.4 12 100   M    M   1        17  60
12  80  63  72   8   0   7 0.03  0.0    0  6.9 16 130   M    M   8 18     20 190
13  73  64  69   5   0   4 0.10  0.0    0  8.9 16  10   M    M   9 13     21 360
14  66  59  63  -1   2   0 0.01  0.0    0  6.9 14 360   M    M  10 13      M  M
15  76  58  67   3   0   2 0.00  0.0    0  5.2 10 240   M    M   5 8      14 230
16  83  59  71   6   0   6 0.01  0.0    0  6.7 20  80   M    M   4 3      24  90
17  79  57  68   3   0   3 0.95  0.0    0  5.5 28 280   M    M   6 13     33 280
18  82  59  71   6   0   6 0.92  0.0    0  4.2 37 290   M    M   3 13     49 300
19  81  56  69   3   0   4 0.00  0.0    0 11.7 23 290   M    M   2 1      30 320
20  72  49  61  -5   4   0 0.00  0.0    0  6.1 18 320   M    M   0        24 320
21  73  50  62  -4   3   0 0.01  0.0    0  5.2 14 140   M    M   6 3      18 150
22  79  60  70   4   0   5 0.00  0.0    0  7.4 15 200   M    M   5 3      20 220
23  76  67  72   5   0   7 0.92  0.0    0  8.8 15 140   M    M   8 138    19 140
24  75  64  70   3   0   5 1.19  0.0    0  7.6 36 270   M    M   9 138    48 260
25   M  60   M   M   M   M 0.00  0.0    0  6.8 16 230   M    M   0 1      22 240
================================================================================
SM 1841 1484        26 108  5.64     0.0 214.5          M      121
================================================================================
AV 76.7 59.4                               8.6 FASTST   M    M   5    MAX(MPH)
                                 MISC ---->  # 37 290               # 49  300
================================================================================
NOTES:
# LAST OF SEVERAL OCCURRENCES

COLUMN 17 PEAK WIND IN M.P.H.

PRELIMINARY LOCAL CLIMATOLOGICAL DATA (WS FORM: F-6) , PAGE 2

                                          STATION:  TERRELL
                                          MONTH:    APRIL
                                          YEAR:     2015
                                          LATITUDE:   32 42 N
                                          LONGITUDE:  96 16 W

[TEMPERATURE DATA]      [PRECIPITATION DATA]       SYMBOLS USED IN COLUMN 16

AVERAGE MONTHLY: 68.0   TOTAL FOR MONTH:   5.64    1 = FOG OR MIST
DPTR FM NORMAL:   4.0   DPTR FM NORMAL:    3.03    2 = FOG REDUCING VISIBILITY
HIGHEST:    84 ON  6    GRTST 24HR  1.68 ON 17-18      TO 1/4 MILE OR LESS
LOWEST:     49 ON 20, 4                            3 = THUNDER
                        SNOW, ICE PELLETS, HAIL    4 = ICE PELLETS
                        TOTAL MONTH:   0.0 INCH    5 = HAIL
                        GRTST 24HR     0.0         6 = FREEZING RAIN OR DRIZZLE
                        GRTST DEPTH:   0           7 = DUSTSTORM OR SANDSTORM:
                                                       VSBY 1/2 MILE OR LESS
                                                   8 = SMOKE OR HAZE
[NO. OF DAYS WITH]      [WEATHER - DAYS WITH]      9 = BLOWING SNOW
                                                   X = TORNADO
MAX 32 OR BELOW:   0    0.01 INCH OR MORE:  11
MAX 90 OR ABOVE:   0    0.10 INCH OR MORE:   7
MIN 32 OR BELOW:   0    0.50 INCH OR MORE:   5
MIN  0 OR BELOW:   0    1.00 INCH OR MORE:   2

[HDD (BASE 65) ]
TOTAL THIS MO.    26    CLEAR  (SCALE 0-3)   7
DPTR FM NORMAL   -64    PTCLDY (SCALE 4-7)  14
TOTAL FM JUL 1  2197    CLOUDY (SCALE 8-10)  4
DPTR FM NORMAL  -146

[CDD (BASE 65) ]
TOTAL THIS MO.   108
DPTR FM NORMAL    42    [PRESSURE DATA]
TOTAL FM JAN 1   146    HIGHEST SLP M ON M
DPTR FM NORMAL    50    LOWEST  SLP 29.56 ON 24

[REMARKS]
