000
CDUS41 KBTV 060535
CLI1V4

CLIMATE REPORT
NATIONAL WEATHER SERVICE BURLINGTON VT
133 AM EDT WED MAY 6 2015

...................................

...THE ST. JOHNSBURY VT CLIMATE SUMMARY FOR MAY 5 2015...

CLIMATE NORMAL PERIOD 1981 TO 2010
CLIMATE RECORD PERIOD 1894 TO 2015


WEATHER ITEM   OBSERVED TIME   RECORD YEAR NORMAL DEPARTURE LAST
                VALUE   (LST)  VALUE       VALUE  FROM      YEAR
                                                  NORMAL
..................................................................
TEMPERATURE (F)
 YESTERDAY
  MAXIMUM         71        MM  91    1944  65      6       50
  MINIMUM         45        MM  22    1911  40      5       42
  AVERAGE         58                        53      5       46

PRECIPITATION (IN)
  YESTERDAY        0.01          0.58 1927   0.10  -0.09     0.00
  MONTH TO DATE    0.01                      0.51  -0.50     0.88
  SINCE MAR 1      3.80                      5.88  -2.08     6.83
  SINCE JAN 1      8.36                     10.56  -2.20    11.96

DEGREE DAYS
 HEATING
  YESTERDAY        7                        13     -6       19
  MONTH TO DATE   39                        67    -28       79
  SINCE MAR 1   2016                      1762    254     2176
  SINCE JUL 1   8081                      7486    595     8208

 COOLING
  YESTERDAY        0                         0      0        0
  MONTH TO DATE    0                         0      0        0
  SINCE MAR 1      0                         1     -1        0
  SINCE JAN 1      0                         1     -1        0
..................................................................


WIND (MPH)
  HIGHEST WIND SPEED    MM   HIGHEST WIND DIRECTION    MM
  HIGHEST GUST SPEED    MM   HIGHEST GUST DIRECTION    MM
  AVERAGE WIND SPEED    MM


SKY COVER
  AVERAGE SKY COVER 0.0


WEATHER CONDITIONS
 THE FOLLOWING WEATHER WAS RECORDED YESTERDAY.
  NO SIGNIFICANT WEATHER WAS OBSERVED.


RELATIVE HUMIDITY (PERCENT)
 HIGHEST    90           100 AM
 LOWEST     17           300 PM
 AVERAGE    54

..........................................................


THE ST. JOHNSBURY VT CLIMATE NORMALS FOR TODAY
                         NORMAL    RECORD    YEAR
 MAXIMUM TEMPERATURE (F)   66        88      1944
 MINIMUM TEMPERATURE (F)   40        24      1910


SUNRISE AND SUNSET
MAY  6 2015...........SUNRISE   532 AM EDT   SUNSET   758 PM EDT
MAY  7 2015...........SUNRISE   531 AM EDT   SUNSET   759 PM EDT


-  INDICATES NEGATIVE NUMBERS.
R  INDICATES RECORD WAS SET OR TIED.
MM INDICATES DATA IS MISSING.
T  INDICATES TRACE AMOUNT.

$$
