000
CDUS41 KPHI 180626
CLIABE


CLIMATE REPORT
NATIONAL WEATHER SERVICE MOUNT HOLLY NJ
226 AM EDT SAT APR 18 2015


...................................

...THE ALLENTOWN PA CLIMATE SUMMARY FOR APRIL 17 2015...

CLIMATE NORMAL PERIOD 1981 TO 2010
CLIMATE RECORD PERIOD 1922 TO 2015


WEATHER ITEM   OBSERVED TIME   RECORD YEAR NORMAL DEPARTURE LAST
                VALUE   (LST)  VALUE       VALUE  FROM      YEAR
                                                  NORMAL
..................................................................
TEMPERATURE (F)
 YESTERDAY
  MAXIMUM         71    523 PM  91    2002  62      9       53
                                      1976
  MINIMUM         50   1150 PM  27    2014  39     11       27
  AVERAGE         61                        50     11       40

PRECIPITATION (IN)
  YESTERDAY        0.02          1.38 1929   0.12  -0.10     0.00
  MONTH TO DATE    0.73                      2.05  -1.32     2.62
  SINCE MAR 1      5.20                      5.44  -0.24     5.06
  SINCE JAN 1      9.75                     11.17  -1.42    14.05

SNOWFALL (IN)
  YESTERDAY        0.0           T    2001   0.0    0.0      0.0
  MONTH TO DATE    0.0                       0.8   -0.8      0.3
  SINCE MAR 1     17.8                       5.7   12.1      1.4
  SINCE JUL 1     50.1                      32.7   17.4     68.1
  SNOW DEPTH       0

DEGREE DAYS
 HEATING
  YESTERDAY        4                        15    -11       25
  MONTH TO DATE  247                       296    -49      271
  SINCE MAR 1   1201                      1099    102     1233
  SINCE JUL 1   5682                      5408    274     5831

 COOLING
  YESTERDAY        0                         0      0        0
  MONTH TO DATE    0                         0      0        7
  SINCE MAR 1      0                         0      0        7
  SINCE JAN 1      0                         0      0        7
..................................................................


WIND (MPH)
  HIGHEST WIND SPEED    15   HIGHEST WIND DIRECTION     W (250)
  HIGHEST GUST SPEED    18   HIGHEST GUST DIRECTION     W (250)
  AVERAGE WIND SPEED     6.7


SKY COVER
  POSSIBLE SUNSHINE  MM
  AVERAGE SKY COVER 0.7


WEATHER CONDITIONS
 THE FOLLOWING WEATHER WAS RECORDED YESTERDAY.
  LIGHT RAIN
  FOG


RELATIVE HUMIDITY (PERCENT)
 HIGHEST    93           700 AM
 LOWEST     57           300 PM
 AVERAGE    75

..........................................................


THE ALLENTOWN PA CLIMATE NORMALS FOR TODAY
                         NORMAL    RECORD    YEAR
 MAXIMUM TEMPERATURE (F)   62        93      1976
 MINIMUM TEMPERATURE (F)   39        25      1948


SUNRISE AND SUNSET
APRIL 18 2015.........SUNRISE   619 AM EDT   SUNSET   744 PM EDT
APRIL 19 2015.........SUNRISE   617 AM EDT   SUNSET   745 PM EDT


-  INDICATES NEGATIVE NUMBERS.
R  INDICATES RECORD WAS SET OR TIED.
MM INDICATES DATA IS MISSING.
T  INDICATES TRACE AMOUNT.




$$
