000
CDUS42 KTAE 010634
CLIABY


CLIMATE REPORT
NATIONAL WEATHER SERVICE TALLAHASSEE FL
233 AM EDT WED APR 1 2015


...................................

...THE ALBANY CLIMATE SUMMARY FOR MARCH 31 2015...

CLIMATE NORMAL PERIOD 1981 TO 2010
CLIMATE RECORD PERIOD 1930 TO 2015


WEATHER ITEM   OBSERVED TIME   RECORD YEAR NORMAL DEPARTURE LAST
                VALUE   (LST)  VALUE       VALUE  FROM      YEAR
                                                  NORMAL
..................................................................
TEMPERATURE (F)
 YESTERDAY
  MAXIMUM         82    515 PM  91    1998  75      7       80
  MINIMUM         56    351 AM  27    1964  50      6       37
  AVERAGE         69                        63      6       59

PRECIPITATION (IN)
  YESTERDAY        T            MM      MM   0.19  -0.19     0.00
  MONTH TO DATE    2.17                      5.05  -2.88     2.80
  SINCE MAR 1      2.17                      5.05  -2.88     2.80
  SINCE JAN 1      9.50                     14.03  -4.53     8.04

SNOWFALL (IN)
  YESTERDAY        0.0                      MM

DEGREE DAYS
 HEATING
  YESTERDAY        0                         4     -4        6
  MONTH TO DATE  118                       208    -90      268
  SINCE MAR 1    118                       209    -91      268
  SINCE JUL 1   1842                      1769     73     1864

 COOLING
  YESTERDAY        4                         2      2        0
  MONTH TO DATE   66                        29     37        3
  SINCE MAR 1     66                        29     37        3
  SINCE JAN 1     68                        38     30        7
..................................................................


WIND (MPH)
  HIGHEST WIND SPEED    16   HIGHEST WIND DIRECTION     W (250)
  HIGHEST GUST SPEED    22   HIGHEST GUST DIRECTION    SW (240)
  AVERAGE WIND SPEED     6.0




RELATIVE HUMIDITY (PERCENT)
 HIGHEST   100
 LOWEST     43
 AVERAGE    72

..........................................................


THE ALBANY CLIMATE NORMALS FOR TODAY
                         NORMAL    RECORD    YEAR
 MAXIMUM TEMPERATURE (F)   76        89      1998
 MINIMUM TEMPERATURE (F)   50        27      1987


SUNRISE AND SUNSET
APRIL  1 2015.........SUNRISE   726 AM EDT   SUNSET   756 PM EDT
APRIL  2 2015.........SUNRISE   724 AM EDT   SUNSET   757 PM EDT


-  INDICATES NEGATIVE NUMBERS.
R  INDICATES RECORD WAS SET OR TIED.
MM INDICATES DATA IS MISSING.
T  INDICATES TRACE AMOUNT.




$$
