000
CDUS44 KFWD 272120
CLIACT


CLIMATE REPORT
NATIONAL WEATHER SERVICE FORT WORTH TX
420 PM CDT MON APR 27 2015


...................................

...THE WACO CLIMATE SUMMARY FOR APRIL 27 2015...
VALID AS OF 0400 PM LOCAL TIME.

CLIMATE NORMAL PERIOD 1981 TO 2010
CLIMATE RECORD PERIOD 1901 TO 2015


WEATHER ITEM   OBSERVED TIME   RECORD YEAR NORMAL DEPARTURE LAST
                VALUE   (LST)  VALUE       VALUE  FROM      YEAR
                                                  NORMAL
..................................................................
TEMPERATURE (F)
 TODAY
  MAXIMUM         79    201 PM  94    1971  80     -1       90
  MINIMUM         60    408 AM  42    1910  58      2       72
  AVERAGE         70

PRECIPITATION (IN)
  TODAY            0.41          3.46 1930   0.11   0.30     0.06
  MONTH TO DATE    4.32                      2.36   1.96     1.76
  SINCE MAR 1      7.17                      5.51   1.66     2.63
  SINCE JAN 1     11.90                     10.26   1.64     3.39

SNOWFALL (IN)
  TODAY            0.0           0.0    MM   0.0    0.0      0.0
  MONTH TO DATE    0.0                       0.2   -0.2      0.0
  SINCE MAR 1      0.7                       0.3    0.4      0.1
  SINCE JUL 1      1.4                       1.2    0.2      0.1
  SNOW DEPTH       0

..................................................................


WIND (MPH)
  HIGHEST WIND SPEED    29   HIGHEST WIND DIRECTION    SW (240)
  HIGHEST GUST SPEED    37   HIGHEST GUST DIRECTION    SW (240)
  AVERAGE WIND SPEED     5.8




..........................................................


THE WACO CLIMATE NORMALS FOR TOMORROW
                         NORMAL    RECORD    YEAR
 MAXIMUM TEMPERATURE (F)   81        94      1987
                                             1933
 MINIMUM TEMPERATURE (F)   58        41      2008


SUNRISE AND SUNSET
APRIL 27 2015.........SUNRISE   648 AM CDT   SUNSET   806 PM CDT
APRIL 28 2015.........SUNRISE   647 AM CDT   SUNSET   807 PM CDT


-  INDICATES NEGATIVE NUMBERS.
R  INDICATES RECORD WAS SET OR TIED.
MM INDICATES DATA IS MISSING.
T  INDICATES TRACE AMOUNT.




$$
