000
CDUS42 KCAE 270550
CLIAGS


CLIMATE REPORT
NATIONAL WEATHER SERVICE COLUMBIA SC
150 AM EDT MON APR 27 2015


...................................

...THE AUGUSTA REGIONAL BUSH FIELD GA CLIMATE SUMMARY FOR APRIL 26 2015...

CLIMATE NORMAL PERIOD 1981 TO 2010
CLIMATE RECORD PERIOD 1873 TO 2015


WEATHER ITEM   OBSERVED TIME   RECORD YEAR NORMAL DEPARTURE LAST
                VALUE   (LST)  VALUE       VALUE  FROM      YEAR
                                                  NORMAL
..................................................................
TEMPERATURE (F)
 YESTERDAY
  MAXIMUM         85    432 PM  91    2011  80      5       83
                                      1986
                                      1925
  MINIMUM         57   1159 PM  36    1910  51      6       48
  AVERAGE         71                        65      6       66

PRECIPITATION (IN)
  YESTERDAY        T             1.33 1967   0.08  -0.08     0.00
  MONTH TO DATE    4.49                      2.51   1.98     4.24
  SINCE MAR 1      7.53                      6.69   0.84     6.80
  SINCE JAN 1     14.33                     14.52  -0.19    13.01

SNOWFALL (IN)
  YESTERDAY        0.0          MM      MM   0.0             0.0
  MONTH TO DATE    0.0                       0.0             0.0
  SINCE MAR 1      0.0                       0.0             0.0
  SINCE JUL 1      T                         0.9             3.3

DEGREE DAYS
 HEATING
  YESTERDAY        0                         2     -2        0
  MONTH TO DATE   36                       115    -79      101
  SINCE MAR 1    249                       411   -162      501
  SINCE JUL 1   2535                      2443     92     2663

 COOLING
  YESTERDAY        6                         3      3        1
  MONTH TO DATE  102                        42     60       27
  SINCE MAR 1    114                        57     57       27
  SINCE JAN 1    114                        60     54       29
..................................................................


WIND (MPH)
  HIGHEST WIND SPEED    21   HIGHEST WIND DIRECTION     W (270)
  HIGHEST GUST SPEED    26   HIGHEST GUST DIRECTION     W (280)
  AVERAGE WIND SPEED    10.8


SKY COVER
  AVERAGE SKY COVER 0.3


WEATHER CONDITIONS
 THE FOLLOWING WEATHER WAS RECORDED YESTERDAY.
  LIGHT RAIN


RELATIVE HUMIDITY (PERCENT)
 HIGHEST   100           100 AM
 LOWEST     40           500 PM
 AVERAGE    70

..........................................................


THE AUGUSTA REGIONAL BUSH FIELD GA CLIMATE NORMALS FOR TODAY
                         NORMAL    RECORD    YEAR
 MAXIMUM TEMPERATURE (F)   80        96      1986
 MINIMUM TEMPERATURE (F)   51        38      2000
                                             1977
                                             1972


SUNRISE AND SUNSET
APRIL 27 2015.........SUNRISE   644 AM EDT   SUNSET   807 PM EDT
APRIL 28 2015.........SUNRISE   643 AM EDT   SUNSET   808 PM EDT


-  INDICATES NEGATIVE NUMBERS.
R  INDICATES RECORD WAS SET OR TIED.
MM INDICATES DATA IS MISSING.
T  INDICATES TRACE AMOUNT.




$$
