000
CDUS45 KBOU 270725
CLIAKO


CLIMATE REPORT
NATIONAL WEATHER SERVICE BOULDER, CO
125 AM MDT MON APR 27 2015


...................................

...THE AKRON CO CLIMATE SUMMARY FOR APRIL 26 2015...

CLIMATE NORMAL PERIOD 1981 TO 2010
CLIMATE RECORD PERIOD 9999 TO 9999


WEATHER ITEM   OBSERVED TIME   RECORD YEAR NORMAL DEPARTURE LAST
                VALUE   (LST)  VALUE       VALUE  FROM      YEAR
                                                  NORMAL
..................................................................
TEMPERATURE (F)
 YESTERDAY
  MAXIMUM         45    313 AM  86    1955  64    -19
  MINIMUM         40    853 PM  21    1988  37      3
  AVERAGE         43                        50     -7

PRECIPITATION (IN)
  YESTERDAY        0.12          0.55 1972   0.07   0.05     0.00
  MONTH TO DATE    1.19                      1.36  -0.17     0.60
  SINCE MAR 1      1.41                      2.23  -0.82     1.03
  SINCE JAN 1      1.69                      2.97  -1.28     1.46

DEGREE DAYS
 HEATING
  YESTERDAY       22
  MONTH TO DATE  419

 COOLING
  YESTERDAY        0
  MONTH TO DATE    0
..................................................................


WIND (MPH)
  HIGHEST WIND SPEED    25   HIGHEST WIND DIRECTION     E (80)
  HIGHEST GUST SPEED    35   HIGHEST GUST DIRECTION     E (80)




RELATIVE HUMIDITY (PERCENT)
 HIGHEST   100
 LOWEST    100
 AVERAGE   100

..........................................................


THE AKRON CO CLIMATE NORMALS FOR TODAY
                         NORMAL    RECORD    YEAR
 MAXIMUM TEMPERATURE (F)   65        84      1953
 MINIMUM TEMPERATURE (F)   37        21      1994


SUNRISE AND SUNSET
APRIL 27 2015.........SUNRISE   558 AM MDT   SUNSET   744 PM MDT
APRIL 28 2015.........SUNRISE   557 AM MDT   SUNSET   745 PM MDT


-  INDICATES NEGATIVE NUMBERS.
R  INDICATES RECORD WAS SET OR TIED.
MM INDICATES DATA IS MISSING.
T  INDICATES TRACE AMOUNT.




$$
