000
CDUS44 KAMA 172134
CLIAMA


CLIMATE REPORT
NATIONAL WEATHER SERVICE AMARILLO TX
432 PM CDT FRI APR 17 2015


...................................

...THE AMARILLO CLIMATE SUMMARY FOR APRIL 17 2015...
VALID TODAY AS OF 0400 PM LOCAL TIME.

CLIMATE NORMAL PERIOD 1981 TO 2010
CLIMATE RECORD PERIOD 1892 TO 2015


WEATHER ITEM   OBSERVED TIME   RECORD YEAR NORMAL DEPARTURE LAST
                VALUE   (LST)  VALUE       VALUE  FROM      YEAR
                                                  NORMAL
..................................................................
TEMPERATURE (F)
 TODAY
  MAXIMUM         72    248 PM  90    1955  72      0       53
                                      1928
  MINIMUM         46    439 AM  23    1921  42      4       36
  AVERAGE         59                        57      2       45

PRECIPITATION (IN)
  TODAY            0.00          1.34 1915   0.04  -0.04     0.00
  MONTH TO DATE    0.98                      0.72   0.26     0.51
  SINCE MAR 1      1.19                      2.11  -0.92     0.71
  SINCE JAN 1      3.27                      3.39  -0.12     1.10

SNOWFALL (IN)
  TODAY            0.0           0.5  1945   0.0    0.0      0.0
  MONTH TO DATE    0.0                       0.5   -0.5      0.4
  SINCE MAR 1      0.1                       3.4   -3.3      0.7
  SINCE JUL 1     23.9                      17.4    6.5     12.8
  SNOW DEPTH       0

DEGREE DAYS
 HEATING
  TODAY            6                         9     -3       20
  MONTH TO DATE   93                       188    -95      188
  SINCE MAR 1    533                       720   -187      747
  SINCE JUL 1   3658                      3997   -339     4100

 COOLING
  TODAY            0                         1     -1        0
  MONTH TO DATE   18                         3     15        5
  SINCE MAR 1     20                         5     15        5
  SINCE JAN 1     20                         5     15        5
..................................................................


WIND (MPH)
  RESULTANT WIND SPEED   5   RESULTANT WIND DIRECTION   S (190)
  HIGHEST WIND SPEED    20   HIGHEST WIND DIRECTION     S (170)
  HIGHEST GUST SPEED    26   HIGHEST GUST DIRECTION     S (180)
  AVERAGE WIND SPEED     5.3


SKY COVER
  AVERAGE SKY COVER 0.5


WEATHER CONDITIONS
 THE FOLLOWING WEATHER WAS RECORDED TODAY.
  FOG


RELATIVE HUMIDITY (PERCENT)
 HIGHEST   100           200 AM
 LOWEST     14           300 PM
 AVERAGE    57

..........................................................


THE AMARILLO CLIMATE NORMALS FOR TOMORROW
                         NORMAL    RECORD    YEAR
 MAXIMUM TEMPERATURE (F)   72        94      1948
 MINIMUM TEMPERATURE (F)   42        24      1953


SUNRISE AND SUNSET
APRIL 17 2015.........SUNRISE   712 AM CDT   SUNSET   821 PM CDT
APRIL 18 2015.........SUNRISE   711 AM CDT   SUNSET   822 PM CDT


-  INDICATES NEGATIVE NUMBERS.
R  INDICATES RECORD WAS SET OR TIED.
MM INDICATES DATA IS MISSING.
T  INDICATES TRACE AMOUNT.




$$
