000
CDAK48 PAFC 020043
CLIANC

CLIMATE REPORT
NATIONAL WEATHER SERVICE ANCHORAGE, AK
443 PM AKDT WED APR 1 2015


...................................

...THE ANCHORAGE AK CLIMATE SUMMARY FOR APRIL 1 2015...
VALID TODAY AS OF 0400 PM LOCAL TIME.

CLIMATE NORMAL PERIOD 1981 TO 2010
CLIMATE RECORD PERIOD 1952 TO 2015


WEATHER ITEM   OBSERVED RECORD YEAR NORMAL DEPARTURE LAST
                VALUE   VALUE       VALUE  FROM      YEAR
                                           NORMAL
...........................................................
TEMPERATURE (F)
 TODAY
  MAXIMUM         44     51    1995  39      5       41
  MINIMUM         31      1    2004  24      7       18
  AVERAGE         38                 31              30

PRECIPITATION (IN)
  TODAY            T      0.61 1977   0.01  -0.01     0.00
  MONTH TO DATE    T                  0.01  -0.01     0.00
  SINCE MAR 1      0.77               0.61   0.16     0.70
  SINCE JAN 1      1.85               2.06  -0.21     2.72

SNOWFALL (IN)
  TODAY            0.0    8.0  1977   0.2   -0.2      0.0
  MONTH TO DATE    0.0                0.2   -0.2      0.0
  SINCE MAR 1      0.2               10.1   -9.9     10.9
  SINCE JUL 1     20.7               70.4  -49.7     64.3
  SNOW DEPTH       0

DEGREE DAYS
 HEATING
  TODAY           27                 34     -7       35
  MONTH TO DATE   27                 34     -7       35
  SINCE MAR 1   1117               1226   -109     1201
  SINCE JUL 1   7469               8555  -1086     7950

 COOLING
  TODAY            0                  0      0        0
  MONTH TO DATE    0                  0      0        0
  SINCE MAR 1      0                  0      0        0
  SINCE JAN 1      0                  0      0        0
...........................................................


WIND (MPH)
  RESULTANT WIND SPEED   0   RESULTANT WIND DIRECTION   N (350)
  HIGHEST WIND SPEED     8   HIGHEST WIND DIRECTION     N (340)
  HIGHEST GUST SPEED    MM   HIGHEST GUST DIRECTION    MM
  AVERAGE WIND SPEED     1.0


SKY COVER
  POSSIBLE SUNSHINE  MM
  AVERAGE SKY COVER 0.8


WEATHER CONDITIONS
 THE FOLLOWING WEATHER WAS RECORDED TODAY.
  LIGHT RAIN


RELATIVE HUMIDITY (PERCENT)
 HIGHEST    92           700 AM
 LOWEST     53           200 PM
 AVERAGE    73

..........................................................


THE ANCHORAGE AK CLIMATE NORMALS FOR TOMORROW
                         NORMAL    RECORD    YEAR
 MAXIMUM TEMPERATURE (F)   39        55      1958
 MINIMUM TEMPERATURE (F)   24        -4      1985


SUNRISE AND SUNSET
APRIL  1 2015.........SUNRISE   724 AM AKDT  SUNSET   846 PM AKDT
APRIL  2 2015.........SUNRISE   720 AM AKDT  SUNSET   849 PM AKDT

CIVIL TWILIGHT
APRIL 1 2015            START   639 AM AKDT     END   931 PM AKDT
APRIL 2 2015            START   636 AM AKDT     END   934 PM AKDT



-  INDICATES NEGATIVE NUMBERS.
R  INDICATES RECORD WAS SET OR TIED.
MM INDICATES DATA IS MISSING.
T  INDICATES TRACE AMOUNT.




$$
&&
------------------------------------------------------
AMOUNT OF DAYLIGHT TODAY  (HOUR:MIN)........13:22
GAIN/LOSS SINCE YESTERDAY (HOUR:MIN:SEC)....+0:05:44

-
