000
CDUS43 KAPX 190540
CLIANJ


CLIMATE REPORT
NATIONAL WEATHER SERVICE GAYLORD MI
139 AM EDT SUN APR 19 2015


...................................

...THE SAULT STE MARIE MI CLIMATE SUMMARY FOR APRIL 18 2015...

CLIMATE NORMAL PERIOD 1981 TO 2010
CLIMATE RECORD PERIOD 1888 TO 2015


WEATHER ITEM   OBSERVED TIME   RECORD YEAR NORMAL DEPARTURE LAST
                VALUE   (LST)  VALUE       VALUE  FROM      YEAR
                                                  NORMAL
..................................................................
TEMPERATURE (F)
 YESTERDAY
  MAXIMUM         56   1235 PM  83    1976  51      5       37
  MINIMUM         35   1058 PM  15    1983  32      3       31
  AVERAGE         46                        42      4       34

PRECIPITATION (IN)
  YESTERDAY        0.00          0.99 1930   0.08  -0.08     0.00
  MONTH TO DATE    1.02                      1.49  -0.47     2.04
  SINCE MAR 1      2.44                      3.44  -1.00     3.75
  SINCE JAN 1      5.81                      6.97  -1.16     7.11

SNOWFALL (IN)
  YESTERDAY        0.0           1.5  1951   0.2   -0.2      0.0
  MONTH TO DATE    1.7                       5.1   -3.4     10.3
  SINCE OCT 1    167.5                     118.7   48.8    134.6
  SINCE JUL 1    167.5                     118.7   48.8    134.6
  SNOW DEPTH       1

DEGREE DAYS
 HEATING
  YESTERDAY       19                        23     -4       31
  MONTH TO DATE  488                       495     -7      585
  SINCE MAR 1   1812                      1695    117     2083
  SINCE JUL 1   8591                      7821    770     8863

 COOLING
  YESTERDAY        0                         0      0        0
  MONTH TO DATE    0                         0      0        0
  SINCE MAR 1      0                         0      0        0
  SINCE JAN 1      0                         0      0        0
..................................................................


WIND (MPH)
  HIGHEST WIND SPEED    15   HIGHEST WIND DIRECTION     N (20)
  HIGHEST GUST SPEED    23   HIGHEST GUST DIRECTION    NE (40)
  AVERAGE WIND SPEED     7.6




RELATIVE HUMIDITY (PERCENT)
 HIGHEST    76
 LOWEST     32
 AVERAGE    54

..........................................................


THE SAULT STE MARIE MI CLIMATE NORMALS FOR TODAY
                         NORMAL    RECORD    YEAR
 MAXIMUM TEMPERATURE (F)   51        81      2005
 MINIMUM TEMPERATURE (F)   33         5      1897


SUNRISE AND SUNSET
APRIL 19 2015.........SUNRISE   644 AM EDT   SUNSET   830 PM EDT
APRIL 20 2015.........SUNRISE   642 AM EDT   SUNSET   832 PM EDT


-  INDICATES NEGATIVE NUMBERS.
R  INDICATES RECORD WAS SET OR TIED.
MM INDICATES DATA IS MISSING.
T  INDICATES TRACE AMOUNT.




$$
