000
CDUS43 KAPX 272238
CLIAPN


CLIMATE REPORT
NATIONAL WEATHER SERVICE GAYLORD MI
638 PM EDT MON APR 27 2015


...................................

...THE ALPENA MI CLIMATE SUMMARY FOR APRIL 27 2015...
VALID TODAY AS OF 0500 PM LOCAL TIME.

CLIMATE NORMAL PERIOD 1981 TO 2010
CLIMATE RECORD PERIOD 1916 TO 2015


WEATHER ITEM   OBSERVED TIME   RECORD YEAR NORMAL DEPARTURE LAST
                VALUE   (LST)  VALUE       VALUE  FROM      YEAR
                                                  NORMAL
..................................................................
TEMPERATURE (F)
 TODAY
  MAXIMUM         54    306 PM  88    1990  58     -4       49
  MINIMUM         39    443 AM  19    1958  35      4       26
  AVERAGE         47                        46      1       38

PRECIPITATION (IN)
  TODAY            T             1.35 2011   0.07  -0.07     0.00
  MONTH TO DATE    2.14                      2.15  -0.01     3.76
  SINCE MAR 1      3.10                      4.01  -0.91     4.93
  SINCE JAN 1      4.89                      6.99  -2.10     7.46

SNOWFALL (IN)
  TODAY            0.0           2.8  1988   0.0             0.0
  MONTH TO DATE    2.0                       5.6             1.2
  SINCE OCT 1     48.6                      83.9            64.0
  SINCE JUL 1     48.6                      83.9            64.0

DEGREE DAYS
 HEATING
  TODAY           18                        19     -1       27
  MONTH TO DATE  653                       648      5      723
  SINCE MAR 1   1830                      1772     58     2121
  SINCE JUL 1   8093                      7504    589     8610

 COOLING
  TODAY            0                         0      0        0
  MONTH TO DATE    0                         0      0        0
  SINCE MAR 1      0                         0      0        0
  SINCE JAN 1      0                         0      0        0
..................................................................


WIND (MPH)
  RESULTANT WIND SPEED  13   RESULTANT WIND DIRECTION   N (350)
  HIGHEST WIND SPEED    20   HIGHEST WIND DIRECTION     N (360)
  HIGHEST GUST SPEED    24   HIGHEST GUST DIRECTION     N (10)
  AVERAGE WIND SPEED    12.9


SKY COVER
  POSSIBLE SUNSHINE  MM
  AVERAGE SKY COVER 1.0


WEATHER CONDITIONS
 THE FOLLOWING WEATHER WAS RECORDED TODAY.
  LIGHT RAIN


RELATIVE HUMIDITY (PERCENT)
 HIGHEST    79
 LOWEST     44
 AVERAGE    62

..........................................................


THE ALPENA MI CLIMATE NORMALS FOR TOMORROW
                         NORMAL    RECORD    YEAR
 MAXIMUM TEMPERATURE (F)   58        85      1974
 MINIMUM TEMPERATURE (F)   35        20      1996


SUNRISE AND SUNSET
APRIL 27 2015.........SUNRISE   630 AM EDT   SUNSET   835 PM EDT
APRIL 28 2015.........SUNRISE   628 AM EDT   SUNSET   836 PM EDT


-  INDICATES NEGATIVE NUMBERS.
R  INDICATES RECORD WAS SET OR TIED.
MM INDICATES DATA IS MISSING.
T  INDICATES TRACE AMOUNT.




$$
