000
CDUS44 KLCH 040849
CLIARA


CLIMATE REPORT
NATIONAL WEATHER SERVICE LAKE CHARLES, LA
349 AM CDT MON MAY 4 2015


...................................

...THE NEW IBERIA CLIMATE SUMMARY FOR MAY 3 2015...

CLIMATE NORMAL PERIOD 1981 TO 2010
CLIMATE RECORD PERIOD 1948 TO 2015


WEATHER ITEM   OBSERVED TIME   RECORD YEAR NORMAL DEPARTURE LAST
                VALUE   (LST)  VALUE       VALUE  FROM      YEAR
                                                  NORMAL
..................................................................
TEMPERATURE (F)
 YESTERDAY
  MAXIMUM         83    255 PM  92    2010  83      0       84
  MINIMUM         62    555 AM  49    2013  63     -1       53
                                      2004
  AVERAGE         73                        73      0       69

PRECIPITATION (IN)
  YESTERDAY        0.00          2.67 1978   0.13  -0.13     0.00
  MONTH TO DATE    0.00                      0.39  -0.39      T
  SINCE MAR 1     13.98                      8.23   5.75     3.78
  SINCE JAN 1     20.44                     17.64   2.80    12.12

SNOWFALL (IN)
  YESTERDAY        0.0           0.0    MM  MM               0.0
  MONTH TO DATE    0.0                      MM               0.0
  SINCE MAR 1      T                        MM               0.0
  SINCE JUL 1      T                        MM               0.1

DEGREE DAYS
 HEATING
  YESTERDAY        0                         0      0        0
  MONTH TO DATE    0                         0      0        2
  SINCE MAR 1     73                       192   -119      258
  SINCE JUL 1   1416                      1408      8     1782

 COOLING
  YESTERDAY        8                         8      0        4
  MONTH TO DATE   24                        23      1        6
  SINCE MAR 1    342                       212    130      184
  SINCE JAN 1    346                       243    103      202
..................................................................


WIND (MPH)
  RESULTANT WIND SPEED   4   RESULTANT WIND DIRECTION   S (180)
  HIGHEST WIND SPEED    15   HIGHEST WIND DIRECTION     S (190)
  HIGHEST GUST SPEED    19   HIGHEST GUST DIRECTION     S (200)
  AVERAGE WIND SPEED     5.0


SKY COVER
  POSSIBLE SUNSHINE  MM
  AVERAGE SKY COVER 0.2


WEATHER CONDITIONS
 THE FOLLOWING WEATHER WAS RECORDED YESTERDAY.
  FOG


RELATIVE HUMIDITY (PERCENT)
 HIGHEST    93           200 AM
 LOWEST     43           200 PM
 AVERAGE    68

..........................................................


THE NEW IBERIA CLIMATE NORMALS FOR TODAY
                         NORMAL    RECORD    YEAR
 MAXIMUM TEMPERATURE (F)   84        93      1952
 MINIMUM TEMPERATURE (F)   63        43      1954


SUNRISE AND SUNSET
MAY  4 2015...........SUNRISE   622 AM CDT   SUNSET   747 PM CDT
MAY  5 2015...........SUNRISE   621 AM CDT   SUNSET   747 PM CDT


-  INDICATES NEGATIVE NUMBERS.
R  INDICATES RECORD WAS SET OR TIED.
MM INDICATES DATA IS MISSING.
T  INDICATES TRACE AMOUNT.




$$
