000
CDUS43 KLOT 260636
CLIARR


CLIMATE REPORT
NATIONAL WEATHER SERVICE CHICAGO IL
136 AM CDT SUN APR 26 2015


...................................

...THE AURORA MUNICIPAL AIRPORT CLIMATE SUMMARY FOR APRIL 25 2015...

CLIMATE NORMAL PERIOD 1981 TO 2010
CLIMATE RECORD PERIOD 1998 TO 2015


WEATHER ITEM   OBSERVED TIME   RECORD YEAR NORMAL DEPARTURE LAST
                VALUE   (LST)  VALUE       VALUE  FROM      YEAR
                                                  NORMAL
..................................................................
TEMPERATURE (F)
 YESTERDAY
  MAXIMUM         49    436 PM  77    2008  64    -15       71
  MINIMUM         36   1119 PM  30    2005  40     -4       47
  AVERAGE         43                        52     -9       59

PRECIPITATION (IN)
  YESTERDAY        0.43          1.31 2007   0.12   0.31     0.08
  MONTH TO DATE    4.24                      2.59   1.65     1.56
  SINCE MAR 1      4.62                      4.82  -0.20     2.28
  SINCE JAN 1      5.30                      7.91  -2.61     4.13

DEGREE DAYS
 HEATING
  YESTERDAY       22                        13      9        6
  MONTH TO DATE  363                       435    -72      428
  SINCE MAR 1   1308                      1305      3     1509
  SINCE JUL 1   6763                      6443    320     7085

 COOLING
  YESTERDAY        0                         0      0        0
  MONTH TO DATE    0                         0      0        0
  SINCE MAR 1      0                         0      0        0
  SINCE JAN 1      0                         0      0        0
..................................................................


WIND (MPH)
  RESULTANT WIND SPEED  13   RESULTANT WIND DIRECTION  NE (60)
  HIGHEST WIND SPEED    25   HIGHEST WIND DIRECTION    NE (60)
  HIGHEST GUST SPEED    32   HIGHEST GUST DIRECTION    NE (60)
  AVERAGE WIND SPEED    13.9


SKY COVER
  POSSIBLE SUNSHINE  MM
  AVERAGE SKY COVER 0.8


WEATHER CONDITIONS
 THE FOLLOWING WEATHER WAS RECORDED YESTERDAY.
  RAIN
  LIGHT RAIN
  FOG
  HAZE


RELATIVE HUMIDITY (PERCENT)
 HIGHEST    89          1000 AM
 LOWEST     59          1100 PM
 AVERAGE    74

..........................................................


THE AURORA MUNICIPAL AIRPORT CLIMATE NORMALS FOR TODAY
                         NORMAL    RECORD    YEAR
 MAXIMUM TEMPERATURE (F)   64        79      2009
 MINIMUM TEMPERATURE (F)   40        25      2006


SUNRISE AND SUNSET
APRIL 26 2015.........SUNRISE   558 AM CDT   SUNSET   746 PM CDT
APRIL 27 2015.........SUNRISE   556 AM CDT   SUNSET   748 PM CDT


-  INDICATES NEGATIVE NUMBERS.
R  INDICATES RECORD WAS SET OR TIED.
MM INDICATES DATA IS MISSING.
T  INDICATES TRACE AMOUNT.




$$
