000
CDUS46 KPQR 251147
CLIAST


CLIMATE REPORT
NATIONAL WEATHER SERVICE PORTLAND OREGON
446 AM PDT SAT APR 25 2015


...................................

...THE ASTORIA OR CLIMATE SUMMARY FOR APRIL 24 2015...

CLIMATE NORMAL PERIOD 1981 TO 2010
CLIMATE RECORD PERIOD 1892 TO 2015


WEATHER ITEM   OBSERVED TIME   RECORD YEAR NORMAL DEPARTURE LAST
                VALUE   (LST)  VALUE       VALUE  FROM      YEAR
                                                  NORMAL
..................................................................
TEMPERATURE (F)
 YESTERDAY
  MAXIMUM         56    113 PM  79    1926  57     -1       56
  MINIMUM         43   1159 PM  31    1986  42      1       44
  AVERAGE         50                        50      0       50

PRECIPITATION (IN)
  YESTERDAY        0.14          1.30 1949   0.15  -0.01     0.51
  MONTH TO DATE    2.77                      4.35  -1.58     7.15
  SINCE OCT 1     50.45                     56.21  -5.76    43.93
  SINCE JAN 1     24.83                     29.19  -4.36    31.77

DEGREE DAYS
 HEATING
  YESTERDAY       15                        15      0       15
  MONTH TO DATE  389                       399    -10      368
  SINCE MAR 1    858                       977   -119      884
  SINCE JUL 1   3398                      4319   -921     4313

 COOLING
  YESTERDAY        0                         0      0        0
  MONTH TO DATE    0                         0      0        0
  SINCE MAR 1      0                         0      0        0
  SINCE JAN 1      0                         0      0        0
..................................................................


WIND (MPH)
  HIGHEST WIND SPEED    22   HIGHEST WIND DIRECTION     W (260)
  HIGHEST GUST SPEED    29   HIGHEST GUST DIRECTION     W (280)
  AVERAGE WIND SPEED     8.2


SKY COVER
  POSSIBLE SUNSHINE  MM
  AVERAGE SKY COVER 0.6


WEATHER CONDITIONS
 THE FOLLOWING WEATHER WAS RECORDED YESTERDAY.
  RAIN
  LIGHT RAIN


RELATIVE HUMIDITY (PERCENT)
 HIGHEST    92           900 PM
 LOWEST     61          1200 PM
 AVERAGE    77

..........................................................


THE ASTORIA OR CLIMATE NORMALS FOR TODAY
                         NORMAL    RECORD    YEAR
 MAXIMUM TEMPERATURE (F)   58        83      1941
 MINIMUM TEMPERATURE (F)   42        29      1955


SUNRISE AND SUNSET
APRIL 25 2015.........SUNRISE   612 AM PDT   SUNSET   816 PM PDT
APRIL 26 2015.........SUNRISE   610 AM PDT   SUNSET   817 PM PDT


-  INDICATES NEGATIVE NUMBERS.
R  INDICATES RECORD WAS SET OR TIED.
MM INDICATES DATA IS MISSING.
T  INDICATES TRACE AMOUNT.




$$
