000
CDUS44 KEWX 242258
CLIATT


CLIMATE REPORT
NATIONAL WEATHER SERVICE AUSTIN/SAN ANTONIO, TX
557 PM CDT FRI APR 24 2015


...................................

...THE AUSTIN CAMP MABRY CLIMATE SUMMARY FOR APRIL 24 2015...
VALID TODAY AS OF 557 PM LOCAL TIME.

CLIMATE NORMAL PERIOD 1981 TO 2010
CLIMATE RECORD PERIOD 1897 TO 2015


WEATHER ITEM   OBSERVED TIME   RECORD YEAR NORMAL DEPARTURE LAST
                VALUE   (LST)  VALUE       VALUE  FROM      YEAR
                                                  NORMAL
..................................................................
TEMPERATURE (F)
 TODAY
  MAXIMUM         85    407 PM  96    2003  82      3       88
  MINIMUM         69    708 AM  44    1928  61      8       67
  AVERAGE         77                        71      6       78

PRECIPITATION (IN)
  TODAY            0.43          1.60 1966   0.08   0.35     0.00
  MONTH TO DATE    1.63                      1.56   0.07     1.89
  SINCE MAR 1      6.46                      4.32   2.14     3.16
  SINCE JAN 1     11.98                      8.56   3.42     3.99

SNOWFALL (IN)
  TODAY            0.0
  MONTH TO DATE    0.0
  SINCE MAR 1      T
  SINCE JUL 1      T
  SNOW DEPTH       0

DEGREE DAYS
 HEATING
  TODAY            0                         0      0        0
  MONTH TO DATE    4                        37    -33       49
  SINCE MAR 1    207                       199      8      275
  SINCE JUL 1   1690                      1536    154     1771

 COOLING
  TODAY           12                         7      5       13
  MONTH TO DATE  164                       120     44      115
  SINCE MAR 1    226                       181     45      158
  SINCE JAN 1    237                       208     29      199
..................................................................


WIND (MPH)
  HIGHEST WIND SPEED    14   HIGHEST WIND DIRECTION     S (160)
  HIGHEST GUST SPEED    23   HIGHEST GUST DIRECTION     S (170)
  AVERAGE WIND SPEED     7.0


SKY COVER
  AVERAGE SKY COVER 0.8


WEATHER CONDITIONS
 THE FOLLOWING WEATHER WAS RECORDED TODAY.
  THUNDERSTORM
  HEAVY RAIN
  RAIN
  LIGHT RAIN
  FOG


RELATIVE HUMIDITY (PERCENT)
 HIGHEST   100           900 AM
 LOWEST     69           300 PM
 AVERAGE    85

..........................................................


THE AUSTIN CAMP MABRY CLIMATE NORMALS FOR TOMORROW
                         NORMAL    RECORD    YEAR
 MAXIMUM TEMPERATURE (F)   82        95      1996
 MINIMUM TEMPERATURE (F)   61        42      1910


SUNRISE AND SUNSET
APRIL 24 2015.........SUNRISE   654 AM CDT   SUNSET   804 PM CDT
APRIL 25 2015.........SUNRISE   653 AM CDT   SUNSET   805 PM CDT


-  INDICATES NEGATIVE NUMBERS.
R  INDICATES RECORD WAS SET OR TIED.
MM INDICATES DATA IS MISSING.
T  INDICATES TRACE AMOUNT.




$$
