000
CDUS45 KCYS 050336
CLIBFF


CLIMATE REPORT
NATIONAL WEATHER SERVICE CHEYENNE WY
936 PM MDT MON MAY 4 2015


...................................

...THE SCOTTSBLUFF NE AIRPORT CLIMATE SUMMARY FOR MAY 4 2015...
VALID TODAY AS OF 0900 PM LOCAL TIME.

CLIMATE NORMAL PERIOD 1981 TO 2010
CLIMATE RECORD PERIOD 1871 TO 2015


WEATHER ITEM   OBSERVED TIME   RECORD YEAR NORMAL DEPARTURE LAST
                VALUE   (LST)  VALUE       VALUE  FROM      YEAR
                                                  NORMAL
..................................................................
TEMPERATURE (F)
 TODAY
  MAXIMUM         62    437 PM  92    1936  68     -6       81
  MINIMUM         48    738 AM  20    1898  38     10       41
  AVERAGE         55                        53      2       61

PRECIPITATION (IN)
  TODAY            0.05          0.73 1908   0.06  -0.01     0.00
  MONTH TO DATE    0.06                      0.26  -0.20      T
  SINCE MAR 1      3.43                      3.09   0.34     1.47
  SINCE JAN 1      4.27                      4.10   0.17     3.07

SNOWFALL (IN)
  TODAY            0.0           5.0  1908   0.1   -0.1      0.0
  MONTH TO DATE    0.0                       0.2   -0.2      0.0
  SINCE JUL 1     43.7                      41.8    1.9     61.5
  SNOW DEPTH       0

DEGREE DAYS
 HEATING
  TODAY           10                        12     -2        4
  MONTH TO DATE   21                        51    -30       39
  SINCE MAR 1   1110                      1432   -322     1366
  SINCE JUL 1   5825                      6344   -519     6399

 COOLING
  TODAY            0                         0      0        0
  MONTH TO DATE    0                         0      0        0
  SINCE MAR 1      0                         2     -2        0
  SINCE JAN 1      0                         2     -2        0
..................................................................


WIND (MPH)
  HIGHEST WIND SPEED    20   HIGHEST WIND DIRECTION    SE (130)
  HIGHEST GUST SPEED    25   HIGHEST GUST DIRECTION    SE (130)
  AVERAGE WIND SPEED    11.8


SKY COVER
  AVERAGE SKY COVER 0.7


WEATHER CONDITIONS
 THE FOLLOWING WEATHER WAS RECORDED TODAY.
  LIGHT RAIN


RELATIVE HUMIDITY (PERCENT)
 HIGHEST    68           900 AM
 LOWEST     39           300 PM
 AVERAGE    54

..........................................................


THE SCOTTSBLUFF NE AIRPORT CLIMATE NORMALS FOR TOMORROW
                         NORMAL    RECORD    YEAR
 MAXIMUM TEMPERATURE (F)   68        95      2004
 MINIMUM TEMPERATURE (F)   39        21      1898


SUNRISE AND SUNSET
MAY  4 2015...........SUNRISE   547 AM MDT   SUNSET   756 PM MDT
MAY  5 2015...........SUNRISE   546 AM MDT   SUNSET   757 PM MDT


-  INDICATES NEGATIVE NUMBERS.
R  INDICATES RECORD WAS SET OR TIED.
MM INDICATES DATA IS MISSING.
T  INDICATES TRACE AMOUNT.




$$
