000
CDUS44 KAMA 262129
CLIBGD


CLIMATE REPORT
NATIONAL WEATHER SERVICE AMARILLO TX
428 PM CDT SUN APR 26 2015


...................................

...THE BORGER CLIMATE SUMMARY FOR APRIL 26 2015...
VALID TODAY AS OF 0400 PM LOCAL TIME.

CLIMATE NORMAL PERIOD 1981 TO 2013
CLIMATE RECORD PERIOD 1949 TO 2015


WEATHER ITEM   OBSERVED TIME   RECORD YEAR NORMAL DEPARTURE LAST
                VALUE   (LST)  VALUE       VALUE  FROM      YEAR
                                                  NORMAL
..................................................................
TEMPERATURE (F)
 TODAY
  MAXIMUM         71    155 PM  95    1959  75     -4       90
  MINIMUM         50    625 AM  36    2006  48      2       65
  AVERAGE         61                        62     -1       78

PRECIPITATION (IN)
  TODAY            0.00          0.76 1965   0.04  -0.04     0.00
  MONTH TO DATE    1.25                      1.39  -0.14     0.11
  SINCE MAR 1      1.52                      2.80  -1.28     0.18
  SINCE JAN 1      3.37                      4.01  -0.64     0.56

SNOWFALL (IN)
  TODAY            0.0           T    1954                   0.0
  MONTH TO DATE    0.0                                       1.1
  SINCE MAR 1      T                                         2.1
  SINCE JUL 1     17.5                                      14.7
  SNOW DEPTH       0

DEGREE DAYS
 HEATING
  TODAY            4                         5     -1        0
  MONTH TO DATE  105                       208   -103      169
  SINCE MAR 1    465                       692   -227      671
  SINCE JUL 1   3337                      3685   -348     3749

 COOLING
  TODAY            0                         2     -2       13
  MONTH TO DATE   47                        29     18       63
  SINCE MAR 1     54                        36     18       65
  SINCE JAN 1     54                        36     18       65
..................................................................


WIND (MPH)
  RESULTANT WIND SPEED  10   RESULTANT WIND DIRECTION   E (80)
  HIGHEST WIND SPEED    26   HIGHEST WIND DIRECTION     E (70)
  HIGHEST GUST SPEED    35   HIGHEST GUST DIRECTION    NE (60)
  AVERAGE WIND SPEED    11.3


SKY COVER
  AVERAGE SKY COVER 0.1


WEATHER CONDITIONS
 THE FOLLOWING WEATHER WAS RECORDED TODAY.
  NO SIGNIFICANT WEATHER WAS OBSERVED.


RELATIVE HUMIDITY (PERCENT)
 HIGHEST    83           800 AM
 LOWEST     28          1200 AM
 AVERAGE    56

..........................................................


THE BORGER CLIMATE NORMALS FOR TOMORROW
                         NORMAL    RECORD    YEAR
 MAXIMUM TEMPERATURE (F)   76        91      1974
 MINIMUM TEMPERATURE (F)   49        30      1995


SUNRISE AND SUNSET
APRIL 26 2015.........SUNRISE   659 AM CDT   SUNSET   828 PM CDT
APRIL 27 2015.........SUNRISE   658 AM CDT   SUNSET   829 PM CDT


-  INDICATES NEGATIVE NUMBERS.
R  INDICATES RECORD WAS SET OR TIED.
MM INDICATES DATA IS MISSING.
T  INDICATES TRACE AMOUNT.




$$
