000
CDUS41 KCAR 012027
CLIBGR


CLIMATE REPORT
NATIONAL WEATHER SERVICE CARIBOU, ME
426 PM EDT WED APR 1 2015


...................................

...THE BANGOR ME CLIMATE SUMMARY FOR APRIL 1 2015...
VALID TODAY AS OF 0400 PM LOCAL TIME.

CLIMATE NORMAL PERIOD 1981 TO 2010
CLIMATE RECORD PERIOD 1925 TO 2015


WEATHER ITEM   OBSERVED TIME   RECORD YEAR NORMAL DEPARTURE LAST
                VALUE   (LST)  VALUE       VALUE  FROM      YEAR
                                                  NORMAL
..................................................................
TEMPERATURE (F)
 TODAY
  MAXIMUM         35    259 PM  64    1986  46    -11       47
                                      1938
  MINIMUM         19    456 AM   4    1928  27     -8       26
  AVERAGE         27                        36     -9       37

PRECIPITATION (IN)
  TODAY            0.00          1.61 1962   0.12  -0.12     0.00
  MONTH TO DATE    0.00                      0.12  -0.12     0.00
  SINCE MAR 1      1.45                      3.50  -2.05     3.65
  SINCE JAN 1      6.34                      8.91  -2.57     8.82

SNOWFALL (IN)
  TODAY            0.0          14.4  2011   0.3   -0.3      0.0
  MONTH TO DATE    0.0                       0.3   -0.3      0.0
  SINCE MAR 1     15.6                      12.0    3.6     15.7
  SINCE JUL 1    132.7                      62.7   70.0     78.9
  SNOW DEPTH      MM

DEGREE DAYS
 HEATING
  TODAY           38                        29      9       28
  MONTH TO DATE   38                        29      9       28
  SINCE MAR 1   1290                      1106    184     1332
  SINCE JUL 1   7180                      6752    428     7084

 COOLING
  TODAY            0                         0      0        0
  MONTH TO DATE    0                         0      0        0
  SINCE MAR 1      0                         0      0        0
  SINCE JAN 1      0                         0      0        0
..................................................................


WIND (MPH)
  HIGHEST WIND SPEED    25   HIGHEST WIND DIRECTION    NW (330)
  HIGHEST GUST SPEED    33   HIGHEST GUST DIRECTION    NW (330)
  AVERAGE WIND SPEED    12.1


SKY COVER
  POSSIBLE SUNSHINE  MM
  AVERAGE SKY COVER 0.1


WEATHER CONDITIONS
 THE FOLLOWING WEATHER WAS RECORDED TODAY.
  NO SIGNIFICANT WEATHER WAS OBSERVED.


RELATIVE HUMIDITY (PERCENT)
 HIGHEST    67           500 AM
 LOWEST     29           300 PM
 AVERAGE    48

..........................................................


THE BANGOR ME CLIMATE NORMALS FOR TOMORROW
                         NORMAL    RECORD    YEAR
 MAXIMUM TEMPERATURE (F)   47        69      1945
 MINIMUM TEMPERATURE (F)   27        14      1964


SUNRISE AND SUNSET
APRIL  1 2015.........SUNRISE   617 AM EDT   SUNSET   703 PM EDT
APRIL  2 2015.........SUNRISE   615 AM EDT   SUNSET   704 PM EDT


-  INDICATES NEGATIVE NUMBERS.
R  INDICATES RECORD WAS SET OR TIED.
MM INDICATES DATA IS MISSING.
T  INDICATES TRACE AMOUNT.




$$
