000
CDUS44 KBMX 030639
CLIBHM


CLIMATE REPORT
NATIONAL WEATHER SERVICE BIRMINGHAM, AL
139 AM CDT SUN MAY 3 2015


...................................

...THE BIRMINGHAM CLIMATE SUMMARY FOR MAY 2 2015...

CLIMATE NORMAL PERIOD 1981 TO 2010
CLIMATE RECORD PERIOD 2014 TO 2015


WEATHER ITEM   OBSERVED TIME   RECORD YEAR NORMAL DEPARTURE LAST
                VALUE   (LST)  VALUE       VALUE  FROM      YEAR
                                                  NORMAL
..................................................................
TEMPERATURE (F)
 YESTERDAY
  MAXIMUM         77    451 PM  92    1901  78     -1       72
  MINIMUM         47    520 AM  38    1963  55     -8       50
  AVERAGE         62                        67     -5       61

PRECIPITATION (IN)
  YESTERDAY        0.00          1.95 1964   0.16  -0.16     0.00
  MONTH TO DATE    0.00                      0.32  -0.32     0.00
  SINCE MAR 1     14.47                      9.93   4.54    13.61
  SINCE JAN 1     23.17                     19.30   3.87    20.54

SNOWFALL (IN)
  YESTERDAY        0.0                       0.0    0.0      0.0
  MONTH TO DATE    0.0                       0.0    0.0      0.0
  SINCE MAR 1      0.1                       0.8   -0.7      0.0
  SINCE JUL 1      0.8                       1.6   -0.8      5.0
  SNOW DEPTH       0

DEGREE DAYS
 HEATING
  YESTERDAY        3                         2      1        4
  MONTH TO DATE    8                         4      4       11
  SINCE MAR 1    318                       465   -147      481
  SINCE JUL 1   2784                      2655    129     2979

 COOLING
  YESTERDAY        0                         4     -4        0
  MONTH TO DATE    0                         8     -8        0
  SINCE MAR 1     82                        88     -6       56
  SINCE JAN 1     82                        92    -10       59
..................................................................


WIND (MPH)
  HIGHEST WIND SPEED    12   HIGHEST WIND DIRECTION    SW (230)
  HIGHEST GUST SPEED    15   HIGHEST GUST DIRECTION     W (260)
  AVERAGE WIND SPEED     2.1


SKY COVER
  AVERAGE SKY COVER 0.2


WEATHER CONDITIONS
 THE FOLLOWING WEATHER WAS RECORDED YESTERDAY.
  FOG


RELATIVE HUMIDITY (PERCENT)
 HIGHEST   100           500 AM
 LOWEST     31           400 PM
 AVERAGE    66

..........................................................


THE BIRMINGHAM CLIMATE NORMALS FOR TODAY
                         NORMAL    RECORD    YEAR
 MAXIMUM TEMPERATURE (F)   79        93      1902
 MINIMUM TEMPERATURE (F)   56        40      1971
                                             1967


SUNRISE AND SUNSET
MAY  3 2015...........SUNRISE   557 AM CDT   SUNSET   731 PM CDT
MAY  4 2015...........SUNRISE   556 AM CDT   SUNSET   732 PM CDT


-  INDICATES NEGATIVE NUMBERS.
R  INDICATES RECORD WAS SET OR TIED.
MM INDICATES DATA IS MISSING.
T  INDICATES TRACE AMOUNT.




$$
