000
CDUS45 KBYZ 270933
CLIBIL


CLIMATE REPORT
NATIONAL WEATHER SERVICE BILLINGS MT
331 AM MDT MON APR 27 2015


...................................

...THE BILLINGS MT CLIMATE SUMMARY FOR APRIL 26 2015...

CLIMATE NORMAL PERIOD 1981 TO 2010
CLIMATE RECORD PERIOD 1934 TO 2015


WEATHER ITEM   OBSERVED TIME   RECORD YEAR NORMAL DEPARTURE LAST
                VALUE   (LST)  VALUE       VALUE  FROM      YEAR
                                                  NORMAL
..................................................................
TEMPERATURE (F)
 YESTERDAY
  MAXIMUM         41   1210 AM  85    1946  61    -20       63
  MINIMUM         36   1159 PM  23    1994  38     -2       37
  AVERAGE         39                        49    -10       50

PRECIPITATION (IN)
  YESTERDAY        0.17          0.85 1986   0.06   0.11     0.81
  MONTH TO DATE    1.50                      1.40   0.10     1.07
  SINCE OCT 1      4.74                      5.73  -0.99    10.36
  SINCE JAN 1      3.17                      3.42  -0.25     5.47

SNOWFALL (IN)
  YESTERDAY        T             5.6  1986   0.2   -0.2      0.0
  MONTH TO DATE    5.9                       7.5   -1.6      0.6
  SINCE MAR 1     11.3                      17.7   -6.4     11.2
  SINCE JUL 1     55.4                      52.2    3.2    101.4
  SNOW DEPTH       0

DEGREE DAYS
 HEATING
  YESTERDAY       26                        16     10       15
  MONTH TO DATE  473                       507    -34      472
  SINCE MAR 1   1029                      1352   -323     1439
  SINCE JUL 1   5670                      6317   -647     6712

 COOLING
  YESTERDAY        0                         0      0        0
  MONTH TO DATE    0                         0      0        0
  SINCE MAR 1      0                         0      0        0
  SINCE JAN 1      0                         0      0        0
..................................................................


WIND (MPH)
  HIGHEST WIND SPEED    21   HIGHEST WIND DIRECTION    NE (50)
  HIGHEST GUST SPEED    25   HIGHEST GUST DIRECTION    NE (40)
  AVERAGE WIND SPEED    10.8


SKY COVER
  POSSIBLE SUNSHINE  MM
  AVERAGE SKY COVER 1.0


WEATHER CONDITIONS
 THE FOLLOWING WEATHER WAS RECORDED YESTERDAY.
  LIGHT RAIN
  SNOW
  FOG


RELATIVE HUMIDITY (PERCENT)
 HIGHEST    92           500 AM
 LOWEST     79          1200 AM
 AVERAGE    86

..........................................................


THE BILLINGS MT CLIMATE NORMALS FOR TODAY
                         NORMAL    RECORD    YEAR
 MAXIMUM TEMPERATURE (F)   62        84      1987
 MINIMUM TEMPERATURE (F)   38        20      1994


SUNRISE AND SUNSET
APRIL 27 2015.........SUNRISE   608 AM MDT   SUNSET   816 PM MDT
APRIL 28 2015.........SUNRISE   607 AM MDT   SUNSET   818 PM MDT


-  INDICATES NEGATIVE NUMBERS.
R  INDICATES RECORD WAS SET OR TIED.
MM INDICATES DATA IS MISSING.
T  INDICATES TRACE AMOUNT.





&&

...THE CLIMATE SUMMARY FOR SOUTHWEST BILLINGS FOR 26 APRIL 2015...

HIGH TEMPERATURE........................44
LOW TEMPERATURE.........................38

PRECIPITATION...........................0.16
MONTHLY PRECIPITATION TOTAL.............1.57
YEARLY PRECIPITATION TOTAL..............3.25

SNOWFALL................................T
MONTHLY SNOWFALL TOTAL..................2.4
TOTAL SNOWFALL SINCE JULY 1.............53.3

SNOW DEPTH AT MIDNIGHT..................0

$$
