000
CDUS43 KBIS 030722
CLIBIS


CLIMATE REPORT
NATIONAL WEATHER SERVICE BISMARCK ND
221 AM CDT SUN MAY 3 2015


...................................

...THE BISMARCK ND CLIMATE SUMMARY FOR MAY 2 2015...

CLIMATE NORMAL PERIOD 1981 TO 2010
CLIMATE RECORD PERIOD 1875 TO 2015


WEATHER ITEM   OBSERVED TIME   RECORD YEAR NORMAL DEPARTURE LAST
                VALUE   (LST)  VALUE       VALUE  FROM      YEAR
                                                  NORMAL
..................................................................
TEMPERATURE (F)
 YESTERDAY
  MAXIMUM         87    117 PM  94    1955  64     23       63
  MINIMUM         42    302 AM  17    1967  37      5       46
                                      1907
  AVERAGE         65                        51     14       55

PRECIPITATION (IN)
  YESTERDAY        0.00          0.85 1957   0.07  -0.07      T
  MONTH TO DATE    0.00                      0.13  -0.13      T
  SINCE MAR 1      0.82                      2.26  -1.44     2.77
  SINCE JAN 1      1.96                      3.20  -1.24     3.34

SNOWFALL (IN)
  YESTERDAY        0.0           2.6  1887   0.1   -0.1      0.0
  MONTH TO DATE    0.0                       0.1   -0.1      0.0
  SINCE MAR 1      1.0                      13.4  -12.4     15.3
  SINCE JUL 1     23.9                      50.9  -27.0     40.5
  SNOW DEPTH       0

DEGREE DAYS
 HEATING
  YESTERDAY        0                        14    -14       10
  MONTH TO DATE    8                        29    -21       26
  SINCE MAR 1   1477                      1753   -276     1900
  SINCE JUL 1   7838                      8184   -346     8752

 COOLING
  YESTERDAY        0                         0      0        0
  MONTH TO DATE    0                         0      0        0
  SINCE MAR 1      0                         1     -1        0
  SINCE JAN 1      0                         1     -1        0
..................................................................


WIND (MPH)
  HIGHEST WIND SPEED    28   HIGHEST WIND DIRECTION    SW (210)
  HIGHEST GUST SPEED    33   HIGHEST GUST DIRECTION    SW (220)
  AVERAGE WIND SPEED     9.6


SKY COVER
  POSSIBLE SUNSHINE  MM
  AVERAGE SKY COVER 0.0


WEATHER CONDITIONS
 THE FOLLOWING WEATHER WAS RECORDED YESTERDAY.
  NO SIGNIFICANT WEATHER WAS OBSERVED.


RELATIVE HUMIDITY (PERCENT)
 HIGHEST    65           300 AM
 LOWEST     16           500 PM
 AVERAGE    41

..........................................................


THE BISMARCK ND CLIMATE NORMALS FOR TODAY
                         NORMAL    RECORD    YEAR
 MAXIMUM TEMPERATURE (F)   65        92      1952
 MINIMUM TEMPERATURE (F)   38        13      1907


SUNRISE AND SUNSET
MAY  3 2015...........SUNRISE   625 AM CDT   SUNSET   855 PM CDT
MAY  4 2015...........SUNRISE   624 AM CDT   SUNSET   857 PM CDT


-  INDICATES NEGATIVE NUMBERS.
R  INDICATES RECORD WAS SET OR TIED.
MM INDICATES DATA IS MISSING.
T  INDICATES TRACE AMOUNT.




$$
