000
CDUS41 KRLX 260726
CLIBKW


CLIMATE REPORT
NATIONAL WEATHER SERVICE CHARLESTON WV
319 AM EDT SUN APR 26 2015


...................................

...THE BECKLEY WV CLIMATE SUMMARY FOR APRIL 25 2015...

CLIMATE NORMAL PERIOD 1981 TO 2010
CLIMATE RECORD PERIOD 1963 TO 2015


WEATHER ITEM   OBSERVED TIME   RECORD YEAR NORMAL DEPARTURE LAST
                VALUE   (LST)  VALUE       VALUE  FROM      YEAR
                                                  NORMAL
..................................................................
TEMPERATURE (F)
 YESTERDAY
  MAXIMUM         48    405 AM  87    1925  66    -18       63
  MINIMUM         41   1248 AM  21    1956  44     -3       48
  AVERAGE         45                        55    -10       56

PRECIPITATION (IN)
  YESTERDAY        0.45          1.23 1901   0.12   0.33     0.45
  MONTH TO DATE    6.11                      2.76   3.35     1.97
  SINCE JAN 1     18.45                     11.90   6.55     9.54

SNOWFALL (IN)
  YESTERDAY        0.0
  MONTH TO DATE    0.0
  SINCE SEP 1     66.2
  SNOW DEPTH       0

DEGREE DAYS
 HEATING
  YESTERDAY       20                        10     10        9
  MONTH TO DATE  260                       346    -86      276
  SINCE MAR 1    939                      1058   -119     1094
  SINCE JUL 1   5272                      5059    213     5302

 COOLING
  YESTERDAY        0                         0      0        0
  MONTH TO DATE    3                         0      3        5
  SINCE MAR 1      3                         1      2        5
  SINCE JAN 1      3                         1      2        5
..................................................................


WIND (MPH)
  HIGHEST WIND SPEED    28   HIGHEST WIND DIRECTION    NW (330)
  HIGHEST GUST SPEED    35   HIGHEST GUST DIRECTION    NW (320)
  AVERAGE WIND SPEED     7.7


SKY COVER
  POSSIBLE SUNSHINE  MM
  AVERAGE SKY COVER 0.9


WEATHER CONDITIONS
 THE FOLLOWING WEATHER WAS RECORDED YESTERDAY.
  THUNDERSTORM
  HEAVY RAIN
  RAIN
  LIGHT RAIN
  FOG


RELATIVE HUMIDITY (PERCENT)
 HIGHEST    96           900 PM
 LOWEST     40          1200 AM
 AVERAGE    68

..........................................................


THE BECKLEY WV CLIMATE NORMALS FOR TODAY
                         NORMAL    RECORD    YEAR
 MAXIMUM TEMPERATURE (F)   66        87      1949
 MINIMUM TEMPERATURE (F)   44        24      1934


SUNRISE AND SUNSET
APRIL 26 2015.........SUNRISE   635 AM EDT   SUNSET   810 PM EDT
APRIL 27 2015.........SUNRISE   634 AM EDT   SUNSET   811 PM EDT


-  INDICATES NEGATIVE NUMBERS.
R  INDICATES RECORD WAS SET OR TIED.
MM INDICATES DATA IS MISSING.
T  INDICATES TRACE AMOUNT.




$$
