000
CDUS46 KSEW 270829
CLIBLI


CLIMATE REPORT
NATIONAL WEATHER SERVICE SEATTLE WA
129 AM PDT MON APR 27 2015


...................................

...THE BELLINGHAM WA AIRPORT CLIMATE SUMMARY FOR APRIL 26 2015...

CLIMATE NORMAL PERIOD 1981 TO 2010
CLIMATE RECORD PERIOD 1949 TO 2015


WEATHER ITEM   OBSERVED TIME   RECORD YEAR NORMAL DEPARTURE LAST
                VALUE   (LST)  VALUE       VALUE  FROM      YEAR
                                                  NORMAL
..................................................................
TEMPERATURE (F)
 YESTERDAY
  MAXIMUM         59    426 PM  74    1987  59      0       57
  MINIMUM         36    509 AM  31    1969  41     -5       39
  AVERAGE         48                        50     -2       48

PRECIPITATION (IN)
  YESTERDAY        T             0.39 1985   0.08  -0.08     0.03
  MONTH TO DATE    1.09                      2.38  -1.29     3.39
  SINCE OCT 1     28.56                     26.99   1.57    24.67
  SINCE JAN 1     13.83                     13.29   0.54    14.36

DEGREE DAYS
 HEATING
  YESTERDAY       17                        15      2       17
  MONTH TO DATE  433                       438     -5      381
  SINCE MAR 1    936                      1081   -145      974

 COOLING
  YESTERDAY        0                         0      0        0
  MONTH TO DATE    0                         0      0        0
  SINCE MAR 1      0                         0      0        0
  SINCE JAN 1      0                         0      0        0
..................................................................


WIND (MPH)
  RESULTANT WIND SPEED   3   RESULTANT WIND DIRECTION   S (160)
  HIGHEST WIND SPEED    15   HIGHEST WIND DIRECTION     S (170)
  HIGHEST GUST SPEED    21   HIGHEST GUST DIRECTION     S (170)
  AVERAGE WIND SPEED     4.0


SKY COVER
  AVERAGE SKY COVER 0.4


WEATHER CONDITIONS
 THE FOLLOWING WEATHER WAS RECORDED YESTERDAY.
  LIGHT RAIN


RELATIVE HUMIDITY (PERCENT)
 HIGHEST    92           200 AM
 LOWEST     47           200 PM
 AVERAGE    70

..........................................................


THE BELLINGHAM WA AIRPORT CLIMATE NORMALS FOR TODAY
                         NORMAL    RECORD    YEAR
 MAXIMUM TEMPERATURE (F)   59        77      1987
 MINIMUM TEMPERATURE (F)   42        29      1954


SUNRISE AND SUNSET
APRIL 27 2015.........SUNRISE   557 AM PDT   SUNSET   819 PM PDT
APRIL 28 2015.........SUNRISE   555 AM PDT   SUNSET   821 PM PDT


-  INDICATES NEGATIVE NUMBERS.
R  INDICATES RECORD WAS SET OR TIED.
MM INDICATES DATA IS MISSING.
T  INDICATES TRACE AMOUNT.




$$
