000
CDUS44 KLCH 062207
CLIBPT


CLIMATE REPORT
NATIONAL WEATHER SERVICE LAKE CHARLES, LA
506 PM CDT WED MAY 6 2015


...................................

...THE BEAUMONT PORT ARTHUR CLIMATE SUMMARY FOR MAY 6 2015...
VALID TODAY AS OF 0500 PM LOCAL TIME.

CLIMATE NORMAL PERIOD 1981 TO 2010
CLIMATE RECORD PERIOD 1901 TO 2015


WEATHER ITEM   OBSERVED TIME   RECORD YEAR NORMAL DEPARTURE LAST
                VALUE   (LST)  VALUE       VALUE  FROM      YEAR
                                                  NORMAL
..................................................................
TEMPERATURE (F)
 TODAY
  MAXIMUM         84   1157 AM  90    1914  83      1       83
                                      1909
  MINIMUM         73    604 AM  47    2013  65      8       64
  AVERAGE         79                        74      5       74

PRECIPITATION (IN)
  TODAY            0.00          4.30 1912   0.18  -0.18     0.00
  MONTH TO DATE    T                         0.98  -0.98      T
  SINCE MAR 1     19.23                      7.72  11.51     4.31
  SINCE JAN 1     26.21                     16.56   9.65    11.03

SNOWFALL (IN)
  TODAY            0.0           0.0    MM   0.0    0.0      0.0
  MONTH TO DATE    0.0                       0.0    0.0      0.0
  SINCE MAR 1      T                         0.0    0.0      0.0
  SINCE JUL 1      T                         T      0.0      0.3
  SNOW DEPTH       0

DEGREE DAYS
 HEATING
  TODAY            0                         0      0        0
  MONTH TO DATE    0                         0      0        4
  SINCE MAR 1    105                       187    -82      245
  SINCE JUL 1   1362                      1400    -38     1714

 COOLING
  TODAY           14                         9      5        9
  MONTH TO DATE   57                        49      8       25
  SINCE MAR 1    368                       250    118      202
  SINCE JAN 1    376                       276    100      226
..................................................................


WIND (MPH)
  HIGHEST WIND SPEED    20   HIGHEST WIND DIRECTION    SE (130)
  HIGHEST GUST SPEED    27   HIGHEST GUST DIRECTION    SE (120)
  AVERAGE WIND SPEED    13.7


SKY COVER
  POSSIBLE SUNSHINE  MM
  AVERAGE SKY COVER 0.8


WEATHER CONDITIONS
 THE FOLLOWING WEATHER WAS RECORDED TODAY.
  NO SIGNIFICANT WEATHER WAS OBSERVED.


RELATIVE HUMIDITY (PERCENT)
 HIGHEST    87           700 AM
 LOWEST     65          1200 PM
 AVERAGE    76

..........................................................


THE BEAUMONT PORT ARTHUR CLIMATE NORMALS FOR TOMORROW
                         NORMAL    RECORD    YEAR
 MAXIMUM TEMPERATURE (F)   83        95      1905
 MINIMUM TEMPERATURE (F)   65        47      1992


SUNRISE AND SUNSET
MAY  6 2015...........SUNRISE   629 AM CDT   SUNSET   756 PM CDT
MAY  7 2015...........SUNRISE   628 AM CDT   SUNSET   757 PM CDT


-  INDICATES NEGATIVE NUMBERS.
R  INDICATES RECORD WAS SET OR TIED.
MM INDICATES DATA IS MISSING.
T  INDICATES TRACE AMOUNT.




$$
